{"id":2404,"date":"2017-11-18T20:21:38","date_gmt":"2017-11-18T20:21:38","guid":{"rendered":"http:\/\/biblian.is\/1981\/romverjabrefid-11-kafli\/"},"modified":"2021-06-06T11:05:18","modified_gmt":"2021-06-06T11:05:18","slug":"romverjabrefid-11-kafli","status":"publish","type":"page","link":"https:\/\/biblian.is\/1981\/romverjabrefid-11-kafli\/","title":{"rendered":"R\u00f3mverjabr\u00e9fi\u00f0 11. kafli"},"content":{"rendered":"<p><a name=\"1\"><span class=\"versanumer\">1<\/span><\/a>\u00c9g spyr n\u00fa: Hefur Gu\u00f0 \u00fatsk\u00fafa\u00f0 l\u00fd\u00f0 s\u00ednum? Fjarri fer \u00fev\u00ed. Sj\u00e1lfur er \u00e9g \u00cdsraelsma\u00f0ur, af kyni Abrahams, \u00e6ttkv\u00edsl Benjam\u00edns.<a name=\"2\"><span class=\"versanumer\">2<\/span><\/a>Gu\u00f0 hefur ekki \u00fatsk\u00fafa\u00f0 l\u00fd\u00f0 s\u00ednum, sem hann \u00feekkti fyrirfram. E\u00f0a viti\u00f0 \u00fe\u00e9r ekki, hva\u00f0 Ritningin segir \u00ed kaflanum um El\u00eda, hvernig hann kemur fram fyrir Gu\u00f0 me\u00f0 k\u00e6ru \u00e1 hendur \u00cdsrael:<a name=\"3\"><span class=\"versanumer\">3<\/span><\/a>Drottinn, sp\u00e1menn \u00fe\u00edna hafa \u00feeir drepi\u00f0 og rifi\u00f0 ni\u00f0ur \u00f6lturu \u00fe\u00edn og \u00e9g er einn skilinn eftir, og \u00feeir sitja um l\u00edf mitt.<a name=\"4\"><span class=\"versanumer\">4<\/span><\/a>En hva\u00f0a svar f\u00e6r hann hj\u00e1 Gu\u00f0i? Sj\u00e1lfum m\u00e9r hef \u00e9g eftir skili\u00f0 sj\u00f6 \u00fe\u00fasundir manna, sem hafa ekki beygt kn\u00e9 fyrir Baal.<a name=\"5\"><span class=\"versanumer\">5<\/span><\/a>Svo eru \u00fe\u00e1 l\u00edka \u00e1 vorum t\u00edma leifar or\u00f0nar eftir, sem Gu\u00f0 hefur \u00fatvali\u00f0 af n\u00e1\u00f0.<a name=\"6\"><span class=\"versanumer\">6<\/span><\/a>En ef \u00fea\u00f0 er af n\u00e1\u00f0, \u00fe\u00e1 er \u00fea\u00f0 ekki framar af verkum, annars v\u00e6ri n\u00e1\u00f0in ekki framar n\u00e1\u00f0.<a name=\"7\"><span class=\"versanumer\">7<\/span><\/a>Hva\u00f0 \u00fe\u00e1? \u00dea\u00f0 sem \u00cdsrael s\u00e6kist eftir, \u00fea\u00f0 hlotna\u00f0ist honum ekki, en hinum \u00fatv\u00f6ldu hlotna\u00f0ist \u00fea\u00f0. Hinir ur\u00f0u forhertir,<a name=\"8\"><span class=\"versanumer\">8<\/span><\/a>eins og rita\u00f0 er: Gu\u00f0 gaf \u00feeim slj\u00f3an anda, augu sem sj\u00e1 ekki, eyru sem heyra ekki, allt fram \u00e1 \u00feennan dag.<a name=\"9\"><span class=\"versanumer\">9<\/span><\/a>Og Dav\u00ed\u00f0 segir: Ver\u00f0i bor\u00f0hald \u00feeirra snara og gildra, til falls og til hegningar \u00feeim!<a name=\"10\"><span class=\"versanumer\">10<\/span><\/a>Blindist augu \u00feeirra, til \u00feess a\u00f0 \u00feeir sj\u00e1i ekki, og gj\u00f6r bak \u00feeirra bogi\u00f0 um aldur.<a name=\"11\"><span class=\"versanumer\">11<\/span><\/a>\u00de\u00e1 spyr \u00e9g: Hvort hr\u00f6su\u00f0u \u00feeir til \u00feess a\u00f0 \u00feeir skyldu farast? Fjarri fer \u00fev\u00ed, heldur hlotna\u00f0ist hei\u00f0ingjunum hj\u00e1lpr\u00e6\u00f0i\u00f0 af falli \u00feeirra, til \u00feess a\u00f0 \u00fea\u00f0 skyldi vekja \u00fe\u00e1 til afbr\u00fd\u00f0i.<a name=\"12\"><span class=\"versanumer\">12<\/span><\/a>En ef fall \u00feeirra er heiminum au\u00f0ur og tj\u00f3n \u00feeirra hei\u00f0ingjum au\u00f0ur, hve miklu fremur \u00fe\u00e1 ef \u00feeir koma allir?<a name=\"13\"><span class=\"versanumer\">13<\/span><\/a>En vi\u00f0 y\u00f0ur, \u00fe\u00e9r hei\u00f0ingjar, segi \u00e9g: A\u00f0 \u00fev\u00ed leyti sem \u00e9g er postuli hei\u00f0ingja, vegsama \u00e9g \u00fej\u00f3nustu m\u00edna.<a name=\"14\"><span class=\"versanumer\">14<\/span><\/a>\u00c9g g\u00e6ti ef til vill vaki\u00f0 afbr\u00fd\u00f0i hj\u00e1 \u00e6ttm\u00f6nnum m\u00ednum og frelsa\u00f0 einhverja \u00feeirra.<a name=\"15\"><span class=\"versanumer\">15<\/span><\/a>\u00dev\u00ed ef \u00fea\u00f0 var\u00f0 s\u00e1ttargj\u00f6r\u00f0 fyrir heiminn, a\u00f0 \u00feeim var hafna\u00f0, hva\u00f0 ver\u00f0ur \u00fe\u00e1 upptaka \u00feeirra anna\u00f0 en l\u00edf af dau\u00f0um?<a name=\"16\"><span class=\"versanumer\">16<\/span><\/a>Ef frumgr\u00f3\u00f0inn er heilagur, \u00fe\u00e1 er einnig deigi\u00f0 \u00fea\u00f0. Og ef r\u00f3tin er heil\u00f6g, \u00fe\u00e1 eru einnig greinarnar \u00fea\u00f0.<a name=\"17\"><span class=\"versanumer\">17<\/span><\/a>En \u00fe\u00f3tt nokkrar af greinunum hafi veri\u00f0 brotnar af, og hafir \u00fe\u00fa, sem ert villiol\u00eduvi\u00f0ur, veri\u00f0 gr\u00e6ddur inn \u00e1 me\u00f0al \u00feeirra og s\u00e9rt or\u00f0inn hluttakandi me\u00f0 \u00feeim \u00ed r\u00f3tarsafa ol\u00eduvi\u00f0arins,<a name=\"18\"><span class=\"versanumer\">18<\/span><\/a>\u00fe\u00e1 st\u00e6r \u00feig ekki gegn greinunum. Ef \u00fe\u00fa st\u00e6rir \u00feig, \u00fe\u00e1 vit, a\u00f0 \u00fe\u00fa ber\u00f0 ekki r\u00f3tina, heldur r\u00f3tin \u00feig.<a name=\"19\"><span class=\"versanumer\">19<\/span><\/a>\u00de\u00fa munt \u00fe\u00e1 segja: Greinarnar voru brotnar af, til \u00feess a\u00f0 \u00e9g yr\u00f0i gr\u00e6ddur vi\u00f0.<a name=\"20\"><span class=\"versanumer\">20<\/span><\/a>R\u00e9tt er \u00fea\u00f0. Fyrir sakir vantr\u00faarinnar voru \u00fe\u00e6r brotnar af, en vegna tr\u00faarinnar stendur \u00fe\u00fa. Hreyktu \u00fe\u00e9r ekki upp, heldur \u00f3ttast \u00fe\u00fa.<a name=\"21\"><span class=\"versanumer\">21<\/span><\/a>\u00dev\u00ed a\u00f0 hafi Gu\u00f0 ekki \u00feyrmt hinum n\u00e1tt\u00farlegu greinum, \u00fe\u00e1 mun hann ekki heldur \u00feyrma \u00fe\u00e9r.<a name=\"22\"><span class=\"versanumer\">22<\/span><\/a>&#8222;Sj\u00e1 \u00fev\u00ed g\u00e6sku Gu\u00f0s og strangleika, strangleika vi\u00f0 \u00fe\u00e1, sem fallnir eru, en g\u00e6sku Gu\u00f0s vi\u00f0 \u00feig, ef \u00fe\u00fa stendur st\u00f6\u00f0ugur \u00ed g\u00e6skunni; annars ver\u00f0ur \u00fe\u00fa einnig af h\u00f6ggvinn.&#8220;<a name=\"23\"><span class=\"versanumer\">23<\/span><\/a>En hinir munu og ver\u00f0a gr\u00e6ddir vi\u00f0, ef \u00feeir halda ekki \u00e1fram \u00ed vantr\u00fanni, \u00fev\u00ed a\u00f0 megnugur er Gu\u00f0 \u00feess a\u00f0 gr\u00e6\u00f0a \u00fe\u00e1 aftur vi\u00f0.<a name=\"24\"><span class=\"versanumer\">24<\/span><\/a>\u00de\u00fa varst h\u00f6ggvinn af \u00feeim ol\u00eduvi\u00f0i, sem eftir e\u00f0li s\u00ednu var villivi\u00f0ur, og ert gegn e\u00f0li n\u00e1tt\u00farunnar gr\u00e6ddur vi\u00f0 r\u00e6kta\u00f0an ol\u00eduvi\u00f0. Hve miklu fremur munu \u00fe\u00e1 \u00feessar n\u00e1tt\u00farlegu greinar ver\u00f0a gr\u00e6ddar vi\u00f0 eigin ol\u00eduvi\u00f0?<a name=\"25\"><span class=\"versanumer\">25<\/span><\/a>\u00c9g vil ekki, br\u00e6\u00f0ur m\u00ednir, a\u00f0 y\u00f0ur s\u00e9 \u00f3kunnugt um \u00feennan leyndard\u00f3m, til \u00feess a\u00f0 \u00fe\u00e9r skulu\u00f0 ekki me\u00f0 sj\u00e1lfum y\u00f0ur \u00e6tla y\u00f0ur hyggna. Forher\u00f0ing er komin yfir nokkurn hluta af \u00cdsrael og varir \u00feanga\u00f0 til hei\u00f0ingjarnir eru allir komnir inn.<a name=\"26\"><span class=\"versanumer\">26<\/span><\/a>Og \u00feannig mun allur \u00cdsrael frelsa\u00f0ur ver\u00f0a, eins og rita\u00f0 er: Fr\u00e1 S\u00edon mun frelsarinn koma og \u00fatr\u00fdma gu\u00f0leysi fr\u00e1 Jakob.<a name=\"27\"><span class=\"versanumer\">27<\/span><\/a>Og \u00feetta er s\u00e1ttm\u00e1li minn vi\u00f0 \u00fe\u00e1, \u00feegar \u00e9g tek burt syndir \u00feeirra.<a name=\"28\"><span class=\"versanumer\">28<\/span><\/a>\u00cd lj\u00f3si fagna\u00f0arerindisins eru \u00feeir \u00f3vinir Gu\u00f0s vegna y\u00f0ar, en \u00ed lj\u00f3si \u00fatvalningarinnar elska\u00f0ir sakir fe\u00f0ranna.<a name=\"29\"><span class=\"versanumer\">29<\/span><\/a>Gu\u00f0 i\u00f0rar ekki n\u00e1\u00f0argjafa sinna og k\u00f6llunar.<a name=\"30\"><span class=\"versanumer\">30<\/span><\/a>\u00de\u00e9r voru\u00f0 fyrrum \u00f3hl\u00fd\u00f0nir Gu\u00f0i, en hafi\u00f0 n\u00fa hloti\u00f0 miskunn vegna \u00f3hl\u00fd\u00f0ni \u00feeirra.<a name=\"31\"><span class=\"versanumer\">31<\/span><\/a>\u00deannig hafa \u00feeir n\u00fa l\u00edka or\u00f0i\u00f0 \u00f3hl\u00fd\u00f0nir, til \u00feess a\u00f0 einnig \u00feeim m\u00e6tti miskunna\u00f0 ver\u00f0a fyrir miskunn \u00fe\u00e1, sem y\u00f0ur er veitt.<a name=\"32\"><span class=\"versanumer\">32<\/span><\/a>Gu\u00f0 hefur gefi\u00f0 alla \u00f3hl\u00fd\u00f0ninni \u00e1 vald, til \u00feess a\u00f0 hann geti miskunna\u00f0 \u00f6llum.<a name=\"33\"><span class=\"versanumer\">33<\/span><\/a>Hv\u00edl\u00edkt dj\u00fap r\u00edkd\u00f3ms, speki og \u00feekkingar Gu\u00f0s! Hversu \u00f3rannsakandi d\u00f3mar hans og \u00f3rekjandi vegir hans!<a name=\"34\"><span class=\"versanumer\">34<\/span><\/a>Hver hefur \u00feekkt huga Drottins? E\u00f0a hver hefur veri\u00f0 r\u00e1\u00f0gjafi hans?<a name=\"35\"><span class=\"versanumer\">35<\/span><\/a>Hver hefur a\u00f0 fyrra brag\u00f0i gefi\u00f0 honum, svo a\u00f0 \u00fea\u00f0 eigi a\u00f0 ver\u00f0a honum endurgoldi\u00f0?<a name=\"36\"><span class=\"versanumer\">36<\/span><\/a>\u00dev\u00ed a\u00f0 fr\u00e1 honum og fyrir hann og til hans eru allir hlutir. Honum s\u00e9 d\u00fdr\u00f0 um aldir alda! Amen.<\/p>\n<div class=\"footnote1981\"><b>11.1<\/b> \u00cdsraelsma\u00f0ur 2Kor 11.22; Fil 3.5-6<br \/>\n<b>11.2<\/b> Sbr Slm 94.14; 1Sam 12.22 \u2013 Gu\u00f0 \u00fatsk\u00fafar ekki l\u00fd\u00f0 s\u00ednum Jer 31.37<br \/>\n<b>11.3<\/b> Sbr 1Kon 19.10,14<br \/>\n<b>11.4<\/b> Sbr 1Kon 19.18<br \/>\n<b>11.8<\/b> Sbr 5M\u00f3s 29.4 \u2013 eyru sem heyra ekki Jes 6.10<br \/>\n<b>11.10<\/b> Sbr Slm 69.23-24<br \/>\n<b>11.12<\/b> Fall \u00cdsraels Matt 8.11-12; 21.43<br \/>\n<b>11.15<\/b> S\u00e1ttargj\u00f6r\u00f0 fyrir heiminn 2Kor 5.17-21<br \/>\n<b>11.16<\/b> Deig 4M\u00f3s 15.19-21<br \/>\n<b>11.20<\/b> Vegna tr\u00faarinnar stenst \u00fe\u00fa Jes 7.9<br \/>\n<b>11.26-27<\/b> Sbr Jes 27.9; 59.20-21; Jer 31.33-34<br \/>\n<b>11.28<\/b> \u00datvaldir, elska\u00f0ir 5M\u00f3s 4.37<br \/>\n<b>11.29<\/b> I\u00f0rar ekki 4M\u00f3s 23.19<br \/>\n<b>11.32<\/b> \u00d3hl\u00fd\u00f0ninni \u00e1 vald Gal 3.22<br \/>\n<b>11.33<\/b> Hversu \u00f3rannsakandi Slm 139.6,17-18; SSal 17.1<br \/>\n<b>11.34<\/b> Sbr Jes 40.13 \u2013 hver hefur \u00feekkt huga Drottins? Jer 23.18; Job 15.8; 1Kor 2.1<br \/>\n<b>11.35<\/b> Sbr Job 41.3<br \/>\n<b>11.36<\/b> Fr\u00e1 honum, fyrir hann og til hans 1Kor 8.6; K\u00f3l 1.16-17; Heb 2.10<\/div>\n","protected":false},"excerpt":{"rendered":"<p>1\u00c9g spyr n\u00fa: Hefur Gu\u00f0 \u00fatsk\u00fafa\u00f0 l\u00fd\u00f0 s\u00ednum? Fjarri fer \u00fev\u00ed. Sj\u00e1lfur er \u00e9g \u00cdsraelsma\u00f0ur, af kyni Abrahams, \u00e6ttkv\u00edsl Benjam\u00edns.2Gu\u00f0 hefur ekki \u00fatsk\u00fafa\u00f0 l\u00fd\u00f0 s\u00ednum, sem hann \u00feekkti fyrirfram. E\u00f0a viti\u00f0 \u00fe\u00e9r ekki, hva\u00f0 Ritningin segir \u00ed kaflanum um El\u00eda, hvernig hann kemur fram fyrir Gu\u00f0 me\u00f0 k\u00e6ru \u00e1 hendur \u00cdsrael:3Drottinn, sp\u00e1menn \u00fe\u00edna hafa \u00feeir drepi\u00f0 og rifi\u00f0 ni\u00f0ur \u00f6lturu \u00fe\u00edn og \u00e9g er einn skilinn eftir, og \u00feeir sitja um l\u00edf mitt.4En hva\u00f0a svar f\u00e6r hann hj\u00e1 Gu\u00f0i? Sj\u00e1lfum m\u00e9r hef \u00e9g eftir skili\u00f0 sj\u00f6 \u00fe\u00fasundir manna, sem hafa ekki beygt kn\u00e9 fyrir Baal.5Svo eru \u00fe\u00e1 l\u00edka \u00e1 vorum <a href=\"https:\/\/biblian.is\/1981\/romverjabrefid-11-kafli\/\"> [&#8230;]<\/a><\/p>\n","protected":false},"author":1,"featured_media":0,"parent":0,"menu_order":0,"comment_status":"open","ping_status":"open","template":"bibliukaflar.php","meta":{"footnotes":""},"class_list":["post-2404","page","type-page","status-publish","hentry"],"_links":{"self":[{"href":"https:\/\/biblian.is\/1981\/wp-json\/wp\/v2\/pages\/2404","targetHints":{"allow":["GET"]}}],"collection":[{"href":"https:\/\/biblian.is\/1981\/wp-json\/wp\/v2\/pages"}],"about":[{"href":"https:\/\/biblian.is\/1981\/wp-json\/wp\/v2\/types\/page"}],"author":[{"embeddable":true,"href":"https:\/\/biblian.is\/1981\/wp-json\/wp\/v2\/users\/1"}],"replies":[{"embeddable":true,"href":"https:\/\/biblian.is\/1981\/wp-json\/wp\/v2\/comments?post=2404"}],"version-history":[{"count":0,"href":"https:\/\/biblian.is\/1981\/wp-json\/wp\/v2\/pages\/2404\/revisions"}],"wp:attachment":[{"href":"https:\/\/biblian.is\/1981\/wp-json\/wp\/v2\/media?parent=2404"}],"curies":[{"name":"wp","href":"https:\/\/api.w.org\/{rel}","templated":true}]}}