{"id":2399,"date":"2017-11-18T20:21:38","date_gmt":"2017-11-18T20:21:38","guid":{"rendered":"http:\/\/biblian.is\/1981\/romverjabrefid-6-kafli\/"},"modified":"2021-06-06T11:05:28","modified_gmt":"2021-06-06T11:05:28","slug":"romverjabrefid-6-kafli","status":"publish","type":"page","link":"https:\/\/biblian.is\/1981\/romverjabrefid-6-kafli\/","title":{"rendered":"R\u00f3mverjabr\u00e9fi\u00f0 6. kafli"},"content":{"rendered":"<p><a name=\"1\"><span class=\"versanumer\">1<\/span><\/a>Hva\u00f0 eigum v\u00e9r \u00fe\u00e1 a\u00f0 segja? Eigum v\u00e9r a\u00f0 halda \u00e1fram \u00ed syndinni til \u00feess a\u00f0 n\u00e1\u00f0in aukist?<a name=\"2\"><span class=\"versanumer\">2<\/span><\/a>Fjarri fer \u00fev\u00ed. V\u00e9r sem d\u00f3um syndinni, hvernig \u00e6ttum v\u00e9r framar a\u00f0 lifa \u00ed henni?<a name=\"3\"><span class=\"versanumer\">3<\/span><\/a>E\u00f0a viti\u00f0 \u00fe\u00e9r ekki, a\u00f0 allir v\u00e9r, sem sk\u00edr\u00f0ir erum til Krists Jes\u00fa, erum sk\u00edr\u00f0ir til dau\u00f0a hans?<a name=\"4\"><span class=\"versanumer\">4<\/span><\/a>V\u00e9r erum \u00fev\u00ed d\u00e1nir og greftra\u00f0ir me\u00f0 honum \u00ed sk\u00edrninni, til \u00feess a\u00f0 lifa n\u00fdju l\u00edfi, eins og Kristur var upp vakinn fr\u00e1 dau\u00f0um fyrir d\u00fdr\u00f0 f\u00f6\u00f0urins.<a name=\"5\"><span class=\"versanumer\">5<\/span><\/a>\u00dev\u00ed a\u00f0 ef v\u00e9r erum or\u00f0nir samgr\u00f3nir honum \u00ed l\u00edkingu dau\u00f0a hans, munum v\u00e9r einnig vera \u00fea\u00f0 \u00ed l\u00edkingu upprisu hans.<a name=\"6\"><span class=\"versanumer\">6<\/span><\/a>V\u00e9r vitum, a\u00f0 vor gamli ma\u00f0ur er me\u00f0 honum krossfestur, til \u00feess a\u00f0 l\u00edkami syndarinnar skuli a\u00f0 engu ver\u00f0a og v\u00e9r ekki framar \u00fej\u00f3na syndinni.<a name=\"7\"><span class=\"versanumer\">7<\/span><\/a>\u00dev\u00ed a\u00f0 s\u00e1, sem dau\u00f0ur er, er leystur fr\u00e1 syndinni.<a name=\"8\"><span class=\"versanumer\">8<\/span><\/a>Ef v\u00e9r erum me\u00f0 Kristi d\u00e1nir, tr\u00faum v\u00e9r \u00fev\u00ed, a\u00f0 v\u00e9r og munum me\u00f0 honum lifa.<a name=\"9\"><span class=\"versanumer\">9<\/span><\/a>V\u00e9r vitum a\u00f0 Kristur, upp vakinn fr\u00e1 dau\u00f0um, deyr ekki framar. Dau\u00f0inn drottnar ekki lengur yfir honum.<a name=\"10\"><span class=\"versanumer\">10<\/span><\/a>Me\u00f0 dau\u00f0a s\u00ednum d\u00f3 hann syndinni \u00ed eitt skipti fyrir \u00f6ll, en me\u00f0 l\u00edfi s\u00ednu lifir hann Gu\u00f0i.<a name=\"11\"><span class=\"versanumer\">11<\/span><\/a>\u00deannig skulu\u00f0 \u00fe\u00e9r l\u00edka \u00e1l\u00edta y\u00f0ur sj\u00e1lfa vera dau\u00f0a syndinni, en lifandi Gu\u00f0i \u00ed Kristi Jes\u00fa.<a name=\"12\"><span class=\"versanumer\">12<\/span><\/a>L\u00e1ti\u00f0 \u00fev\u00ed ekki syndina r\u00edkja \u00ed dau\u00f0legum l\u00edkama y\u00f0ar, svo a\u00f0 \u00fe\u00e9r hl\u00fd\u00f0nist girndum hans.<a name=\"13\"><span class=\"versanumer\">13<\/span><\/a>Lj\u00e1i\u00f0 ekki heldur syndinni limi y\u00f0ar a\u00f0 rangl\u00e6tisvopnum, heldur bj\u00f3\u00f0i\u00f0 sj\u00e1lfa y\u00f0ur Gu\u00f0i sem lifna\u00f0a fr\u00e1 dau\u00f0um og limi y\u00f0ar Gu\u00f0i sem r\u00e9ttl\u00e6tisvopn.<a name=\"14\"><span class=\"versanumer\">14<\/span><\/a>Synd skal ekki drottna yfir y\u00f0ur, \u00fev\u00ed a\u00f0 ekki eru\u00f0 \u00fe\u00e9r undir l\u00f6gm\u00e1li, heldur undir n\u00e1\u00f0.<a name=\"15\"><span class=\"versanumer\">15<\/span><\/a>Hva\u00f0 \u00fe\u00e1? Eigum v\u00e9r a\u00f0 syndga, af \u00fev\u00ed a\u00f0 v\u00e9r erum ekki undir l\u00f6gm\u00e1li, heldur undir n\u00e1\u00f0? Fjarri fer \u00fev\u00ed.<a name=\"16\"><span class=\"versanumer\">16<\/span><\/a>Viti\u00f0 \u00fe\u00e9r ekki, a\u00f0 ef \u00fe\u00e9r bj\u00f3\u00f0i\u00f0 \u00f6\u00f0rum sj\u00e1lfa y\u00f0ur fyrir \u00fej\u00f3na og hl\u00fd\u00f0i\u00f0 honum, \u00fe\u00e1 eru\u00f0 \u00fe\u00e9r \u00fej\u00f3nar \u00feess, sem \u00fe\u00e9r hl\u00fd\u00f0i\u00f0, hvort heldur er syndar til dau\u00f0a e\u00f0a hl\u00fd\u00f0ni til r\u00e9ttl\u00e6tis?<a name=\"17\"><span class=\"versanumer\">17<\/span><\/a>En \u00fe\u00f6kk s\u00e9 Gu\u00f0i! \u00de\u00e9r voru\u00f0 \u00fej\u00f3nar syndarinnar, en ur\u00f0u\u00f0 af hjarta hl\u00fd\u00f0nir \u00feeirri kenningu, sem \u00fe\u00e9r voru\u00f0 \u00e1 vald gefnir.<a name=\"18\"><span class=\"versanumer\">18<\/span><\/a>Og \u00fe\u00e9r gj\u00f6r\u00f0ust \u00fej\u00f3nar r\u00e9ttl\u00e6tisins eftir a\u00f0 hafa veri\u00f0 leystir fr\u00e1 syndinni.<a name=\"19\"><span class=\"versanumer\">19<\/span><\/a>\u00c9g tala \u00e1 mannlegan h\u00e1tt, s\u00f6kum veikleika y\u00f0ar. \u00dev\u00ed a\u00f0 eins og \u00fe\u00e9r hafi\u00f0 bo\u00f0i\u00f0 limi y\u00f0ar \u00f3hreinleikanum og rangl\u00e6tinu fyrir \u00fej\u00f3na til rangl\u00e6tis, svo skulu\u00f0 \u00fe\u00e9r n\u00fa bj\u00f3\u00f0a limi y\u00f0ar r\u00e9ttl\u00e6tinu fyrir \u00fej\u00f3na til helgunar.<a name=\"20\"><span class=\"versanumer\">20<\/span><\/a>\u00deegar \u00fe\u00e9r voru\u00f0 \u00fej\u00f3nar syndarinnar, \u00fe\u00e1 voru\u00f0 \u00fe\u00e9r lausir vi\u00f0 r\u00e9ttl\u00e6ti\u00f0.<a name=\"21\"><span class=\"versanumer\">21<\/span><\/a>Hva\u00f0a \u00e1v\u00f6xtu h\u00f6f\u00f0u\u00f0 \u00fe\u00e9r \u00fe\u00e1? \u00de\u00e1 sem \u00fe\u00e9r n\u00fa blyg\u00f0ist y\u00f0ar fyrir, \u00fev\u00ed a\u00f0 \u00feeir lei\u00f0a a\u00f0 lokum til dau\u00f0a.<a name=\"22\"><span class=\"versanumer\">22<\/span><\/a>En n\u00fa, me\u00f0 \u00fev\u00ed a\u00f0 \u00fe\u00e9r eru\u00f0 leystir fr\u00e1 syndinni, en eru\u00f0 or\u00f0nir \u00fej\u00f3nar Gu\u00f0s, \u00fe\u00e1 hafi\u00f0 \u00fe\u00e9r \u00e1v\u00f6xt y\u00f0ar til helgunar og eil\u00edft l\u00edf a\u00f0 lokum.<a name=\"23\"><span class=\"versanumer\">23<\/span><\/a>Laun syndarinnar er dau\u00f0i, en n\u00e1\u00f0argj\u00f6f Gu\u00f0s er eil\u00edft l\u00edf \u00ed Kristi Jes\u00fa, Drottni vorum.<\/p>\n<div class=\"footnote1981\"><b>6.1<\/b> N\u00e1\u00f0in misnotu\u00f0 R\u00f3m 3.8<br \/>\n<b>6.3<\/b> Sk\u00edr\u00f0 til Krists Jes\u00fa Gal 3.27<br \/>\n<b>6.4<\/b> Greftru\u00f0 me\u00f0 Kristi K\u00f3l 2.12; 2T\u00edm 2.11<br \/>\n<b>6.5<\/b> Samgr\u00f3in Kristi Fil 3.10-11; Ef 2.6<br \/>\n<b>6.6<\/b> Okkar gamli ma\u00f0ur K\u00f3l 3.9-10; Ef 4.22-24 \u2013 d\u00f3 me\u00f0 Kristi \u00e1 krossi Gal 5.24; 6.14<br \/>\n<b>6.10<\/b> Eitt skipti fyrir \u00f6ll 1P\u00e9t 3.18; Heb 9.26-28<br \/>\n<b>6.11<\/b> D\u00e1in fr\u00e1 syndinni en lifandi Gu\u00f0i 1P\u00e9t 2.24; K\u00f3l 3.3,5; Gal 2.19; 2Kor 5.15<br \/>\n<b>6.14<\/b> Ekki undir l\u00f6gm\u00e1li Gal 5.18<br \/>\n<b>6.16<\/b> \u00de\u00fd J\u00f3h 8.34; 2P\u00e9t 2.19<br \/>\n<b>6.18<\/b> Leyst fr\u00e1 syndinni Gal 5.13; J\u00f3h 8.36<br \/>\n<b>6.19<\/b> Limir R\u00f3m 7.5,23 \u2013 \u00fej\u00f3na r\u00e9ttl\u00e6tinu R\u00f3m 12.1<br \/>\n<b>6.22<\/b> \u00c1vextir J\u00f3h 15.8,16; Gal 5.22; 6.8 \u2013 eil\u00edft l\u00edf R\u00f3m 5.21+<br \/>\n<b>6.23<\/b> Laun syndarinnar R\u00f3m 5.12<\/div>\n","protected":false},"excerpt":{"rendered":"<p>1Hva\u00f0 eigum v\u00e9r \u00fe\u00e1 a\u00f0 segja? Eigum v\u00e9r a\u00f0 halda \u00e1fram \u00ed syndinni til \u00feess a\u00f0 n\u00e1\u00f0in aukist?2Fjarri fer \u00fev\u00ed. V\u00e9r sem d\u00f3um syndinni, hvernig \u00e6ttum v\u00e9r framar a\u00f0 lifa \u00ed henni?3E\u00f0a viti\u00f0 \u00fe\u00e9r ekki, a\u00f0 allir v\u00e9r, sem sk\u00edr\u00f0ir erum til Krists Jes\u00fa, erum sk\u00edr\u00f0ir til dau\u00f0a hans?4V\u00e9r erum \u00fev\u00ed d\u00e1nir og greftra\u00f0ir me\u00f0 honum \u00ed sk\u00edrninni, til \u00feess a\u00f0 lifa n\u00fdju l\u00edfi, eins og Kristur var upp vakinn fr\u00e1 dau\u00f0um fyrir d\u00fdr\u00f0 f\u00f6\u00f0urins.5\u00dev\u00ed a\u00f0 ef v\u00e9r erum or\u00f0nir samgr\u00f3nir honum \u00ed l\u00edkingu dau\u00f0a hans, munum v\u00e9r einnig vera \u00fea\u00f0 \u00ed l\u00edkingu upprisu hans.6V\u00e9r vitum, a\u00f0 vor gamli ma\u00f0ur <a href=\"https:\/\/biblian.is\/1981\/romverjabrefid-6-kafli\/\"> [&#8230;]<\/a><\/p>\n","protected":false},"author":1,"featured_media":0,"parent":0,"menu_order":0,"comment_status":"open","ping_status":"open","template":"bibliukaflar.php","meta":{"footnotes":""},"class_list":["post-2399","page","type-page","status-publish","hentry"],"_links":{"self":[{"href":"https:\/\/biblian.is\/1981\/wp-json\/wp\/v2\/pages\/2399","targetHints":{"allow":["GET"]}}],"collection":[{"href":"https:\/\/biblian.is\/1981\/wp-json\/wp\/v2\/pages"}],"about":[{"href":"https:\/\/biblian.is\/1981\/wp-json\/wp\/v2\/types\/page"}],"author":[{"embeddable":true,"href":"https:\/\/biblian.is\/1981\/wp-json\/wp\/v2\/users\/1"}],"replies":[{"embeddable":true,"href":"https:\/\/biblian.is\/1981\/wp-json\/wp\/v2\/comments?post=2399"}],"version-history":[{"count":0,"href":"https:\/\/biblian.is\/1981\/wp-json\/wp\/v2\/pages\/2399\/revisions"}],"wp:attachment":[{"href":"https:\/\/biblian.is\/1981\/wp-json\/wp\/v2\/media?parent=2399"}],"curies":[{"name":"wp","href":"https:\/\/api.w.org\/{rel}","templated":true}]}}