{"id":2371,"date":"2017-11-18T20:21:34","date_gmt":"2017-11-18T20:21:34","guid":{"rendered":"http:\/\/biblian.is\/1981\/postulasagan-6-kafli\/"},"modified":"2021-06-06T11:05:03","modified_gmt":"2021-06-06T11:05:03","slug":"postulasagan-6-kafli","status":"publish","type":"page","link":"https:\/\/biblian.is\/1981\/postulasagan-6-kafli\/","title":{"rendered":"Postulasagan 6. kafli"},"content":{"rendered":"<p><a name=\"1\"><span class=\"versanumer\">1<\/span><\/a>\u00c1 \u00feessum d\u00f6gum, er l\u00e6risveinum fj\u00f6lga\u00f0i, f\u00f3ru gr\u00edskum\u00e6landi menn a\u00f0 kvarta \u00fat af \u00fev\u00ed, a\u00f0 hebreskir settu ekkjur \u00feeirra hj\u00e1 vi\u00f0 daglega \u00fathlutun.<a name=\"2\"><span class=\"versanumer\">2<\/span><\/a>Hinir t\u00f3lf k\u00f6llu\u00f0u \u00fe\u00e1 l\u00e6risveinah\u00f3pinn saman og s\u00f6g\u00f0u: Ekki h\u00e6fir, a\u00f0 v\u00e9r hverfum fr\u00e1 bo\u00f0un Gu\u00f0s or\u00f0s til a\u00f0 \u00fej\u00f3na fyrir bor\u00f0um.<a name=\"3\"><span class=\"versanumer\">3<\/span><\/a>Finni\u00f0 \u00fev\u00ed, br\u00e6\u00f0ur, sj\u00f6 vel kynnta menn \u00far y\u00f0ar h\u00f3pi, sem fullir eru anda og visku. Munum v\u00e9r setja \u00fe\u00e1 yfir \u00feetta starf.<a name=\"4\"><span class=\"versanumer\">4<\/span><\/a>En v\u00e9r munum helga oss b\u00e6ninni og \u00fej\u00f3nustu or\u00f0sins.<a name=\"5\"><span class=\"versanumer\">5<\/span><\/a>\u00d6ll samkoman ger\u00f0i g\u00f3\u00f0an r\u00f3m a\u00f0 m\u00e1li \u00feeirra, og kusu \u00feeir Stef\u00e1n, mann fullan af tr\u00fa og heil\u00f6gum anda, Filippus, Pr\u00f3korus, N\u00edkanor, T\u00edmon, Parmenas og Nikol\u00e1s fr\u00e1 Ant\u00edokk\u00edu, sem teki\u00f0 haf\u00f0i gy\u00f0ingatr\u00fa.<a name=\"6\"><span class=\"versanumer\">6<\/span><\/a>\u00deeir leiddu \u00fe\u00e1 fram fyrir postulana, sem b\u00e1\u00f0ust fyrir og l\u00f6g\u00f0u hendur yfir \u00fe\u00e1.<a name=\"7\"><span class=\"versanumer\">7<\/span><\/a>Or\u00f0 Gu\u00f0s breiddist \u00fat, og tala l\u00e6risveinanna \u00ed Jer\u00fasalem f\u00f3r st\u00f3rum vaxandi, einnig snerist mikill fj\u00f6ldi presta til hl\u00fd\u00f0ni vi\u00f0 tr\u00fana.<a name=\"8\"><span class=\"versanumer\">8<\/span><\/a>Stef\u00e1n var fullur af n\u00e1\u00f0 og krafti og gj\u00f6r\u00f0i undur og t\u00e1kn mikil me\u00f0al f\u00f3lksins.<a name=\"9\"><span class=\"versanumer\">9<\/span><\/a>\u00de\u00e1 komu til nokkrir menn \u00far svonefndri Leysingjasamkundu. \u00deeir voru fr\u00e1 K\u00fdrene og Alexandr\u00edu, en a\u00f0rir fr\u00e1 Kilik\u00edu og As\u00edu, og t\u00f3ku a\u00f0 \u00fer\u00e1tta vi\u00f0 Stef\u00e1n.<a name=\"10\"><span class=\"versanumer\">10<\/span><\/a>En \u00feeir g\u00e1tu ekki sta\u00f0i\u00f0 gegn visku \u00feeirri og anda, sem hann tala\u00f0i af.<a name=\"11\"><span class=\"versanumer\">11<\/span><\/a>\u00de\u00e1 fengu \u00feeir menn nokkra til a\u00f0 segja: V\u00e9r h\u00f6fum heyrt hann tala lastm\u00e6li gegn M\u00f3se og Gu\u00f0i.<a name=\"12\"><span class=\"versanumer\">12<\/span><\/a>\u00deeir \u00e6stu upp f\u00f3lki\u00f0, \u00f6ldungana og fr\u00e6\u00f0imennina, og \u00feeir veittust a\u00f0 honum, gripu hann og f\u00e6r\u00f0u hann fyrir r\u00e1\u00f0i\u00f0.<a name=\"13\"><span class=\"versanumer\">13<\/span><\/a>\u00de\u00e1 leiddu \u00feeir fram lj\u00fagvotta, er s\u00f6g\u00f0u: \u00deessi ma\u00f0ur er alltaf a\u00f0 tala gegn \u00feessum heilaga sta\u00f0 og l\u00f6gm\u00e1linu.<a name=\"14\"><span class=\"versanumer\">14<\/span><\/a>V\u00e9r h\u00f6fum heyrt hann segja, a\u00f0 \u00feessi Jes\u00fas fr\u00e1 Nasaret muni brj\u00f3ta ni\u00f0ur musteri\u00f0 og breyta \u00feeim si\u00f0um, sem M\u00f3se hefur sett oss.<a name=\"15\"><span class=\"versanumer\">15<\/span><\/a>Allir sem \u00ed r\u00e1\u00f0inu s\u00e1tu, st\u00f6r\u00f0u \u00e1 hann og s\u00e1u, a\u00f0 \u00e1sj\u00f3na hans var sem engils \u00e1sj\u00f3na.<\/p>\n<div class=\"footnote1981\"><b>6.1<\/b> L\u00e6risveinarnir (hinir kristnu) Post 9.1,26; 11.26; 16.1; 18.23 \u2013 s\u00f6fnu\u00f0urinn vex Post 2.41+ &#8211; gr\u00edskum\u00e6landi menn sbr Post 9.2 \u2013 hebreskir 2Kor 11.22; Fil 3.5 \u2013 dagleg \u00fej\u00f3nusta Post 2.45; 4.35<br \/>\n<b>6.2<\/b> Hinir t\u00f3lf Matt 10.2+ &#8211; h\u00f3purinn saman kominn Post 6.5; 15.12,30<br \/>\n<b>6.3<\/b> Vel kynntir Post 10.22; 16.2; 22.12; 1T\u00edm 3.7; 3J\u00f3h 12 \u2013 fullir anda og visku Post 6.10<br \/>\n<b>6.6<\/b> B\u00e1\u00f0ust fyrir Post 1.24; 13.3; 14.23 \u2013 leggja hendur yfir 1) Post 8.17; 19.6 2) Post 9.12,17; 28.8 3) Post 13.3; sbr Matt 9.18+ ; Mrk 5.23+<br \/>\n<b>6.7<\/b> S\u00f6fnu\u00f0urinn vex Post 2.41+ &#8211; or\u00f0 Gu\u00f0s brei\u00f0ist \u00fat Post 12.24; 19.20<br \/>\n<b>6.8<\/b> Undur og t\u00e1kn Post 2.43+<br \/>\n<b>6.10<\/b> Viska sem enginn f\u00e6r sta\u00f0i\u00f0 \u00ed gegn L\u00fak 21.15 \u2013 heilagur andi og viska Post 6.3<br \/>\n<b>6.11<\/b> Lj\u00fagvottar Matt 26.59,61; Mrk 14.55-58<br \/>\n<b>6.13<\/b> Gegn helgid\u00f3minum Jer 26.11; Post 21.28; 24.6; 25.8 \u2013 gegn l\u00f6gm\u00e1li M\u00f3se Post 6.11,13+ ; 18.13,15; 21.21,28; 25.8<\/div>\n","protected":false},"excerpt":{"rendered":"<p>1\u00c1 \u00feessum d\u00f6gum, er l\u00e6risveinum fj\u00f6lga\u00f0i, f\u00f3ru gr\u00edskum\u00e6landi menn a\u00f0 kvarta \u00fat af \u00fev\u00ed, a\u00f0 hebreskir settu ekkjur \u00feeirra hj\u00e1 vi\u00f0 daglega \u00fathlutun.2Hinir t\u00f3lf k\u00f6llu\u00f0u \u00fe\u00e1 l\u00e6risveinah\u00f3pinn saman og s\u00f6g\u00f0u: Ekki h\u00e6fir, a\u00f0 v\u00e9r hverfum fr\u00e1 bo\u00f0un Gu\u00f0s or\u00f0s til a\u00f0 \u00fej\u00f3na fyrir bor\u00f0um.3Finni\u00f0 \u00fev\u00ed, br\u00e6\u00f0ur, sj\u00f6 vel kynnta menn \u00far y\u00f0ar h\u00f3pi, sem fullir eru anda og visku. Munum v\u00e9r setja \u00fe\u00e1 yfir \u00feetta starf.4En v\u00e9r munum helga oss b\u00e6ninni og \u00fej\u00f3nustu or\u00f0sins.5\u00d6ll samkoman ger\u00f0i g\u00f3\u00f0an r\u00f3m a\u00f0 m\u00e1li \u00feeirra, og kusu \u00feeir Stef\u00e1n, mann fullan af tr\u00fa og heil\u00f6gum anda, Filippus, Pr\u00f3korus, N\u00edkanor, T\u00edmon, Parmenas og Nikol\u00e1s fr\u00e1 <a href=\"https:\/\/biblian.is\/1981\/postulasagan-6-kafli\/\"> [&#8230;]<\/a><\/p>\n","protected":false},"author":1,"featured_media":0,"parent":0,"menu_order":0,"comment_status":"open","ping_status":"open","template":"bibliukaflar.php","meta":{"footnotes":""},"class_list":["post-2371","page","type-page","status-publish","hentry"],"_links":{"self":[{"href":"https:\/\/biblian.is\/1981\/wp-json\/wp\/v2\/pages\/2371","targetHints":{"allow":["GET"]}}],"collection":[{"href":"https:\/\/biblian.is\/1981\/wp-json\/wp\/v2\/pages"}],"about":[{"href":"https:\/\/biblian.is\/1981\/wp-json\/wp\/v2\/types\/page"}],"author":[{"embeddable":true,"href":"https:\/\/biblian.is\/1981\/wp-json\/wp\/v2\/users\/1"}],"replies":[{"embeddable":true,"href":"https:\/\/biblian.is\/1981\/wp-json\/wp\/v2\/comments?post=2371"}],"version-history":[{"count":0,"href":"https:\/\/biblian.is\/1981\/wp-json\/wp\/v2\/pages\/2371\/revisions"}],"wp:attachment":[{"href":"https:\/\/biblian.is\/1981\/wp-json\/wp\/v2\/media?parent=2371"}],"curies":[{"name":"wp","href":"https:\/\/api.w.org\/{rel}","templated":true}]}}