{"id":2368,"date":"2017-11-18T20:21:34","date_gmt":"2017-11-18T20:21:34","guid":{"rendered":"http:\/\/biblian.is\/1981\/postulasagan-3-kafli\/"},"modified":"2021-06-06T11:05:00","modified_gmt":"2021-06-06T11:05:00","slug":"postulasagan-3-kafli","status":"publish","type":"page","link":"https:\/\/biblian.is\/1981\/postulasagan-3-kafli\/","title":{"rendered":"Postulasagan 3. kafli"},"content":{"rendered":"<p><a name=\"1\"><span class=\"versanumer\">1<\/span><\/a>P\u00e9tur og J\u00f3hannes gengu upp \u00ed helgid\u00f3minn til s\u00ed\u00f0degisb\u00e6na.<a name=\"2\"><span class=\"versanumer\">2<\/span><\/a>\u00de\u00e1 var \u00feanga\u00f0 borinn ma\u00f0ur, lami fr\u00e1 m\u00f3\u00f0url\u00edfi, er dag hvern var settur vi\u00f0 \u00fe\u00e6r dyr helgid\u00f3msins, sem nefndar eru F\u00f6grudyr, til a\u00f0 bei\u00f0ast \u00f6lmusu hj\u00e1 \u00feeim, er inn gengu \u00ed helgid\u00f3minn.<a name=\"3\"><span class=\"versanumer\">3<\/span><\/a>Er hann s\u00e1 \u00fe\u00e1 P\u00e9tur og J\u00f3hannes \u00e1 lei\u00f0 inn \u00ed helgid\u00f3minn, ba\u00f0st hann \u00f6lmusu.<a name=\"4\"><span class=\"versanumer\">4<\/span><\/a>\u00deeir horf\u00f0u fast \u00e1 hann, og P\u00e9tur sag\u00f0i: L\u00edt \u00fe\u00fa \u00e1 okkur.<a name=\"5\"><span class=\"versanumer\">5<\/span><\/a>Hann star\u00f0i \u00e1 \u00fe\u00e1 \u00ed von um a\u00f0 f\u00e1 eitthva\u00f0 hj\u00e1 \u00feeim.<a name=\"6\"><span class=\"versanumer\">6<\/span><\/a>P\u00e9tur sag\u00f0i: Silfur og gull \u00e1 \u00e9g ekki, en \u00fea\u00f0 sem \u00e9g hef, \u00fea\u00f0 gef \u00e9g \u00fe\u00e9r: \u00cd nafni Jes\u00fa Krists fr\u00e1 Nasaret, statt upp og gakk!<a name=\"7\"><span class=\"versanumer\">7<\/span><\/a>Og hann t\u00f3k \u00ed h\u00e6gri h\u00f6nd honum og reisti hann upp. Jafnskj\u00f3tt ur\u00f0u f\u00e6tur hans og \u00f6kklar styrkir,<a name=\"8\"><span class=\"versanumer\">8<\/span><\/a>hann spratt upp, st\u00f3\u00f0 \u00ed f\u00e6tur og t\u00f3k a\u00f0 ganga. Hann f\u00f3r inn me\u00f0 \u00feeim \u00ed helgid\u00f3minn, gekk um og st\u00f6kk og lofa\u00f0i Gu\u00f0.<a name=\"9\"><span class=\"versanumer\">9<\/span><\/a>Allt f\u00f3lki\u00f0 s\u00e1 hann ganga um og lofa Gu\u00f0.<a name=\"10\"><span class=\"versanumer\">10<\/span><\/a>\u00deeir \u00feekktu, a\u00f0 hann var s\u00e1 er haf\u00f0i seti\u00f0 fyrir F\u00f6grudyrum helgid\u00f3msins til a\u00f0 bei\u00f0ast \u00f6lmusu. Ur\u00f0u \u00feeir fur\u00f0u lostnir og fr\u00e1 s\u00e9r numdir af \u00fev\u00ed, sem fram vi\u00f0 hann haf\u00f0i komi\u00f0.<a name=\"11\"><span class=\"versanumer\">11<\/span><\/a>Hann h\u00e9lt s\u00e9r a\u00f0 P\u00e9tri og J\u00f3hannesi, og \u00fe\u00e1 flykktist allt f\u00f3lki\u00f0 fur\u00f0u losti\u00f0 til \u00feeirra \u00ed s\u00falnag\u00f6ngin, sem kennd eru vi\u00f0 Sal\u00f3mon.<a name=\"12\"><span class=\"versanumer\">12<\/span><\/a>\u00deegar P\u00e9tur s\u00e1 \u00fea\u00f0, \u00e1varpa\u00f0i hann f\u00f3lki\u00f0: \u00cdsraelsmenn, hv\u00ed fur\u00f0ar y\u00f0ur \u00e1 \u00feessu e\u00f0a hv\u00ed stari\u00f0 \u00fe\u00e9r \u00e1 okkur, eins og vi\u00f0 hef\u00f0um af eigin m\u00e6tti e\u00f0a gu\u00f0r\u00e6kni komi\u00f0 \u00fev\u00ed til lei\u00f0ar, a\u00f0 \u00feessi ma\u00f0ur gengur?<a name=\"13\"><span class=\"versanumer\">13<\/span><\/a>Gu\u00f0 Abrahams, \u00cdsaks og Jakobs, Gu\u00f0 fe\u00f0ra vorra hefur d\u00fdrlegan gj\u00f6rt \u00fej\u00f3n sinn, Jes\u00fa, sem \u00fe\u00e9r framseldu\u00f0 og afneitu\u00f0u\u00f0 frammi fyrir P\u00edlatusi, er hann haf\u00f0i \u00e1lykta\u00f0 a\u00f0 l\u00e1ta hann lausan.<a name=\"14\"><span class=\"versanumer\">14<\/span><\/a>\u00de\u00e9r afneitu\u00f0u\u00f0 hinum heilaga og r\u00e9ttl\u00e1ta, en beiddust a\u00f0 manndr\u00e1pari yr\u00f0i gefinn y\u00f0ur.<a name=\"15\"><span class=\"versanumer\">15<\/span><\/a>\u00de\u00e9r l\u00edfl\u00e9tu\u00f0 h\u00f6f\u00f0ingja l\u00edfsins, en Gu\u00f0 uppvakti hann fr\u00e1 dau\u00f0um, og a\u00f0 \u00fev\u00ed erum v\u00e9r vottar.<a name=\"16\"><span class=\"versanumer\">16<\/span><\/a>Tr\u00fain \u00e1 nafn Jes\u00fa gj\u00f6r\u00f0i \u00feennan mann, sem \u00fe\u00e9r sj\u00e1i\u00f0 og \u00feekki\u00f0, styrkan. Nafni\u00f0 hans og tr\u00fain, sem hann gefur, veitti honum \u00feennan albata fyrir augum y\u00f0ar allra.<a name=\"17\"><span class=\"versanumer\">17<\/span><\/a>N\u00fa veit \u00e9g, br\u00e6\u00f0ur, a\u00f0 \u00fe\u00e9r gj\u00f6r\u00f0u\u00f0 \u00fea\u00f0 af van\u00feekkingu, sem og h\u00f6f\u00f0ingjar y\u00f0ar.<a name=\"18\"><span class=\"versanumer\">18<\/span><\/a>En Gu\u00f0 l\u00e9t \u00feannig r\u00e6tast \u00fea\u00f0, sem hann haf\u00f0i bo\u00f0a\u00f0 fyrirfram fyrir munn allra sp\u00e1mannanna, a\u00f0 Kristur hans skyldi l\u00ed\u00f0a.<a name=\"19\"><span class=\"versanumer\">19<\/span><\/a>Gj\u00f6ri\u00f0 \u00fev\u00ed i\u00f0run og sn\u00fai\u00f0 y\u00f0ur, a\u00f0 syndir y\u00f0ar ver\u00f0i afm\u00e1\u00f0ar.<a name=\"20\"><span class=\"versanumer\">20<\/span><\/a>\u00de\u00e1 munu koma endurl\u00edfgunart\u00edmar fr\u00e1 augliti Drottins, og hann mun senda Krist, sem y\u00f0ur er fyrirhuga\u00f0ur, sem er Jes\u00fas.<a name=\"21\"><span class=\"versanumer\">21<\/span><\/a>Hann \u00e1 a\u00f0 vera \u00ed himninum allt til \u00feess t\u00edma, \u00feegar Gu\u00f0 endurreisir alla hluti, eins og hann hefur sagt fyrir munn sinna heil\u00f6gu sp\u00e1manna fr\u00e1 alda \u00f6\u00f0li.<a name=\"22\"><span class=\"versanumer\">22<\/span><\/a>M\u00f3se sag\u00f0i: Sp\u00e1mann mun Drottinn, Gu\u00f0 y\u00f0ar, uppvekja y\u00f0ur af br\u00e6\u00f0rum y\u00f0ar eins og mig. \u00c1 hann skulu\u00f0 \u00fe\u00e9r hl\u00fd\u00f0a \u00ed \u00f6llu, er hann talar til y\u00f0ar.<a name=\"23\"><span class=\"versanumer\">23<\/span><\/a>Og s\u00e9rhver s\u00e1, sem hl\u00fd\u00f0ir ekki \u00e1 \u00feennan sp\u00e1mann, skal uppr\u00e6ttur ver\u00f0a \u00far l\u00fd\u00f0num.<a name=\"24\"><span class=\"versanumer\">24<\/span><\/a>Allir sp\u00e1mennirnir, Sam\u00fael og \u00feeir sem \u00e1 eftir komu, allir \u00feeir sem tala\u00f0 hafa, bo\u00f0u\u00f0u og \u00feessa daga.<a name=\"25\"><span class=\"versanumer\">25<\/span><\/a>\u00de\u00e9r eru\u00f0 b\u00f6rn sp\u00e1mannanna og eigi\u00f0 hlut \u00ed s\u00e1ttm\u00e1lanum, sem Gu\u00f0 gj\u00f6r\u00f0i vi\u00f0 fe\u00f0ur y\u00f0ar, er hann sag\u00f0i vi\u00f0 Abraham: Af \u00fe\u00ednu afkv\u00e6mi skulu allar \u00e6ttkv\u00edslir jar\u00f0arinnar blessun hlj\u00f3ta.<a name=\"26\"><span class=\"versanumer\">26<\/span><\/a>Gu\u00f0 hefur reist upp \u00fej\u00f3n sinn og sent hann y\u00f0ur fyrst til a\u00f0 blessa y\u00f0ur og sn\u00faa hverjum y\u00f0ar fr\u00e1 vondri breytni sinni.<\/p>\n<div class=\"footnote1981\"><b>3.1<\/b> P\u00e9tur og J\u00f3hannes Post 1.13; 3.11; 4.7,13; 8.14 \u2013 s\u00ed\u00f0degisb\u00e6nir Post 10.3,9,30<br \/>\n<b>3.2<\/b> Fr\u00e1 m\u00f3\u00f0url\u00edfi J\u00f3h 9.1; Post 14.8<br \/>\n<b>3.6<\/b> \u00cd nafni Jes\u00fa Krists Post 3.16; 4.10; 16.18<br \/>\n<b>3.8<\/b> Gekk um og st\u00f6kk Post 14.10 \u2013 lofa Gu\u00f0 L\u00fak 18.43; Post 2.47; 10.46; 11.18; 13.48; 21.20; sbr 12.23<br \/>\n<b>3.10<\/b> K\u00f6nnu\u00f0ust vi\u00f0 J\u00f3h 9.8 \u2013 fur\u00f0u lostnir L\u00fak 5.36; 7.16; Post 2.12; 8.13; 14.11; 28.6<br \/>\n<b>3.11<\/b> S\u00falnag\u00f6ng Sal\u00f3mons J\u00f3h 10.23; Post 5.12<br \/>\n<b>3.13<\/b> Gu\u00f0 Abrahams 2M\u00f3s 3.6; Matt 22.32; Mrk 12.26; Post 7.32 \u2013 gert \u00fej\u00f3n sinn d\u00fdrlegan Jes 52.13; J\u00f3h 13.32; sbr Post 3.26; 4.27,30 \u2013 vildi l\u00e1ta lausan L\u00fak 23.14-23; J\u00f3h 18.38-40; 19.12-15<br \/>\n<b>3.14<\/b> Hinn heilagi Post 2.27; 13.35 \u2013 hinn r\u00e9ttl\u00e1ti Post 7.52; 22.14 \u2013 beiddust manndr\u00e1para Matt 27.20-21; Mrk 15.7,11,12<br \/>\n<b>3.15<\/b> \u00dei\u00f0 l\u00edfl\u00e9tu\u00f0 &#8230; Gu\u00f0 uppvakti Post 4.10; 5.30 \u2013 vottar Post 1.8+<br \/>\n<b>3.16<\/b> Tr\u00fain Mrk 2.5; L\u00fak 17.6; sbr Post 3.5; 1Kor 12.9; 13.2 \u2013 nafn hans Post 2.21,38; 3.6; 4.7,10,12,30; 5.41; 9.14,21; 21.13; 22.16; Fil 2.9-10<br \/>\n<b>3.17<\/b> Af van\u00feekkingu L\u00fak 23.34; Post 13.27; 17.30; 2Kor 3.14-16; 1T\u00edm 1.13<br \/>\n<b>3.18<\/b> Bo\u00f0a\u00f0 fyrirfram L\u00fak 24.27,44,46 \u2013 l\u00e9t r\u00e6tast Post 1.16; 2.16-21,33; 3.20-21; 4.25-28; 13.23,27-29,32-37; 15.14-19; sbr 1Kor 15.3-4<br \/>\n<b>3.19<\/b> Taki\u00f0 sinnaskiptum Matt 3.2+ ; Post 2.38; 17.30 \u2013 sinnaskipti og fyrirgefning syndanna Post 2.38; 5.31<br \/>\n<b>3.21<\/b> \u00c1kv\u00f6r\u00f0un Gu\u00f0s L\u00fak 2.49; 4.43; 9.22; Post 1.16,21; 2.23; 4.12; 5.29; 9.16; 14.22; 19.21; 20.35; 23.11; 27.24 \u2013 endurreisnart\u00edmi Matt 17.11; Post 1.6; 2P\u00e9t 3.13; Opb 21.1-5<br \/>\n<b>3.22<\/b> Sbr 5M\u00f3s 18.15,18; Post 7.37 \u2013 sp\u00e1ma\u00f0ur eins og M\u00f3se Matt 21.11+<br \/>\n<b>3.23<\/b> Sbr 5M\u00f3s 18.19; 3M\u00f3s 23.29<br \/>\n<b>3.25<\/b> Fyrirheit Gu\u00f0s 1M\u00f3s 22.18; 26.4; 1M\u00f3s 12.3; 18.18; Gal 3.8<br \/>\n<b>3.26<\/b> Fyrst til ykkar Post 2.39; 13.46; R\u00f3m 1.16<\/div>\n","protected":false},"excerpt":{"rendered":"<p>1P\u00e9tur og J\u00f3hannes gengu upp \u00ed helgid\u00f3minn til s\u00ed\u00f0degisb\u00e6na.2\u00de\u00e1 var \u00feanga\u00f0 borinn ma\u00f0ur, lami fr\u00e1 m\u00f3\u00f0url\u00edfi, er dag hvern var settur vi\u00f0 \u00fe\u00e6r dyr helgid\u00f3msins, sem nefndar eru F\u00f6grudyr, til a\u00f0 bei\u00f0ast \u00f6lmusu hj\u00e1 \u00feeim, er inn gengu \u00ed helgid\u00f3minn.3Er hann s\u00e1 \u00fe\u00e1 P\u00e9tur og J\u00f3hannes \u00e1 lei\u00f0 inn \u00ed helgid\u00f3minn, ba\u00f0st hann \u00f6lmusu.4\u00deeir horf\u00f0u fast \u00e1 hann, og P\u00e9tur sag\u00f0i: L\u00edt \u00fe\u00fa \u00e1 okkur.5Hann star\u00f0i \u00e1 \u00fe\u00e1 \u00ed von um a\u00f0 f\u00e1 eitthva\u00f0 hj\u00e1 \u00feeim.6P\u00e9tur sag\u00f0i: Silfur og gull \u00e1 \u00e9g ekki, en \u00fea\u00f0 sem \u00e9g hef, \u00fea\u00f0 gef \u00e9g \u00fe\u00e9r: \u00cd nafni Jes\u00fa Krists fr\u00e1 Nasaret, statt upp <a href=\"https:\/\/biblian.is\/1981\/postulasagan-3-kafli\/\"> [&#8230;]<\/a><\/p>\n","protected":false},"author":1,"featured_media":0,"parent":0,"menu_order":0,"comment_status":"open","ping_status":"open","template":"bibliukaflar.php","meta":{"footnotes":""},"class_list":["post-2368","page","type-page","status-publish","hentry"],"_links":{"self":[{"href":"https:\/\/biblian.is\/1981\/wp-json\/wp\/v2\/pages\/2368","targetHints":{"allow":["GET"]}}],"collection":[{"href":"https:\/\/biblian.is\/1981\/wp-json\/wp\/v2\/pages"}],"about":[{"href":"https:\/\/biblian.is\/1981\/wp-json\/wp\/v2\/types\/page"}],"author":[{"embeddable":true,"href":"https:\/\/biblian.is\/1981\/wp-json\/wp\/v2\/users\/1"}],"replies":[{"embeddable":true,"href":"https:\/\/biblian.is\/1981\/wp-json\/wp\/v2\/comments?post=2368"}],"version-history":[{"count":0,"href":"https:\/\/biblian.is\/1981\/wp-json\/wp\/v2\/pages\/2368\/revisions"}],"wp:attachment":[{"href":"https:\/\/biblian.is\/1981\/wp-json\/wp\/v2\/media?parent=2368"}],"curies":[{"name":"wp","href":"https:\/\/api.w.org\/{rel}","templated":true}]}}