{"id":2365,"date":"2017-11-18T20:21:31","date_gmt":"2017-11-18T20:21:31","guid":{"rendered":"http:\/\/biblian.is\/1981\/johannesargudspjall-21-kafli\/"},"modified":"2017-11-18T20:21:31","modified_gmt":"2017-11-18T20:21:31","slug":"johannesargudspjall-21-kafli","status":"publish","type":"page","link":"https:\/\/biblian.is\/1981\/johannesargudspjall-21-kafli\/","title":{"rendered":"J\u00f3hannesargu\u00f0spjall 21. kafli"},"content":{"rendered":"<p><a name=\"1\"><span class=\"versanumer\">1<\/span><\/a>Eftir \u00feetta birtist Jes\u00fas l\u00e6risveinunum aftur og \u00fe\u00e1 vi\u00f0 T\u00edber\u00edasvatn. Hann birtist \u00feannig:<a name=\"2\"><span class=\"versanumer\">2<\/span><\/a>\u00deeir voru saman: S\u00edmon P\u00e9tur, T\u00f3mas, kalla\u00f0ur tv\u00edburi, Natanael fr\u00e1 Kana \u00ed Gal\u00edleu, Sebedeussynirnir og tveir enn af l\u00e6risveinum hans.<a name=\"3\"><span class=\"versanumer\">3<\/span><\/a>S\u00edmon P\u00e9tur segir vi\u00f0 \u00fe\u00e1: \u00c9g fer a\u00f0 fiska. \u00deeir segja vi\u00f0 hann: V\u00e9r komum l\u00edka me\u00f0 \u00fe\u00e9r. \u00deeir f\u00f3ru og stigu \u00ed b\u00e1tinn. En \u00fe\u00e1 n\u00f3tt fengu \u00feeir ekkert.<a name=\"4\"><span class=\"versanumer\">4<\/span><\/a>\u00deegar dagur rann, st\u00f3\u00f0 Jes\u00fas \u00e1 str\u00f6ndinni. L\u00e6risveinarnir vissu samt ekki, a\u00f0 \u00fea\u00f0 var Jes\u00fas.<a name=\"5\"><span class=\"versanumer\">5<\/span><\/a>Jes\u00fas segir vi\u00f0 \u00fe\u00e1: Drengir, hafi\u00f0 \u00fe\u00e9r nokkurn fisk? \u00deeir sv\u00f6ru\u00f0u: Nei.<a name=\"6\"><span class=\"versanumer\">6<\/span><\/a>Hann sag\u00f0i: Kasti\u00f0 netinu h\u00e6gra megin vi\u00f0 b\u00e1tinn, og \u00fe\u00e9r munu\u00f0 ver\u00f0a varir. \u00deeir k\u00f6stu\u00f0u, og n\u00fa g\u00e1tu \u00feeir ekki dregi\u00f0 neti\u00f0, svo mikill var fiskurinn.<a name=\"7\"><span class=\"versanumer\">7<\/span><\/a>L\u00e6risveinninn, sem Jes\u00fas elska\u00f0i, segir vi\u00f0 P\u00e9tur: \u00deetta er Drottinn. \u00deegar S\u00edmon P\u00e9tur heyr\u00f0i, a\u00f0 \u00fea\u00f0 v\u00e6ri Drottinn, br\u00e1 hann yfir sig fl\u00edk hann var f\u00e1kl\u00e6ddur og st\u00f6kk \u00fat \u00ed vatni\u00f0.<a name=\"8\"><span class=\"versanumer\">8<\/span><\/a>En hinir l\u00e6risveinarnir komu \u00e1 b\u00e1tnum, enda voru \u00feeir ekki lengra fr\u00e1 landi en svo sem tv\u00f6 hundru\u00f0 \u00e1lnir, og dr\u00f3gu neti\u00f0 me\u00f0 fiskinum.<a name=\"9\"><span class=\"versanumer\">9<\/span><\/a>\u00deegar \u00feeir stigu \u00e1 land, s\u00e1u \u00feeir fisk lag\u00f0an \u00e1 gl\u00f3\u00f0ir og brau\u00f0.<a name=\"10\"><span class=\"versanumer\">10<\/span><\/a>Jes\u00fas segir vi\u00f0 \u00fe\u00e1: Komi\u00f0 me\u00f0 nokku\u00f0 af fiskinum, sem \u00fe\u00e9r voru\u00f0 a\u00f0 vei\u00f0a.<a name=\"11\"><span class=\"versanumer\">11<\/span><\/a>S\u00edmon P\u00e9tur f\u00f3r \u00ed b\u00e1tinn og dr\u00f3 neti\u00f0 \u00e1 land, fullt af st\u00f3rum fiskum, eitt hundra\u00f0 fimmt\u00edu og \u00feremur. Og neti\u00f0 rifna\u00f0i ekki, \u00fe\u00f3tt \u00feeir v\u00e6ru svo margir.<a name=\"12\"><span class=\"versanumer\">12<\/span><\/a>Jes\u00fas segir vi\u00f0 \u00fe\u00e1: Komi\u00f0 og matist. En enginn l\u00e6risveinanna dirf\u00f0ist a\u00f0 spyrja hann: Hver ert \u00fe\u00fa? Enda vissu \u00feeir, a\u00f0 \u00fea\u00f0 var Drottinn.<a name=\"13\"><span class=\"versanumer\">13<\/span><\/a>Jes\u00fas kemur og tekur brau\u00f0i\u00f0 og gefur \u00feeim, svo og fiskinn.<a name=\"14\"><span class=\"versanumer\">14<\/span><\/a>\u00deetta var \u00ed \u00feri\u00f0ja sinn, sem Jes\u00fas birtist l\u00e6risveinum s\u00ednum upp risinn fr\u00e1 dau\u00f0um.<a name=\"15\"><span class=\"versanumer\">15<\/span><\/a>\u00deegar \u00feeir h\u00f6f\u00f0u matast, sag\u00f0i Jes\u00fas vi\u00f0 S\u00edmon P\u00e9tur: S\u00edmon J\u00f3hannesson, elskar \u00fe\u00fa mig meira en \u00feessir? Hann svarar: J\u00e1, Drottinn, \u00fe\u00fa veist, a\u00f0 \u00e9g elska \u00feig. Jes\u00fas segir vi\u00f0 hann: G\u00e6t \u00fe\u00fa lamba minna.<a name=\"16\"><span class=\"versanumer\">16<\/span><\/a>Jes\u00fas sag\u00f0i aftur vi\u00f0 hann \u00f6\u00f0ru sinni: S\u00edmon J\u00f3hannesson, elskar \u00fe\u00fa mig? Hann svara\u00f0i: J\u00e1, Drottinn, \u00fe\u00fa veist, a\u00f0 \u00e9g elska \u00feig. Jes\u00fas segir vi\u00f0 hann: Ver hir\u00f0ir sau\u00f0a minna.<a name=\"17\"><span class=\"versanumer\">17<\/span><\/a>Hann segir vi\u00f0 hann \u00ed \u00feri\u00f0ja sinn: S\u00edmon J\u00f3hannesson, elskar \u00fe\u00fa mig? P\u00e9tur hrygg\u00f0ist vi\u00f0, a\u00f0 hann skyldi spyrja hann \u00feri\u00f0ja sinni: Elskar \u00fe\u00fa mig? Hann svara\u00f0i: Drottinn, \u00fe\u00fa veist allt. \u00de\u00fa veist, a\u00f0 \u00e9g elska \u00feig. Jes\u00fas segir vi\u00f0 hann: G\u00e6t \u00fe\u00fa sau\u00f0a minna.<a name=\"18\"><span class=\"versanumer\">18<\/span><\/a>Sannlega, sannlega segi \u00e9g \u00fe\u00e9r: \u00deegar \u00fe\u00fa varst ungur, bj\u00f3stu \u00feig sj\u00e1lfur og f\u00f3rst hvert sem \u00fe\u00fa vildir, en \u00feegar \u00fe\u00fa ert or\u00f0inn gamall, munt \u00fe\u00fa r\u00e9tta \u00fat hendurnar, og annar b\u00fdr \u00feig og lei\u00f0ir \u00feig \u00feanga\u00f0 sem \u00fe\u00fa vilt ekki.<a name=\"19\"><span class=\"versanumer\">19<\/span><\/a>\u00deetta sag\u00f0i Jes\u00fas til a\u00f0 kynna, me\u00f0 hv\u00edl\u00edkum dau\u00f0daga P\u00e9tur mundi vegsama Gu\u00f0. Og er hann haf\u00f0i \u00feetta m\u00e6lt, sag\u00f0i hann vi\u00f0 hann: Fylg \u00fe\u00fa m\u00e9r.<a name=\"20\"><span class=\"versanumer\">20<\/span><\/a>P\u00e9tur sneri s\u00e9r vi\u00f0 og s\u00e1 l\u00e6risveininn, sem Jes\u00fas elska\u00f0i, fylgja \u00e1 eftir, \u00feann hinn sama, sem halla\u00f0ist a\u00f0 brj\u00f3sti hans vi\u00f0 kv\u00f6ldm\u00e1lt\u00ed\u00f0ina, og spur\u00f0i: Herra, hver er s\u00e1, sem sv\u00edkur \u00feig?<a name=\"21\"><span class=\"versanumer\">21<\/span><\/a>\u00deegar P\u00e9tur s\u00e9r hann, segir hann vi\u00f0 Jes\u00fa: Drottinn, hva\u00f0 um \u00feennan?<a name=\"22\"><span class=\"versanumer\">22<\/span><\/a>Jes\u00fas svarar: Ef \u00e9g vil, a\u00f0 hann lifi, \u00feanga\u00f0 til \u00e9g kem, hverju skiptir \u00fea\u00f0 \u00feig? Fylg \u00fe\u00fa m\u00e9r.<a name=\"23\"><span class=\"versanumer\">23<\/span><\/a>\u00dev\u00ed barst s\u00e1 or\u00f0r\u00f3mur \u00fat me\u00f0al br\u00e6\u00f0ranna, a\u00f0 \u00feessi l\u00e6risveinn mundi ekki deyja. En Jes\u00fas haf\u00f0i ekki sagt P\u00e9tri, a\u00f0 hann mundi ekki deyja. Hann sag\u00f0i: Ef \u00e9g vil, a\u00f0 hann lifi, \u00feanga\u00f0 til \u00e9g kem, hverju skiptir \u00fea\u00f0 \u00feig?<a name=\"24\"><span class=\"versanumer\">24<\/span><\/a>\u00deessi er l\u00e6risveinninn, sem vitnar um allt \u00feetta og hefur skrifa\u00f0 \u00feetta. Og v\u00e9r vitum, a\u00f0 vitnisbur\u00f0ur hans er sannur.<a name=\"25\"><span class=\"versanumer\">25<\/span><\/a>En margt er \u00fea\u00f0 anna\u00f0, sem Jes\u00fas gj\u00f6r\u00f0i, og yr\u00f0i \u00fea\u00f0 hva\u00f0 eina upp skrifa\u00f0, \u00e6tla \u00e9g, a\u00f0 \u00f6ll ver\u00f6ldin mundi ekki r\u00fama \u00fe\u00e6r b\u00e6kur, sem \u00fe\u00e1 yr\u00f0u rita\u00f0ar.<\/p>\n<div class=\"footnote1981\"><b>21.2<\/b> T\u00f3mas tv\u00edburi J\u00f3h 11.16+<br \/>\n<b>21.4<\/b> Vissu ekki L\u00fak 24.16; J\u00f3h 20.14<br \/>\n<b>21.5<\/b> Hafi\u00f0 \u00fei\u00f0 nokkurn fisk? L\u00fak 24.41<br \/>\n<b>21.6<\/b> Kasti\u00f0 netinu L\u00fak 5.4-7<br \/>\n<b>21.7<\/b> L\u00e6risveinninn, sem Jes\u00fas elska\u00f0i J\u00f3h 13.23+<br \/>\n<b>21.11<\/b> Rifna\u00f0i ekki sbr L\u00fak 5.6<br \/>\n<b>21.13<\/b> Brau\u00f0 og fiskur Matt 14.19; 15.36; Mrk 6.41; 8.6; L\u00fak 9.16; J\u00f3h 6.11<br \/>\n<b>21.14<\/b> Hinn upprisni birtist J\u00f3h 20.19,26<br \/>\n<b>21.15<\/b> Meira en \u00feessir Matt 26.33; Mrk 14.29; L\u00fak 22.33; J\u00f3h 13.37; 18.17,25-27 \u2013 l\u00f6mb Jes\u00fa J\u00f3h 10.1-16<br \/>\n<b>21.16<\/b> Hir\u00f0ir Post 20.28; 1P\u00e9t 5.2; sbr L\u00fak 22.32<br \/>\n<b>21.17<\/b> \u00de\u00fa veist allt J\u00f3h 16.30<br \/>\n<b>21.18<\/b> Or\u00f0inn gamall 2P\u00e9t 1.14<br \/>\n<b>21.19<\/b> Me\u00f0 hv\u00edl\u00edkum dau\u00f0daga J\u00f3h 12.23; 18.32; sbr 13.31,36<br \/>\n<b>21.20<\/b> L\u00e6risveinninn, sem Jes\u00fas elska\u00f0i J\u00f3h 13.23+ &#8211; halla\u00f0ist a\u00f0 brj\u00f3sti hans J\u00f3h 13.25<br \/>\n<b>21.22<\/b> \u00deanga\u00f0 til \u00e9g kem Matt 16.28; sbr 1Kor 11.26; Opb 22.7,12,17,20<br \/>\n<b>21.24<\/b> L\u00e6risveinninn, sem vitnar J\u00f3h 19.35<br \/>\n<b>21.25<\/b> Margt anna\u00f0 J\u00f3h 20.30<\/div>\n","protected":false},"excerpt":{"rendered":"<p>1Eftir \u00feetta birtist Jes\u00fas l\u00e6risveinunum aftur og \u00fe\u00e1 vi\u00f0 T\u00edber\u00edasvatn. Hann birtist \u00feannig:2\u00deeir voru saman: S\u00edmon P\u00e9tur, T\u00f3mas, kalla\u00f0ur tv\u00edburi, Natanael fr\u00e1 Kana \u00ed Gal\u00edleu, Sebedeussynirnir og tveir enn af l\u00e6risveinum hans.3S\u00edmon P\u00e9tur segir vi\u00f0 \u00fe\u00e1: \u00c9g fer a\u00f0 fiska. \u00deeir segja vi\u00f0 hann: V\u00e9r komum l\u00edka me\u00f0 \u00fe\u00e9r. \u00deeir f\u00f3ru og stigu \u00ed b\u00e1tinn. En \u00fe\u00e1 n\u00f3tt fengu \u00feeir ekkert.4\u00deegar dagur rann, st\u00f3\u00f0 Jes\u00fas \u00e1 str\u00f6ndinni. L\u00e6risveinarnir vissu samt ekki, a\u00f0 \u00fea\u00f0 var Jes\u00fas.5Jes\u00fas segir vi\u00f0 \u00fe\u00e1: Drengir, hafi\u00f0 \u00fe\u00e9r nokkurn fisk? \u00deeir sv\u00f6ru\u00f0u: Nei.6Hann sag\u00f0i: Kasti\u00f0 netinu h\u00e6gra megin vi\u00f0 b\u00e1tinn, og \u00fe\u00e9r munu\u00f0 ver\u00f0a varir. \u00deeir k\u00f6stu\u00f0u, <a href=\"https:\/\/biblian.is\/1981\/johannesargudspjall-21-kafli\/\"> [&#8230;]<\/a><\/p>\n","protected":false},"author":1,"featured_media":0,"parent":0,"menu_order":0,"comment_status":"open","ping_status":"open","template":"bibliukaflar.php","meta":{"footnotes":""},"class_list":["post-2365","page","type-page","status-publish","hentry"],"_links":{"self":[{"href":"https:\/\/biblian.is\/1981\/wp-json\/wp\/v2\/pages\/2365","targetHints":{"allow":["GET"]}}],"collection":[{"href":"https:\/\/biblian.is\/1981\/wp-json\/wp\/v2\/pages"}],"about":[{"href":"https:\/\/biblian.is\/1981\/wp-json\/wp\/v2\/types\/page"}],"author":[{"embeddable":true,"href":"https:\/\/biblian.is\/1981\/wp-json\/wp\/v2\/users\/1"}],"replies":[{"embeddable":true,"href":"https:\/\/biblian.is\/1981\/wp-json\/wp\/v2\/comments?post=2365"}],"version-history":[{"count":0,"href":"https:\/\/biblian.is\/1981\/wp-json\/wp\/v2\/pages\/2365\/revisions"}],"wp:attachment":[{"href":"https:\/\/biblian.is\/1981\/wp-json\/wp\/v2\/media?parent=2365"}],"curies":[{"name":"wp","href":"https:\/\/api.w.org\/{rel}","templated":true}]}}