{"id":2351,"date":"2017-11-18T20:21:31","date_gmt":"2017-11-18T20:21:31","guid":{"rendered":"http:\/\/biblian.is\/1981\/johannesargudspjall-7-kafli\/"},"modified":"2017-11-18T20:21:31","modified_gmt":"2017-11-18T20:21:31","slug":"johannesargudspjall-7-kafli","status":"publish","type":"page","link":"https:\/\/biblian.is\/1981\/johannesargudspjall-7-kafli\/","title":{"rendered":"J\u00f3hannesargu\u00f0spjall 7. kafli"},"content":{"rendered":"<p><a name=\"1\"><span class=\"versanumer\">1<\/span><\/a>Eftir \u00feetta f\u00f3r Jes\u00fas um Gal\u00edleu. Hann vildi ekki fara um J\u00fadeu, s\u00f6kum \u00feess a\u00f0 Gy\u00f0ingar s\u00e1tu um l\u00edf hans.<a name=\"2\"><span class=\"versanumer\">2<\/span><\/a>N\u00fa f\u00f3r a\u00f0 h\u00e1t\u00ed\u00f0 Gy\u00f0inga, laufsk\u00e1lah\u00e1t\u00ed\u00f0in.<a name=\"3\"><span class=\"versanumer\">3<\/span><\/a>\u00de\u00e1 s\u00f6g\u00f0u br\u00e6\u00f0ur hans vi\u00f0 hann: Flyt \u00feig h\u00e9\u00f0an og far\u00f0u til J\u00fadeu, til \u00feess a\u00f0 l\u00e6risveinar \u00fe\u00ednir sj\u00e1i l\u00edka verkin \u00fe\u00edn, sem \u00fe\u00fa gj\u00f6rir.<a name=\"4\"><span class=\"versanumer\">4<\/span><\/a>\u00dev\u00ed enginn starfar \u00ed leynum, ef hann vill ver\u00f0a alkunnur. Fyrst \u00fe\u00fa vinnur sl\u00edk verk, \u00fe\u00e1 opinbera sj\u00e1lfan \u00feig heiminum.<a name=\"5\"><span class=\"versanumer\">5<\/span><\/a>\u00dev\u00ed jafnvel br\u00e6\u00f0ur hans tr\u00fa\u00f0u ekki \u00e1 hann.<a name=\"6\"><span class=\"versanumer\">6<\/span><\/a>Jes\u00fas sag\u00f0i vi\u00f0 \u00fe\u00e1: Minn t\u00edmi er ekki enn kominn, en y\u00f0ur hentar allur t\u00edmi.<a name=\"7\"><span class=\"versanumer\">7<\/span><\/a>Heimurinn getur ekki hata\u00f0 y\u00f0ur. Mig hatar hann, af \u00fev\u00ed \u00e9g vitna um hann, a\u00f0 verk hans eru vond.<a name=\"8\"><span class=\"versanumer\">8<\/span><\/a>\u00de\u00e9r skulu\u00f0 fara upp eftir \u00e1 h\u00e1t\u00ed\u00f0ina. \u00c9g fer ekki til \u00feessarar h\u00e1t\u00ed\u00f0ar, \u00fev\u00ed minn t\u00edmi er ekki enn kominn.<a name=\"9\"><span class=\"versanumer\">9<\/span><\/a>\u00deetta sag\u00f0i hann \u00feeim og var kyrr \u00ed Gal\u00edleu.<a name=\"10\"><span class=\"versanumer\">10<\/span><\/a>\u00deegar br\u00e6\u00f0ur hans voru farnir upp eftir til h\u00e1t\u00ed\u00f0arinnar, f\u00f3r hann samt l\u00edka upp eftir, ekki svo menn vissu, heldur n\u00e1nast \u00e1 laun.<a name=\"11\"><span class=\"versanumer\">11<\/span><\/a>Gy\u00f0ingar voru a\u00f0 leita a\u00f0 honum \u00e1 h\u00e1t\u00ed\u00f0inni og spur\u00f0u, hvar hann v\u00e6ri.<a name=\"12\"><span class=\"versanumer\">12<\/span><\/a>Manna \u00e1 me\u00f0al var margt um hann tala\u00f0. Sumir s\u00f6g\u00f0u: Hann er g\u00f3\u00f0ur, en a\u00f0rir s\u00f6g\u00f0u: Nei, hann lei\u00f0ir fj\u00f6ldann \u00ed villu.<a name=\"13\"><span class=\"versanumer\">13<\/span><\/a>\u00de\u00f3 tala\u00f0i enginn opinsk\u00e1tt um hann af \u00f3tta vi\u00f0 Gy\u00f0inga.<a name=\"14\"><span class=\"versanumer\">14<\/span><\/a>Er h\u00e1t\u00ed\u00f0in var \u00feegar h\u00e1lfnu\u00f0, f\u00f3r Jes\u00fas upp \u00ed helgid\u00f3minn og t\u00f3k a\u00f0 kenna.<a name=\"15\"><span class=\"versanumer\">15<\/span><\/a>Gy\u00f0ingar ur\u00f0u forvi\u00f0a og s\u00f6g\u00f0u: Hvernig hefur \u00feessi ma\u00f0ur or\u00f0i\u00f0 l\u00e6r\u00f0ur og hefur \u00fe\u00f3 ekki fr\u00e6\u00f0slu noti\u00f0?<a name=\"16\"><span class=\"versanumer\">16<\/span><\/a>Jes\u00fas svara\u00f0i \u00feeim: Kenning m\u00edn er ekki m\u00edn, heldur hans, er sendi mig.<a name=\"17\"><span class=\"versanumer\">17<\/span><\/a>S\u00e1 sem vill gj\u00f6ra vilja hans, mun komast a\u00f0 raun um, hvort kenningin er fr\u00e1 Gu\u00f0i e\u00f0a \u00e9g tala af sj\u00e1lfum m\u00e9r.<a name=\"18\"><span class=\"versanumer\">18<\/span><\/a>S\u00e1 sem talar af sj\u00e1lfum s\u00e9r, leitar eigin hei\u00f0urs, en s\u00e1 sem leitar hei\u00f0urs \u00feess, er sendi hann, er sannor\u00f0ur og \u00ed honum ekkert rangl\u00e6ti.<a name=\"19\"><span class=\"versanumer\">19<\/span><\/a>Gaf M\u00f3se y\u00f0ur ekki l\u00f6gm\u00e1li\u00f0? Samt heldur enginn y\u00f0ar l\u00f6gm\u00e1li\u00f0. Hv\u00ed sitji\u00f0 \u00fe\u00e9r um l\u00edf mitt?<a name=\"20\"><span class=\"versanumer\">20<\/span><\/a>F\u00f3lki\u00f0 ansa\u00f0i: \u00de\u00fa ert haldinn illum anda. Hver situr um l\u00edf \u00feitt?<a name=\"21\"><span class=\"versanumer\">21<\/span><\/a>Jes\u00fas svara\u00f0i \u00feeim: Eitt verk gj\u00f6r\u00f0i \u00e9g, og \u00fe\u00e9r undrist \u00fea\u00f0 allir.<a name=\"22\"><span class=\"versanumer\">22<\/span><\/a>M\u00f3se gaf y\u00f0ur umskurnina h\u00fan er a\u00f0 v\u00edsu ekki fr\u00e1 M\u00f3se, heldur fe\u00f0runum og \u00fe\u00e9r umskeri\u00f0 mann jafnvel \u00e1 hv\u00edldardegi.<a name=\"23\"><span class=\"versanumer\">23<\/span><\/a>Fyrst ma\u00f0ur er umskorinn \u00e1 hv\u00edldardegi, til \u00feess a\u00f0 l\u00f6gm\u00e1l M\u00f3se ver\u00f0i ekki broti\u00f0, hv\u00ed rei\u00f0ist \u00fe\u00e9r m\u00e9r, a\u00f0 \u00e9g gj\u00f6r\u00f0i manninn allan heilan \u00e1 hv\u00edldardegi?<a name=\"24\"><span class=\"versanumer\">24<\/span><\/a>D\u00e6mi\u00f0 ekki eftir \u00fatliti, d\u00e6mi\u00f0 r\u00e9ttl\u00e1tan d\u00f3m.<a name=\"25\"><span class=\"versanumer\">25<\/span><\/a>\u00de\u00e1 s\u00f6g\u00f0u nokkrir Jer\u00fasalemb\u00faar: Er \u00feetta ekki s\u00e1, sem \u00feeir sitja um a\u00f0 l\u00edfl\u00e1ta?<a name=\"26\"><span class=\"versanumer\">26<\/span><\/a>Og n\u00fa er hann a\u00f0 tala \u00e1 almannaf\u00e6ri, og \u00feeir segja ekkert vi\u00f0 hann. Skyldu n\u00fa h\u00f6f\u00f0ingjarnir hafa komist a\u00f0 raun um, a\u00f0 hann s\u00e9 Kristur?<a name=\"27\"><span class=\"versanumer\">27<\/span><\/a>Nei, v\u00e9r vitum, hva\u00f0an \u00feessi ma\u00f0ur er. \u00deegar Kristur kemur, veit enginn, hva\u00f0an hann er.<a name=\"28\"><span class=\"versanumer\">28<\/span><\/a>Jes\u00fas var a\u00f0 kenna \u00ed helgid\u00f3minum, og n\u00fa kalla\u00f0i hann: B\u00e6\u00f0i \u00feekki\u00f0 \u00fe\u00e9r mig og viti\u00f0 hva\u00f0an \u00e9g er. \u00de\u00f3 er \u00e9g ekki kominn af sj\u00e1lfum m\u00e9r. En s\u00e1 er sannur, sem sendi mig, og hann \u00feekki\u00f0 \u00fe\u00e9r ekki.<a name=\"29\"><span class=\"versanumer\">29<\/span><\/a>\u00c9g \u00feekki hann, \u00fev\u00ed \u00e9g er fr\u00e1 honum og hann sendi mig.<a name=\"30\"><span class=\"versanumer\">30<\/span><\/a>N\u00fa \u00e6tlu\u00f0u \u00feeir a\u00f0 gr\u00edpa hann, en enginn lag\u00f0i hendur \u00e1 hann, \u00fev\u00ed stund hans var enn ekki komin.<a name=\"31\"><span class=\"versanumer\">31<\/span><\/a>En af al\u00fe\u00fd\u00f0u manna t\u00f3ku margir a\u00f0 tr\u00faa \u00e1 hann og s\u00f6g\u00f0u: Mun Kristur gj\u00f6ra fleiri t\u00e1kn, \u00feegar hann kemur, en \u00feessi ma\u00f0ur hefur gj\u00f6rt?<a name=\"32\"><span class=\"versanumer\">32<\/span><\/a>Far\u00edsear heyr\u00f0u, a\u00f0 f\u00f3lk var a\u00f0 skrafa \u00feetta um hann, og \u00e6\u00f0stu prestar og far\u00edsear sendu \u00fej\u00f3na a\u00f0 taka hann h\u00f6ndum.<a name=\"33\"><span class=\"versanumer\">33<\/span><\/a>\u00de\u00e1 sag\u00f0i Jes\u00fas: Enn ver\u00f0 \u00e9g hj\u00e1 y\u00f0ur skamma stund, og \u00fe\u00e1 fer \u00e9g aftur til \u00feess, sem sendi mig.<a name=\"34\"><span class=\"versanumer\">34<\/span><\/a>\u00de\u00e9r munu\u00f0 leita m\u00edn og eigi finna. \u00de\u00e9r geti\u00f0 ekki komist \u00feanga\u00f0 sem \u00e9g er.<a name=\"35\"><span class=\"versanumer\">35<\/span><\/a>\u00de\u00e1 s\u00f6g\u00f0u Gy\u00f0ingar s\u00edn \u00e1 milli: Hvert skyldi hann \u00e6tla a\u00f0 fara, svo a\u00f0 v\u00e9r finnum hann ekki? Hann \u00e6tlar \u00fe\u00f3 ekki a\u00f0 fara til Gy\u00f0inga, sem dreif\u00f0ir eru me\u00f0al Grikkja og kenna Grikkjum?<a name=\"36\"><span class=\"versanumer\">36<\/span><\/a>Hva\u00f0 var hann a\u00f0 segja: \u00de\u00e9r munu\u00f0 leita m\u00edn og eigi finna, og \u00fe\u00e9r geti\u00f0 ekki komist \u00feanga\u00f0 sem \u00e9g er?<a name=\"37\"><span class=\"versanumer\">37<\/span><\/a>S\u00ed\u00f0asta daginn, h\u00e1t\u00ed\u00f0ardaginn mikla, st\u00f3\u00f0 Jes\u00fas \u00fear og kalla\u00f0i: Ef nokkurn \u00feyrstir, \u00fe\u00e1 komi hann til m\u00edn og drekki.<a name=\"38\"><span class=\"versanumer\">38<\/span><\/a>S\u00e1 sem tr\u00fair \u00e1 mig, fr\u00e1 hjarta hans munu renna l\u00e6kir lifandi vatns, eins og ritningin segir.<a name=\"39\"><span class=\"versanumer\">39<\/span><\/a>\u00dearna \u00e1tti hann vi\u00f0 andann, er \u00feeir skyldu hlj\u00f3ta, sem \u00e1 hann tr\u00faa. \u00dev\u00ed enn var andinn ekki gefinn, \u00fear e\u00f0 Jes\u00fas var ekki enn d\u00fdrlegur or\u00f0inn.<a name=\"40\"><span class=\"versanumer\">40<\/span><\/a>\u00de\u00e1 s\u00f6g\u00f0u nokkrir \u00far mannfj\u00f6ldanum, sem hl\u00fdddu \u00e1 \u00feessi or\u00f0: \u00deessi er sannarlega sp\u00e1ma\u00f0urinn.<a name=\"41\"><span class=\"versanumer\">41<\/span><\/a>A\u00f0rir m\u00e6ltu: Hann er Kristur. En sumir s\u00f6g\u00f0u: Mundi Kristur \u00fe\u00e1 koma fr\u00e1 Gal\u00edleu?<a name=\"42\"><span class=\"versanumer\">42<\/span><\/a>Hefur ekki ritningin sagt, a\u00f0 Kristur komi af kyni Dav\u00ed\u00f0s og fr\u00e1 Betlehem, \u00feorpinu \u00fear sem Dav\u00ed\u00f0 var?<a name=\"43\"><span class=\"versanumer\">43<\/span><\/a>\u00deannig greindi menn \u00e1 um hann.<a name=\"44\"><span class=\"versanumer\">44<\/span><\/a>Nokkrir \u00feeirra vildu gr\u00edpa hann, en \u00fe\u00f3 lag\u00f0i enginn hendur \u00e1 hann.<a name=\"45\"><span class=\"versanumer\">45<\/span><\/a>N\u00fa komu \u00fej\u00f3narnir til \u00e6\u00f0stu prestanna og far\u00edseanna, sem s\u00f6g\u00f0u vi\u00f0 \u00fe\u00e1: Hvers vegna komu\u00f0 \u00fe\u00e9r ekki me\u00f0 hann?<a name=\"46\"><span class=\"versanumer\">46<\/span><\/a>\u00dej\u00f3narnir sv\u00f6ru\u00f0u: Aldrei hefur nokkur ma\u00f0ur tala\u00f0 \u00feannig.<a name=\"47\"><span class=\"versanumer\">47<\/span><\/a>\u00de\u00e1 s\u00f6g\u00f0u far\u00edsearnir: L\u00e9tu\u00f0 \u00fe\u00e9r \u00fe\u00e1 einnig lei\u00f0ast afvega?<a name=\"48\"><span class=\"versanumer\">48<\/span><\/a>\u00c6tli nokkur af h\u00f6f\u00f0ingjunum hafi fari\u00f0 a\u00f0 tr\u00faa \u00e1 hann, e\u00f0a \u00fe\u00e1 af far\u00edseum?<a name=\"49\"><span class=\"versanumer\">49<\/span><\/a>\u00deessi alm\u00fagi, sem veit ekkert \u00ed l\u00f6gm\u00e1linu, hann er b\u00f6lva\u00f0ur!<a name=\"50\"><span class=\"versanumer\">50<\/span><\/a>Nik\u00f3demus, sem kom til hans fyrrum og var einn af \u00feeim, segir vi\u00f0 \u00fe\u00e1:<a name=\"51\"><span class=\"versanumer\">51<\/span><\/a>Mundi l\u00f6gm\u00e1l vort d\u00e6ma mann, nema hann s\u00e9 yfirheyr\u00f0ur \u00e1\u00f0ur og a\u00f0 \u00fev\u00ed komist, hva\u00f0 hann hefur a\u00f0hafst?<a name=\"52\"><span class=\"versanumer\">52<\/span><\/a>\u00deeir sv\u00f6ru\u00f0u honum: Ert \u00fe\u00fa n\u00fa l\u00edka fr\u00e1 Gal\u00edleu? G\u00e1\u00f0u a\u00f0 og sj\u00e1\u00f0u, a\u00f0 enginn sp\u00e1ma\u00f0ur kemur \u00far Gal\u00edleu.<a name=\"53\"><span class=\"versanumer\">53<\/span><\/a>N\u00fa f\u00f3r hver heim til s\u00edn.<\/p>\n<div class=\"footnote1981\"><b>7.1<\/b> S\u00e1tu um l\u00edf Jes\u00fa J\u00f3h 5.18+<br \/>\n<b>7.2<\/b> Laufsk\u00e1lah\u00e1t\u00ed\u00f0in 3M\u00f3s 23.34; 4M\u00f3s 29.12-39; 5M\u00f3s 16.13-16<br \/>\n<b>7.3<\/b> Br\u00e6\u00f0ur hans Mrk 3.31+<br \/>\n<b>7.4<\/b> Opinbera sj\u00e1lfan sig J\u00f3h 2.18; 4.48; 6.30; sbr Matt 12.38-40<br \/>\n<b>7.6<\/b> Enn ekki kominn J\u00f3h 2.4+<br \/>\n<b>7.7<\/b> Hata\u00f0ur J\u00f3h 15.18 \u2013 verk hans eru vond J\u00f3h 3.19-21<br \/>\n<b>7.11<\/b> Leitu\u00f0u a\u00f0 Jes\u00fa J\u00f3h 11.56<br \/>\n<b>7.13<\/b> Af \u00f3tta vi\u00f0 yfirv\u00f6ld J\u00f3h 9.22; 19.38; 20.19<br \/>\n<b>7.15<\/b> L\u00e6r\u00f0ur Matt 13.54; L\u00fak 2.47<br \/>\n<b>7.16<\/b> Kenning Jes\u00fa fr\u00e1 Gu\u00f0i J\u00f3h 3.11-13,31-35; 5.19-23; 12.49; 14.10<br \/>\n<b>7.18<\/b> Leita eigin hei\u00f0urs J\u00f3h 8.50<br \/>\n<b>7.19<\/b> M\u00f3se gaf l\u00f6gm\u00e1li\u00f0 J\u00f3h 1.17 \u2013 halda ekki l\u00f6gm\u00e1li\u00f0 Post 7.53; R\u00f3m 2.21-24 \u2013 seti\u00f0 um l\u00edf Jes\u00fa J\u00f3h 5.18+<br \/>\n<b>7.20<\/b> Haldinn illum anda Mrk 3.22+<br \/>\n<b>7.21<\/b> Eitt verk J\u00f3h 5.16<br \/>\n<b>7.22<\/b> Umskurn 1M\u00f3s 17.10-13; 3M\u00f3s 12.3; R\u00f3m 4.11<br \/>\n<b>7.23<\/b> L\u00e6kning \u00e1 hv\u00edldardegi J\u00f3h 5.8-9,16; sbr Matt 12.1+<br \/>\n<b>7.24<\/b> Ekki eftir \u00fatliti Jes 11.3; J\u00f3h 8.15 \u2013 d\u00e6mi\u00f0 r\u00e9ttl\u00e1tan d\u00f3m 3M\u00f3s 19.15; Jes 11.4<br \/>\n<b>7.25<\/b> L\u00edfl\u00e1ta J\u00f3h 5.18+<br \/>\n<b>7.27<\/b> Vitum hva\u00f0an hann er J\u00f3h 9.29<br \/>\n<b>7.29<\/b> \u00c9g \u00feekki hann J\u00f3h 8.55; 17.25<br \/>\n<b>7.30<\/b> Stundin enn ekki komin J\u00f3h 2.4+ &#8211; \u00e6tlu\u00f0u a\u00f0 gr\u00edpa J\u00f3h 7.44<br \/>\n<b>7.31<\/b> Margir t\u00f3ku a\u00f0 tr\u00faa \u00e1 hann J\u00f3h 2.23; 8.30; 10.42; 11.45; 12.11,42; sbr 12.18-19<br \/>\n<b>7.33<\/b> Enn hj\u00e1 ykkur skamma stund J\u00f3h 13.33; 16.16-19; sbr 9.10 \u2013 til \u00feess, sem sendi mig J\u00f3h 16.5; 17.18 \u2013 brottf\u00f6r Jes\u00fa J\u00f3h 8.14,21-22; 13.3,36; 14.4-5,28; 16.5,10; 17.11,13<br \/>\n<b>7.34<\/b> Leita m\u00edn J\u00f3h 8.21; 13.33 \u2013 \u00fei\u00f0 geti\u00f0 ekki komist \u00feanga\u00f0 sem \u00e9g er J\u00f3h 13.36; sbr 17.24<br \/>\n<b>7.35<\/b> Kenna Grikkjum J\u00f3h 4.35-38; 12.20-24<br \/>\n<b>7.37<\/b> S\u00ed\u00f0asti dagur h\u00e1t\u00ed\u00f0arinnar 3M\u00f3s 23.36 \u2013 komi og drekki J\u00f3h 4.10,14<br \/>\n<b>7.38<\/b> L\u00e6kir lifandi vatns Okv 18.4; Jes 58.11; Sak 14.8<br \/>\n<b>7.39<\/b> Andinn J\u00f3h 16.7; 20.22; Post 2.4 \u2013 Jes\u00fas d\u00fdrlegur 1) \u00e1 jar\u00f0vistard\u00f6gum Jes\u00fa J\u00f3h 1.14; 2.11; 11.4; 2) \u00e1 krossinum J\u00f3h 12.16,23,28; 13.31-23; 17.5<br \/>\n<b>7.40<\/b> Sp\u00e1ma\u00f0urinn J\u00f3h 6.14; Matt 21.11+<br \/>\n<b>7.41<\/b> Hann er Kristur J\u00f3h 4.29; Post 9.22 \u2013 fr\u00e1 Gal\u00edleu J\u00f3h 7.52; sbr 1.46-47<br \/>\n<b>7.42<\/b> Af kyni Dav\u00ed\u00f0s 2Sam 7.12; Slm 89.4-5; Jer 23.5 \u2013 fr\u00e1 Betlehem M\u00edk 5.1; Matt 2.5-6<br \/>\n<b>7.43<\/b> Menn greindi \u00e1 J\u00f3h 9.16; 10.19; sbr 3.19-21<br \/>\n<b>7.44<\/b> Vildu gr\u00edpa hann J\u00f3h 7.30<br \/>\n<b>7.48<\/b> Nokkrir af h\u00f6f\u00f0ingjunum J\u00f3h 12.42<br \/>\n<b>7.50<\/b> Nik\u00f3demus J\u00f3h 3.1-2; 19.39<br \/>\n<b>7.51<\/b> Yfirheyra \u00e1\u00f0ur 5M\u00f3s 1.16<br \/>\n<b>7.52<\/b> Enginn sp\u00e1ma\u00f0ur \u00far Gal\u00edleu J\u00f3h 1.46; 7.41<\/div>\n","protected":false},"excerpt":{"rendered":"<p>1Eftir \u00feetta f\u00f3r Jes\u00fas um Gal\u00edleu. Hann vildi ekki fara um J\u00fadeu, s\u00f6kum \u00feess a\u00f0 Gy\u00f0ingar s\u00e1tu um l\u00edf hans.2N\u00fa f\u00f3r a\u00f0 h\u00e1t\u00ed\u00f0 Gy\u00f0inga, laufsk\u00e1lah\u00e1t\u00ed\u00f0in.3\u00de\u00e1 s\u00f6g\u00f0u br\u00e6\u00f0ur hans vi\u00f0 hann: Flyt \u00feig h\u00e9\u00f0an og far\u00f0u til J\u00fadeu, til \u00feess a\u00f0 l\u00e6risveinar \u00fe\u00ednir sj\u00e1i l\u00edka verkin \u00fe\u00edn, sem \u00fe\u00fa gj\u00f6rir.4\u00dev\u00ed enginn starfar \u00ed leynum, ef hann vill ver\u00f0a alkunnur. Fyrst \u00fe\u00fa vinnur sl\u00edk verk, \u00fe\u00e1 opinbera sj\u00e1lfan \u00feig heiminum.5\u00dev\u00ed jafnvel br\u00e6\u00f0ur hans tr\u00fa\u00f0u ekki \u00e1 hann.6Jes\u00fas sag\u00f0i vi\u00f0 \u00fe\u00e1: Minn t\u00edmi er ekki enn kominn, en y\u00f0ur hentar allur t\u00edmi.7Heimurinn getur ekki hata\u00f0 y\u00f0ur. Mig hatar hann, af \u00fev\u00ed \u00e9g vitna <a href=\"https:\/\/biblian.is\/1981\/johannesargudspjall-7-kafli\/\"> [&#8230;]<\/a><\/p>\n","protected":false},"author":1,"featured_media":0,"parent":0,"menu_order":0,"comment_status":"open","ping_status":"open","template":"bibliukaflar.php","meta":{"footnotes":""},"class_list":["post-2351","page","type-page","status-publish","hentry"],"_links":{"self":[{"href":"https:\/\/biblian.is\/1981\/wp-json\/wp\/v2\/pages\/2351","targetHints":{"allow":["GET"]}}],"collection":[{"href":"https:\/\/biblian.is\/1981\/wp-json\/wp\/v2\/pages"}],"about":[{"href":"https:\/\/biblian.is\/1981\/wp-json\/wp\/v2\/types\/page"}],"author":[{"embeddable":true,"href":"https:\/\/biblian.is\/1981\/wp-json\/wp\/v2\/users\/1"}],"replies":[{"embeddable":true,"href":"https:\/\/biblian.is\/1981\/wp-json\/wp\/v2\/comments?post=2351"}],"version-history":[{"count":0,"href":"https:\/\/biblian.is\/1981\/wp-json\/wp\/v2\/pages\/2351\/revisions"}],"wp:attachment":[{"href":"https:\/\/biblian.is\/1981\/wp-json\/wp\/v2\/media?parent=2351"}],"curies":[{"name":"wp","href":"https:\/\/api.w.org\/{rel}","templated":true}]}}