{"id":2350,"date":"2017-11-18T20:21:31","date_gmt":"2017-11-18T20:21:31","guid":{"rendered":"http:\/\/biblian.is\/1981\/johannesargudspjall-6-kafli\/"},"modified":"2017-11-18T20:21:31","modified_gmt":"2017-11-18T20:21:31","slug":"johannesargudspjall-6-kafli","status":"publish","type":"page","link":"https:\/\/biblian.is\/1981\/johannesargudspjall-6-kafli\/","title":{"rendered":"J\u00f3hannesargu\u00f0spjall 6. kafli"},"content":{"rendered":"<p><a name=\"1\"><span class=\"versanumer\">1<\/span><\/a>Eftir \u00feetta f\u00f3r Jes\u00fas yfir um Gal\u00edleuvatn e\u00f0a T\u00edber\u00edasvatn.<a name=\"2\"><span class=\"versanumer\">2<\/span><\/a>Mikill fj\u00f6ldi manna fylgdi honum, \u00fev\u00ed \u00feeir s\u00e1u \u00feau t\u00e1kn, er hann gj\u00f6r\u00f0i \u00e1 sj\u00faku f\u00f3lki.<a name=\"3\"><span class=\"versanumer\">3<\/span><\/a>\u00de\u00e1 f\u00f3r Jes\u00fas upp \u00e1 fjalli\u00f0 og settist \u00fear ni\u00f0ur me\u00f0 l\u00e6risveinum s\u00ednum.<a name=\"4\"><span class=\"versanumer\">4<\/span><\/a>\u00deetta var laust fyrir p\u00e1ska, h\u00e1t\u00ed\u00f0 Gy\u00f0inga.<a name=\"5\"><span class=\"versanumer\">5<\/span><\/a>Jes\u00fas leit upp og s\u00e1, a\u00f0 mikill mannfj\u00f6ldi kom til hans. Hann segir \u00fe\u00e1 vi\u00f0 Filippus: Hvar eigum v\u00e9r a\u00f0 kaupa brau\u00f0, a\u00f0 \u00feessir menn f\u00e1i a\u00f0 eta?<a name=\"6\"><span class=\"versanumer\">6<\/span><\/a>En \u00feetta sag\u00f0i hann til a\u00f0 reyna hann, \u00fev\u00ed hann vissi sj\u00e1lfur, hva\u00f0 hann \u00e6tla\u00f0i a\u00f0 gj\u00f6ra.<a name=\"7\"><span class=\"versanumer\">7<\/span><\/a>Filippus svara\u00f0i honum: Brau\u00f0 fyrir tv\u00f6 hundru\u00f0 denara n\u00e6g\u00f0u \u00feeim ekki, svo a\u00f0 hver fengi l\u00edti\u00f0 eitt.<a name=\"8\"><span class=\"versanumer\">8<\/span><\/a>Annar l\u00e6risveinn hans, Andr\u00e9s, br\u00f3\u00f0ir S\u00edmonar P\u00e9turs, segir \u00fe\u00e1 vi\u00f0 hann:<a name=\"9\"><span class=\"versanumer\">9<\/span><\/a>H\u00e9r er piltur, sem er me\u00f0 fimm byggbrau\u00f0 og tvo fiska, en hva\u00f0 er \u00fea\u00f0 handa svo m\u00f6rgum?<a name=\"10\"><span class=\"versanumer\">10<\/span><\/a>Jes\u00fas sag\u00f0i: L\u00e1ti\u00f0 f\u00f3lki\u00f0 setjast ni\u00f0ur. \u00dearna var gras miki\u00f0. Menn settust n\u00fa ni\u00f0ur, um fimm \u00fe\u00fasund karlmenn a\u00f0 t\u00f6lu.<a name=\"11\"><span class=\"versanumer\">11<\/span><\/a>N\u00fa t\u00f3k Jes\u00fas brau\u00f0in, gj\u00f6r\u00f0i \u00feakkir og skipti \u00feeim \u00fat til \u00feeirra, sem \u00fear s\u00e1tu, og eins af fiskunum, svo miki\u00f0 sem \u00feeir vildu.<a name=\"12\"><span class=\"versanumer\">12<\/span><\/a>\u00deegar \u00feeir voru mettir, segir hann vi\u00f0 l\u00e6risveina s\u00edna: Safni\u00f0 saman leifunum, svo ekkert spillist.<a name=\"13\"><span class=\"versanumer\">13<\/span><\/a>\u00deeir s\u00f6fnu\u00f0u \u00feeim saman og fylltu t\u00f3lf k\u00f6rfur me\u00f0 leifum byggbrau\u00f0anna fimm, sem af gengu hj\u00e1 \u00feeim, er neytt h\u00f6f\u00f0u.<a name=\"14\"><span class=\"versanumer\">14<\/span><\/a>\u00deegar menn s\u00e1u t\u00e1kni\u00f0, sem hann gj\u00f6r\u00f0i, s\u00f6g\u00f0u \u00feeir: \u00deessi ma\u00f0ur er sannarlega sp\u00e1ma\u00f0urinn, sem koma skal \u00ed heiminn.<a name=\"15\"><span class=\"versanumer\">15<\/span><\/a>Jes\u00fas vissi n\u00fa, a\u00f0 \u00feeir mundu koma og taka hann me\u00f0 valdi til a\u00f0 gj\u00f6ra hann a\u00f0 konungi, og v\u00e9k \u00fev\u00ed aftur upp til fjallsins einn s\u00edns li\u00f0s.<a name=\"16\"><span class=\"versanumer\">16<\/span><\/a>\u00deegar kv\u00f6ld var komi\u00f0, f\u00f3ru l\u00e6risveinar hans ni\u00f0ur a\u00f0 vatninu,<a name=\"17\"><span class=\"versanumer\">17<\/span><\/a>stigu \u00fat \u00ed b\u00e1t og l\u00f6g\u00f0u af sta\u00f0 yfir um vatni\u00f0 til Kapernaum. Myrkur var skolli\u00f0 \u00e1, og Jes\u00fas var ekki enn kominn til \u00feeirra.<a name=\"18\"><span class=\"versanumer\">18<\/span><\/a>Vind ger\u00f0i hvassan, og t\u00f3k vatni\u00f0 a\u00f0 \u00e6sast.<a name=\"19\"><span class=\"versanumer\">19<\/span><\/a>\u00deegar \u00feeir h\u00f6f\u00f0u r\u00f3i\u00f0 h\u00e9r um bil tuttugu og fimm e\u00f0a \u00ferj\u00e1t\u00edu skei\u00f0r\u00fam, s\u00e1u \u00feeir Jes\u00fa gangandi \u00e1 vatninu og n\u00e1lgast b\u00e1tinn. \u00deeir ur\u00f0u hr\u00e6ddir,<a name=\"20\"><span class=\"versanumer\">20<\/span><\/a>en hann sag\u00f0i vi\u00f0 \u00fe\u00e1: \u00dea\u00f0 er \u00e9g, \u00f3ttist eigi.<a name=\"21\"><span class=\"versanumer\">21<\/span><\/a>\u00deeir vildu \u00fe\u00e1 taka hann \u00ed b\u00e1tinn, en \u00ed s\u00f6mu svifum rann b\u00e1turinn a\u00f0 landi, \u00fear sem \u00feeir \u00e6tlu\u00f0u a\u00f0 lenda.<a name=\"22\"><span class=\"versanumer\">22<\/span><\/a>Daginn eftir s\u00e1 f\u00f3lki\u00f0, sem eftir var handan vatnsins, a\u00f0 \u00fear haf\u00f0i ekki veri\u00f0 nema einn b\u00e1tur og a\u00f0 Jes\u00fas haf\u00f0i ekki stigi\u00f0 \u00ed b\u00e1tinn me\u00f0 l\u00e6risveinum s\u00ednum, heldur h\u00f6f\u00f0u \u00feeir fari\u00f0 burt einir saman.<a name=\"23\"><span class=\"versanumer\">23<\/span><\/a>A\u00f0rir b\u00e1tar komu fr\u00e1 T\u00edber\u00edas \u00ed n\u00e1nd vi\u00f0 sta\u00f0inn, \u00fear sem \u00feeir h\u00f6f\u00f0u eti\u00f0 brau\u00f0i\u00f0, \u00feegar Drottinn gj\u00f6r\u00f0i \u00feakkir.<a name=\"24\"><span class=\"versanumer\">24<\/span><\/a>N\u00fa s\u00e1u menn, a\u00f0 Jes\u00fas var ekki \u00fearna fremur en l\u00e6risveinar hans. \u00deeir stigu \u00fev\u00ed \u00ed b\u00e1tana og komu til Kapernaum \u00ed leit a\u00f0 Jes\u00fa.<a name=\"25\"><span class=\"versanumer\">25<\/span><\/a>\u00deeir fundu hann hinum megin vi\u00f0 vatni\u00f0 og spur\u00f0u hann: Rabb\u00ed, n\u00e6r komstu hinga\u00f0?<a name=\"26\"><span class=\"versanumer\">26<\/span><\/a>Jes\u00fas svara\u00f0i \u00feeim: Sannlega, sannlega segi \u00e9g y\u00f0ur: \u00de\u00e9r leiti\u00f0 m\u00edn ekki af \u00fev\u00ed, a\u00f0 \u00fe\u00e9r s\u00e1u\u00f0 t\u00e1kn, heldur af \u00fev\u00ed, a\u00f0 \u00fe\u00e9r \u00e1tu\u00f0 af brau\u00f0unum og ur\u00f0u\u00f0 mettir.<a name=\"27\"><span class=\"versanumer\">27<\/span><\/a>Afli\u00f0 y\u00f0ur eigi \u00feeirrar f\u00e6\u00f0u, sem ey\u00f0ist, heldur \u00feeirrar f\u00e6\u00f0u, sem varir til eil\u00edfs l\u00edfs og Mannssonurinn mun gefa y\u00f0ur. \u00dev\u00ed \u00e1 hann hefur fa\u00f0irinn, Gu\u00f0 sj\u00e1lfur, sett innsigli sitt.<a name=\"28\"><span class=\"versanumer\">28<\/span><\/a>\u00de\u00e1 s\u00f6g\u00f0u \u00feeir vi\u00f0 hann: Hva\u00f0 eigum v\u00e9r a\u00f0 gj\u00f6ra, svo a\u00f0 v\u00e9r vinnum verk Gu\u00f0s?<a name=\"29\"><span class=\"versanumer\">29<\/span><\/a>Jes\u00fas svara\u00f0i \u00feeim: \u00deetta er verk Gu\u00f0s, a\u00f0 \u00fe\u00e9r tr\u00fai\u00f0 \u00e1 \u00feann, sem hann sendi.<a name=\"30\"><span class=\"versanumer\">30<\/span><\/a>\u00deeir spur\u00f0u hann \u00fe\u00e1: Hva\u00f0a t\u00e1kn gj\u00f6rir \u00fe\u00fa, svo a\u00f0 v\u00e9r sj\u00e1um og tr\u00faum \u00fe\u00e9r? Hva\u00f0 afrekar \u00fe\u00fa?<a name=\"31\"><span class=\"versanumer\">31<\/span><\/a>Fe\u00f0ur vorir \u00e1tu manna \u00ed ey\u00f0im\u00f6rkinni, eins og rita\u00f0 er: Brau\u00f0 af himni gaf hann \u00feeim a\u00f0 eta.<a name=\"32\"><span class=\"versanumer\">32<\/span><\/a>Jes\u00fas sag\u00f0i vi\u00f0 \u00fe\u00e1: Sannlega, sannlega segi \u00e9g y\u00f0ur: M\u00f3se gaf y\u00f0ur ekki brau\u00f0i\u00f0 af himni, heldur gefur fa\u00f0ir minn y\u00f0ur hi\u00f0 sanna brau\u00f0 af himni.<a name=\"33\"><span class=\"versanumer\">33<\/span><\/a>Brau\u00f0 Gu\u00f0s er s\u00e1, sem st\u00edgur ni\u00f0ur af himni og gefur heiminum l\u00edf.<a name=\"34\"><span class=\"versanumer\">34<\/span><\/a>\u00de\u00e1 s\u00f6g\u00f0u \u00feeir vi\u00f0 hann: Herra, gef oss \u00e6t\u00ed\u00f0 \u00feetta brau\u00f0.<a name=\"35\"><span class=\"versanumer\">35<\/span><\/a>Jes\u00fas sag\u00f0i \u00feeim: \u00c9g er brau\u00f0 l\u00edfsins. \u00deann mun ekki hungra, sem til m\u00edn kemur, og \u00feann aldrei \u00feyrsta, sem \u00e1 mig tr\u00fair.<a name=\"36\"><span class=\"versanumer\">36<\/span><\/a>En \u00e9g hef sagt vi\u00f0 y\u00f0ur: \u00de\u00e9r hafi\u00f0 s\u00e9\u00f0 mig og tr\u00fai\u00f0 \u00fe\u00f3 ekki.<a name=\"37\"><span class=\"versanumer\">37<\/span><\/a>Allt sem fa\u00f0irinn gefur m\u00e9r, mun koma til m\u00edn, og \u00feann sem kemur til m\u00edn, mun \u00e9g alls eigi brott reka.<a name=\"38\"><span class=\"versanumer\">38<\/span><\/a>\u00c9g er stiginn ni\u00f0ur af himni, ekki til a\u00f0 gj\u00f6ra vilja minn, heldur vilja \u00feess, er sendi mig.<a name=\"39\"><span class=\"versanumer\">39<\/span><\/a>En s\u00e1 er vilji \u00feess, sem sendi mig, a\u00f0 \u00e9g glati engu af \u00f6llu \u00fev\u00ed, sem hann hefur gefi\u00f0 m\u00e9r, heldur reisi \u00fea\u00f0 upp \u00e1 efsta degi.<a name=\"40\"><span class=\"versanumer\">40<\/span><\/a>\u00dev\u00ed s\u00e1 er vilji f\u00f6\u00f0ur m\u00edns, a\u00f0 hver sem s\u00e9r soninn og tr\u00fair \u00e1 hann, hafi eil\u00edft l\u00edf, og \u00e9g mun reisa hann upp \u00e1 efsta degi.<a name=\"41\"><span class=\"versanumer\">41<\/span><\/a>N\u00fa kom upp kurr me\u00f0al Gy\u00f0inga \u00fat af \u00fev\u00ed, a\u00f0 hann sag\u00f0i: \u00c9g er brau\u00f0i\u00f0, sem ni\u00f0ur steig af himni,<a name=\"42\"><span class=\"versanumer\">42<\/span><\/a>og \u00feeir s\u00f6g\u00f0u: Er \u00feetta ekki hann Jes\u00fas, sonur J\u00f3sefs? V\u00e9r \u00feekkjum b\u00e6\u00f0i f\u00f6\u00f0ur hans og m\u00f3\u00f0ur. Hvernig getur hann sagt, a\u00f0 hann s\u00e9 stiginn ni\u00f0ur af himni?<a name=\"43\"><span class=\"versanumer\">43<\/span><\/a>Jes\u00fas svara\u00f0i \u00feeim: Veri\u00f0 ekki me\u00f0 kurr y\u00f0ar \u00e1 me\u00f0al.<a name=\"44\"><span class=\"versanumer\">44<\/span><\/a>Enginn getur komi\u00f0 til m\u00edn, nema fa\u00f0irinn, sem sendi mig, dragi hann, og \u00e9g mun reisa hann upp \u00e1 efsta degi.<a name=\"45\"><span class=\"versanumer\">45<\/span><\/a>Hj\u00e1 sp\u00e1m\u00f6nnunum er skrifa\u00f0: \u00deeir munu allir ver\u00f0a af Gu\u00f0i fr\u00e6ddir. Hver sem hl\u00fd\u00f0ir \u00e1 f\u00f6\u00f0urinn og l\u00e6rir af honum, kemur til m\u00edn.<a name=\"46\"><span class=\"versanumer\">46<\/span><\/a>Ekki er \u00fea\u00f0 svo, a\u00f0 nokkur hafi s\u00e9\u00f0 f\u00f6\u00f0urinn. S\u00e1 einn, sem er fr\u00e1 Gu\u00f0i, hefur s\u00e9\u00f0 f\u00f6\u00f0urinn.<a name=\"47\"><span class=\"versanumer\">47<\/span><\/a>Sannlega, sannlega segi \u00e9g y\u00f0ur: S\u00e1 sem tr\u00fair, hefur eil\u00edft l\u00edf.<a name=\"48\"><span class=\"versanumer\">48<\/span><\/a>\u00c9g er brau\u00f0 l\u00edfsins.<a name=\"49\"><span class=\"versanumer\">49<\/span><\/a>Fe\u00f0ur y\u00f0ar \u00e1tu manna \u00ed ey\u00f0im\u00f6rkinni, en \u00feeir d\u00f3u.<a name=\"50\"><span class=\"versanumer\">50<\/span><\/a>\u00deetta er brau\u00f0i\u00f0, sem ni\u00f0ur st\u00edgur af himni. S\u00e1 sem etur af \u00fev\u00ed, deyr ekki.<a name=\"51\"><span class=\"versanumer\">51<\/span><\/a>\u00c9g er hi\u00f0 lifandi brau\u00f0, sem steig ni\u00f0ur af himni. Hver sem etur af \u00feessu brau\u00f0i, mun lifa a\u00f0 eil\u00edfu. Og brau\u00f0i\u00f0, sem \u00e9g mun gefa, er hold mitt, heiminum til l\u00edfs.<a name=\"52\"><span class=\"versanumer\">52<\/span><\/a>N\u00fa deildu Gy\u00f0ingar s\u00edn \u00e1 milli og s\u00f6g\u00f0u: Hvernig getur \u00feessi ma\u00f0ur gefi\u00f0 oss hold sitt a\u00f0 eta?<a name=\"53\"><span class=\"versanumer\">53<\/span><\/a>\u00de\u00e1 sag\u00f0i Jes\u00fas vi\u00f0 \u00fe\u00e1: Sannlega, sannlega segi \u00e9g y\u00f0ur: Ef \u00fe\u00e9r eti\u00f0 ekki hold Mannssonarins og drekki\u00f0 bl\u00f3\u00f0 hans, hafi\u00f0 \u00fe\u00e9r ekki l\u00edfi\u00f0 \u00ed y\u00f0ur.<a name=\"54\"><span class=\"versanumer\">54<\/span><\/a>S\u00e1 sem etur hold mitt og drekkur bl\u00f3\u00f0 mitt, hefur eil\u00edft l\u00edf, og \u00e9g reisi hann upp \u00e1 efsta degi.<a name=\"55\"><span class=\"versanumer\">55<\/span><\/a>Hold mitt er s\u00f6nn f\u00e6\u00f0a, og bl\u00f3\u00f0 mitt er sannur drykkur.<a name=\"56\"><span class=\"versanumer\">56<\/span><\/a>S\u00e1 sem etur hold mitt og drekkur bl\u00f3\u00f0 mitt, er \u00ed m\u00e9r og \u00e9g \u00ed honum.<a name=\"57\"><span class=\"versanumer\">57<\/span><\/a>Eins og hinn lifandi fa\u00f0ir sendi mig og \u00e9g lifi fyrir f\u00f6\u00f0urinn, svo mun s\u00e1 lifa fyrir mig, sem mig etur.<a name=\"58\"><span class=\"versanumer\">58<\/span><\/a>\u00deetta er \u00fea\u00f0 brau\u00f0, sem ni\u00f0ur steig af himni. \u00dea\u00f0 er ekki eins og brau\u00f0i\u00f0, sem fe\u00f0urnir \u00e1tu og d\u00f3u. S\u00e1 sem etur \u00feetta brau\u00f0, mun lifa a\u00f0 eil\u00edfu.<a name=\"59\"><span class=\"versanumer\">59<\/span><\/a>\u00deetta sag\u00f0i hann, \u00feegar hann var a\u00f0 kenna \u00ed samkundunni \u00ed Kapernaum.<a name=\"60\"><span class=\"versanumer\">60<\/span><\/a>Margir af l\u00e6risveinum hans, er \u00e1 hl\u00fdddu, s\u00f6g\u00f0u: \u00deung er \u00feessi r\u00e6\u00f0a. Hver getur hlusta\u00f0 \u00e1 hana?<a name=\"61\"><span class=\"versanumer\">61<\/span><\/a>Jes\u00fas vissi me\u00f0 sj\u00e1lfum s\u00e9r, a\u00f0 kurr var me\u00f0 l\u00e6risveinum hans \u00fat af \u00feessu, og sag\u00f0i vi\u00f0 \u00fe\u00e1: Hneykslar \u00feetta y\u00f0ur?<a name=\"62\"><span class=\"versanumer\">62<\/span><\/a>En ef \u00fe\u00e9r s\u00e6ju\u00f0 Mannssoninn st\u00edga upp \u00feanga\u00f0, sem hann \u00e1\u00f0ur var?<a name=\"63\"><span class=\"versanumer\">63<\/span><\/a>\u00dea\u00f0 er andinn, sem l\u00edfgar, holdi\u00f0 megnar ekkert. Or\u00f0in, sem \u00e9g hef tala\u00f0 til y\u00f0ar, \u00feau eru andi og \u00feau eru l\u00edf.<a name=\"64\"><span class=\"versanumer\">64<\/span><\/a>En me\u00f0al y\u00f0ar eru nokkrir, sem ekki tr\u00faa. Jes\u00fas vissi fr\u00e1 upphafi, hverjir \u00feeir voru, sem tr\u00fa\u00f0u ekki, og hver s\u00e1 var, sem mundi sv\u00edkja hann.<a name=\"65\"><span class=\"versanumer\">65<\/span><\/a>Og hann b\u00e6tti vi\u00f0: Vegna \u00feess sag\u00f0i \u00e9g vi\u00f0 y\u00f0ur: Enginn getur komi\u00f0 til m\u00edn, nema fa\u00f0irinn veiti honum \u00fea\u00f0.<a name=\"66\"><span class=\"versanumer\">66<\/span><\/a>Upp \u00far \u00feessu hurfu margir af l\u00e6risveinum hans fr\u00e1 og voru ekki framar me\u00f0 honum.<a name=\"67\"><span class=\"versanumer\">67<\/span><\/a>\u00de\u00e1 sag\u00f0i Jes\u00fas vi\u00f0 \u00fe\u00e1 t\u00f3lf: \u00c6tli\u00f0 \u00fe\u00e9r a\u00f0 fara l\u00edka?<a name=\"68\"><span class=\"versanumer\">68<\/span><\/a>S\u00edmon P\u00e9tur svara\u00f0i honum: Herra, til hvers \u00e6ttum v\u00e9r a\u00f0 fara? \u00de\u00fa hefur or\u00f0 eil\u00edfs l\u00edfs,<a name=\"69\"><span class=\"versanumer\">69<\/span><\/a>og v\u00e9r tr\u00faum og vitum, a\u00f0 \u00fe\u00fa ert hinn heilagi Gu\u00f0s.<a name=\"70\"><span class=\"versanumer\">70<\/span><\/a>Jes\u00fas svara\u00f0i \u00feeim: Hef \u00e9g eigi sj\u00e1lfur \u00fatvali\u00f0 y\u00f0ur t\u00f3lf? \u00de\u00f3 er einn y\u00f0ar dj\u00f6full.<a name=\"71\"><span class=\"versanumer\">71<\/span><\/a>En hann \u00e1tti vi\u00f0 J\u00fadas S\u00edmonarson \u00cdskar\u00edots, sem var\u00f0 til a\u00f0 sv\u00edkja hann, einn \u00feeirra t\u00f3lf.<\/p>\n<div class=\"footnote1981\"><b>6.2<\/b> Mannfj\u00f6ldinn fylgir Jes\u00fa Matt 4.25; 8.1; 12.15; 19.2; 20.29; Mrk 5.24; L\u00fak 9.11 \u2013 s\u00e1u \u00feau t\u00e1kn &#8230; J\u00f3h 2.23+ ; 6.14<br \/>\n<b>6.3<\/b> Upp \u00e1 fjalli\u00f0 Matt 5.1; 24.3; Mrk 3.13; L\u00fak 22.39<br \/>\n<b>6.4<\/b> Laust fyrir p\u00e1ska L\u00fak 22.1; J\u00f3h 2.13+<br \/>\n<b>6.6<\/b> Jes\u00fas vissi J\u00f3h 1.48; 2.25; 4.17-19,29; 6.61,64,71; 13.11,27-28; 16.19,30; 18.4; 21.17<br \/>\n<b>6.8<\/b> Andr\u00e9s Matt 4.18+<br \/>\n<b>6.9<\/b> Brau\u00f0 og fiskar J\u00f3h 21.9,13 \u2013 sbr 2Kon 4.42-44<br \/>\n<b>6.14<\/b> Sp\u00e1ma\u00f0urinn Matt 21.11+ ; Post 7.37<br \/>\n<b>6.15<\/b> Gera a\u00f0 konungi J\u00f3h 18.36 \u2013 aftur upp til fjallsins Matt 14.23; 15.29; Mrk 6.46; L\u00fak 6.12<br \/>\n<b>6.20<\/b> \u00dea\u00f0 er \u00e9g Matt 14.27; sbr Mrk 16.6+<br \/>\n<b>6.26<\/b> Sj\u00e1 t\u00e1kn og tr\u00faa J\u00f3h 2.11 \u2013 eta og mettast J\u00f3h 6.11-12<br \/>\n<b>6.27<\/b> Til eil\u00edfs l\u00edfs J\u00f3h 14.4; 6.50,51,54,58 \u2013 Mannssonurinn Matt 8.20+ &#8211; veitt honum vald Ef 1.14; 4.30; Opb 7.3-4<br \/>\n<b>6.28<\/b> Verk Gu\u00f0s J\u00f3h 9.4; 1Kor 15.58<br \/>\n<b>6.29<\/b> Tr\u00faa R\u00f3m 3.28<br \/>\n<b>6.30<\/b> Hva\u00f0a t\u00e1kn? J\u00f3h 2.18+<br \/>\n<b>6.31<\/b> Manna 2M\u00f3s 16.15; 4M\u00f3s 11.7-9; 5M\u00f3s 8.3; Neh 9.15; SSal 16.20; J\u00f3h 6.49,58 \u2013 gaf hann \u00feeim &#8230; Slm 78.24; 105.40<br \/>\n<b>6.33<\/b> Brau\u00f0 Gu\u00f0s J\u00f3h 6.41,51<br \/>\n<b>6.34<\/b> Gef okkur \u00e6t\u00ed\u00f0 &#8230; J\u00f3h 4.15 \u2013 gef okkur Matt 6.11; L\u00fak 11.3<br \/>\n<b>6.35<\/b> \u00c9g er &#8230; J\u00f3h 8.12; 10.7,9; 11.25; 14.6; 15.1 \u2013 brau\u00f0 l\u00edfsins J\u00f3h 6.48,51,58 \u2013 aldrei \u00feyrsta J\u00f3h 4.14<br \/>\n<b>6.36<\/b> Sj\u00e1 og tr\u00faa J\u00f3h 20.29; sbr 9.41<br \/>\n<b>6.37<\/b> Allt sem fa\u00f0irinn gefur m\u00e9r J\u00f3h 17.2,6-7,24 \u2013 \u00feann sem kemur til m\u00edn Matt 11.28<br \/>\n<b>6.38<\/b> Ekki vilja minn heldur &#8230; Mrk 14.36 og hlst.; J\u00f3h 4.34; 5.30<br \/>\n<b>6.39<\/b> \u00d6llu \u00fev\u00ed, sem hann hefur gefi\u00f0 m\u00e9r Matt 18.14; J\u00f3h 10.28-29; 17.12; 18.9 \u2013 \u00e1 efsta degi J\u00f3h 6.44,54; 11.24; sbr 5.28-29; 14.3,19<br \/>\n<b>6.41<\/b> Kurr 2M\u00f3s 16.2-8 \u2013 bau\u00f0 af himni J\u00f3h 6.33,35,51,58<br \/>\n<b>6.42<\/b> Sonur J\u00f3sefs Mrk 6.3 og hlst.<br \/>\n<b>6.44<\/b> Nema fa\u00f0irinn la\u00f0i hann J\u00f3h 6.65 \u2013 reisa hann upp \u00e1 efsta degi J\u00f3h 6.39+<br \/>\n<b>6.45<\/b> Gu\u00f0 mun kenna \u00feeim Jes 54.13; sbr Jer 31.33-34; 1\u00deess 4.9<br \/>\n<b>6.46<\/b> Enginn hefur s\u00e9r f\u00f6\u00f0urinn J\u00f3h 1.18<br \/>\n<b>6.47<\/b> Tr\u00fa og eil\u00edft l\u00edf J\u00f3h 3.15,16,36<br \/>\n<b>6.48<\/b> Brau\u00f0 l\u00edfsins J\u00f3h 6.35+<br \/>\n<b>6.49<\/b> Manna J\u00f3h 6.31+<br \/>\n<b>6.50-51<\/b> Hi\u00f0 lifandi brau\u00f0 J\u00f3h 6.33,58<br \/>\n<b>6.51<\/b> L\u00edkami minn J\u00f3h 3.6+ &#8211; gefa J\u00f3h 10.11,15; 11.50-52; 15.13; 17.19; 18.14; 1J\u00f3h 3.16<br \/>\n<b>6.54<\/b> Reisi hann upp \u00e1 efsta degi J\u00f3h 6.39+<br \/>\n<b>6.56<\/b> Vera \u00ed Jes\u00fa J\u00f3h 15.5; sbr 1J\u00f3h 3.24<br \/>\n<b>6.62<\/b> Mannssonurinn Matt 8.20+ &#8211; st\u00edga upp &#8230; Post 1.9-11<br \/>\n<b>6.63<\/b> Andinn l\u00edfgar 2Kor 3.6 \u2013 ma\u00f0urinn megnar ekkert J\u00f3h 3.6<br \/>\n<b>6.64<\/b> Vissi fr\u00e1 upphafi J\u00f3h 13.11<br \/>\n<b>6.65<\/b> Nema fa\u00f0irinn &#8230; J\u00f3h 6.44<br \/>\n<b>6.68<\/b> Or\u00f0 eil\u00edfs l\u00edfs J\u00f3h 6.63<br \/>\n<b>6.69<\/b> Hinn heilagi Gu\u00f0s Mrk 1.24+ ; sbr J\u00f3h 10.36; 17.18; Matt 16.16-23; Mrk 8.27-33; L\u00fak 9.18-22<br \/>\n<b>6.70<\/b> \u00datvali\u00f0 J\u00f3h 15.16<br \/>\n<b>6.71<\/b> J\u00fadas J\u00f3h 12.4; Matt 10.4+<\/div>\n","protected":false},"excerpt":{"rendered":"<p>1Eftir \u00feetta f\u00f3r Jes\u00fas yfir um Gal\u00edleuvatn e\u00f0a T\u00edber\u00edasvatn.2Mikill fj\u00f6ldi manna fylgdi honum, \u00fev\u00ed \u00feeir s\u00e1u \u00feau t\u00e1kn, er hann gj\u00f6r\u00f0i \u00e1 sj\u00faku f\u00f3lki.3\u00de\u00e1 f\u00f3r Jes\u00fas upp \u00e1 fjalli\u00f0 og settist \u00fear ni\u00f0ur me\u00f0 l\u00e6risveinum s\u00ednum.4\u00deetta var laust fyrir p\u00e1ska, h\u00e1t\u00ed\u00f0 Gy\u00f0inga.5Jes\u00fas leit upp og s\u00e1, a\u00f0 mikill mannfj\u00f6ldi kom til hans. Hann segir \u00fe\u00e1 vi\u00f0 Filippus: Hvar eigum v\u00e9r a\u00f0 kaupa brau\u00f0, a\u00f0 \u00feessir menn f\u00e1i a\u00f0 eta?6En \u00feetta sag\u00f0i hann til a\u00f0 reyna hann, \u00fev\u00ed hann vissi sj\u00e1lfur, hva\u00f0 hann \u00e6tla\u00f0i a\u00f0 gj\u00f6ra.7Filippus svara\u00f0i honum: Brau\u00f0 fyrir tv\u00f6 hundru\u00f0 denara n\u00e6g\u00f0u \u00feeim ekki, svo a\u00f0 hver fengi l\u00edti\u00f0 <a href=\"https:\/\/biblian.is\/1981\/johannesargudspjall-6-kafli\/\"> [&#8230;]<\/a><\/p>\n","protected":false},"author":1,"featured_media":0,"parent":0,"menu_order":0,"comment_status":"open","ping_status":"open","template":"bibliukaflar.php","meta":{"footnotes":""},"class_list":["post-2350","page","type-page","status-publish","hentry"],"_links":{"self":[{"href":"https:\/\/biblian.is\/1981\/wp-json\/wp\/v2\/pages\/2350","targetHints":{"allow":["GET"]}}],"collection":[{"href":"https:\/\/biblian.is\/1981\/wp-json\/wp\/v2\/pages"}],"about":[{"href":"https:\/\/biblian.is\/1981\/wp-json\/wp\/v2\/types\/page"}],"author":[{"embeddable":true,"href":"https:\/\/biblian.is\/1981\/wp-json\/wp\/v2\/users\/1"}],"replies":[{"embeddable":true,"href":"https:\/\/biblian.is\/1981\/wp-json\/wp\/v2\/comments?post=2350"}],"version-history":[{"count":0,"href":"https:\/\/biblian.is\/1981\/wp-json\/wp\/v2\/pages\/2350\/revisions"}],"wp:attachment":[{"href":"https:\/\/biblian.is\/1981\/wp-json\/wp\/v2\/media?parent=2350"}],"curies":[{"name":"wp","href":"https:\/\/api.w.org\/{rel}","templated":true}]}}