{"id":2348,"date":"2017-11-18T20:21:31","date_gmt":"2017-11-18T20:21:31","guid":{"rendered":"http:\/\/biblian.is\/1981\/johannesargudspjall-4-kafli\/"},"modified":"2017-11-18T20:21:31","modified_gmt":"2017-11-18T20:21:31","slug":"johannesargudspjall-4-kafli","status":"publish","type":"page","link":"https:\/\/biblian.is\/1981\/johannesargudspjall-4-kafli\/","title":{"rendered":"J\u00f3hannesargu\u00f0spjall 4. kafli"},"content":{"rendered":"<p><a name=\"1\"><span class=\"versanumer\">1<\/span><\/a>Er Jes\u00fas var\u00f0 \u00feess v\u00eds, a\u00f0 far\u00edsear hef\u00f0u heyrt, a\u00f0 hann fengi fleiri l\u00e6risveina og sk\u00edr\u00f0i fleiri en J\u00f3hannes,<a name=\"2\"><span class=\"versanumer\">2<\/span><\/a>reyndar sk\u00edr\u00f0i Jes\u00fas ekki sj\u00e1lfur, heldur l\u00e6risveinar hans<a name=\"3\"><span class=\"versanumer\">3<\/span><\/a>\u00fe\u00e1 hvarf hann brott \u00far J\u00fadeu og h\u00e9lt aftur til Gal\u00edleu.<a name=\"4\"><span class=\"versanumer\">4<\/span><\/a>Hann var\u00f0 a\u00f0 fara um Samar\u00edu.<a name=\"5\"><span class=\"versanumer\">5<\/span><\/a>N\u00fa kemur hann til borgar \u00ed Samar\u00edu, er S\u00edkar heitir, n\u00e1l\u00e6gt \u00feeirri landspildu, sem Jakob gaf J\u00f3sef syni s\u00ednum.<a name=\"6\"><span class=\"versanumer\">6<\/span><\/a>\u00dear var Jakobsbrunnur. Jes\u00fas var vegm\u00f3\u00f0ur, og settist hann \u00fearna vi\u00f0 brunninn. \u00deetta var um h\u00e1degisbil.<a name=\"7\"><span class=\"versanumer\">7<\/span><\/a>Samversk kona kemur a\u00f0 s\u00e6kja vatn. Jes\u00fas segir vi\u00f0 hana: Gef m\u00e9r a\u00f0 drekka.<a name=\"8\"><span class=\"versanumer\">8<\/span><\/a>En l\u00e6risveinar hans h\u00f6f\u00f0u fari\u00f0 inn \u00ed borgina a\u00f0 kaupa vistir.<a name=\"9\"><span class=\"versanumer\">9<\/span><\/a>\u00de\u00e1 segir samverska konan vi\u00f0 hann: Hverju s\u00e6tir, a\u00f0 \u00fe\u00fa, sem ert Gy\u00f0ingur, bi\u00f0ur mig um a\u00f0 drekka, samverska konu?  En Gy\u00f0ingar hafa ekki samneyti vi\u00f0 Samverja.<a name=\"10\"><span class=\"versanumer\">10<\/span><\/a>Jes\u00fas svara\u00f0i henni: Ef \u00fe\u00fa \u00feekktir gj\u00f6f Gu\u00f0s og vissir, hver s\u00e1 er, sem segir vi\u00f0 \u00feig: Gef m\u00e9r a\u00f0 drekka, \u00fe\u00e1 mundir \u00fe\u00fa bi\u00f0ja hann, og hann g\u00e6fi \u00fe\u00e9r lifandi vatn.<a name=\"11\"><span class=\"versanumer\">11<\/span><\/a>H\u00fan segir vi\u00f0 hann: Herra, \u00fe\u00fa hefur enga skj\u00f3lu a\u00f0 ausa me\u00f0, og brunnurinn er dj\u00fapur. Hva\u00f0an hefur \u00fe\u00fa \u00feetta lifandi vatn?<a name=\"12\"><span class=\"versanumer\">12<\/span><\/a>Ertu meiri en Jakob forfa\u00f0ir vor, sem gaf oss brunninn og drakk sj\u00e1lfur \u00far honum og synir hans og f\u00e9na\u00f0ur?<a name=\"13\"><span class=\"versanumer\">13<\/span><\/a>Jes\u00fas svara\u00f0i: Hvern sem drekkur af \u00feessu vatni mun aftur \u00feyrsta,<a name=\"14\"><span class=\"versanumer\">14<\/span><\/a>en hvern sem drekkur af vatninu, er \u00e9g gef honum, mun aldrei \u00feyrsta a\u00f0 eil\u00edfu. \u00dev\u00ed vatni\u00f0, sem \u00e9g gef honum, ver\u00f0ur \u00ed honum a\u00f0 lind, sem streymir fram til eil\u00edfs l\u00edfs.<a name=\"15\"><span class=\"versanumer\">15<\/span><\/a>\u00de\u00e1 segir konan vi\u00f0 hann: Herra, gef m\u00e9r \u00feetta vatn, svo a\u00f0 mig \u00feyrsti ekki og \u00e9g \u00feurfi ekki a\u00f0 fara hinga\u00f0 a\u00f0 ausa.<a name=\"16\"><span class=\"versanumer\">16<\/span><\/a>Hann segir vi\u00f0 hana: Far\u00f0u, kalla\u00f0u \u00e1 manninn \u00feinn, og komdu hinga\u00f0.<a name=\"17\"><span class=\"versanumer\">17<\/span><\/a>Konan svara\u00f0i: \u00c9g \u00e1 engan mann. Jes\u00fas segir vi\u00f0 hana: R\u00e9tt er \u00fea\u00f0, a\u00f0 \u00fe\u00fa eigir engan mann,<a name=\"18\"><span class=\"versanumer\">18<\/span><\/a>\u00fev\u00ed \u00fe\u00fa hefur \u00e1tt fimm menn, og s\u00e1 sem \u00fe\u00fa \u00e1tt n\u00fa, er ekki \u00feinn ma\u00f0ur. \u00deetta sag\u00f0ir \u00fe\u00fa satt.<a name=\"19\"><span class=\"versanumer\">19<\/span><\/a>Konan segir vi\u00f0 hann: Herra, n\u00fa s\u00e9 \u00e9g, a\u00f0 \u00fe\u00fa ert sp\u00e1ma\u00f0ur.<a name=\"20\"><span class=\"versanumer\">20<\/span><\/a>Fe\u00f0ur vorir hafa tilbe\u00f0i\u00f0 Gu\u00f0 \u00e1 \u00feessu fjalli, en \u00fe\u00e9r segi\u00f0, a\u00f0 \u00ed Jer\u00fasalem s\u00e9 s\u00e1 sta\u00f0ur, \u00fear sem tilbi\u00f0ja skuli.<a name=\"21\"><span class=\"versanumer\">21<\/span><\/a>Jes\u00fas segir vi\u00f0 hana: Tr\u00fa \u00fe\u00fa m\u00e9r, kona. S\u00fa stund kemur, a\u00f0 \u00fe\u00e9r munu\u00f0 hvorki tilbi\u00f0ja f\u00f6\u00f0urinn \u00e1 \u00feessu fjalli n\u00e9 \u00ed Jer\u00fasalem.<a name=\"22\"><span class=\"versanumer\">22<\/span><\/a>\u00de\u00e9r tilbi\u00f0ji\u00f0 \u00fea\u00f0, sem \u00fe\u00e9r \u00feekki\u00f0 ekki. V\u00e9r tilbi\u00f0jum \u00fea\u00f0, sem v\u00e9r \u00feekkjum, \u00fev\u00ed hj\u00e1lpr\u00e6\u00f0i\u00f0 kemur fr\u00e1 Gy\u00f0ingum.<a name=\"23\"><span class=\"versanumer\">23<\/span><\/a>En s\u00fa stund kemur, j\u00e1, h\u00fan er n\u00fa komin, er hinir s\u00f6nnu tilbi\u00f0jendur munu tilbi\u00f0ja f\u00f6\u00f0urinn \u00ed anda og sannleika. Fa\u00f0irinn leitar sl\u00edkra, er \u00feannig tilbi\u00f0ja hann.<a name=\"24\"><span class=\"versanumer\">24<\/span><\/a>Gu\u00f0 er andi, og \u00feeir, sem tilbi\u00f0ja hann, eiga a\u00f0 tilbi\u00f0ja \u00ed anda og sannleika.<a name=\"25\"><span class=\"versanumer\">25<\/span><\/a>Konan segir vi\u00f0 hann: \u00c9g veit, a\u00f0 Mess\u00edas kemur \u00fea\u00f0 er Kristur. \u00deegar hann kemur, mun hann kunngj\u00f6ra oss allt.<a name=\"26\"><span class=\"versanumer\">26<\/span><\/a>Jes\u00fas segir vi\u00f0 hana: \u00c9g er hann, \u00e9g sem vi\u00f0 \u00feig tala.<a name=\"27\"><span class=\"versanumer\">27<\/span><\/a>\u00cd sama bili komu l\u00e6risveinar hans og fur\u00f0u\u00f0u sig \u00e1 \u00fev\u00ed, a\u00f0 hann var a\u00f0 tala vi\u00f0 konu. \u00de\u00f3 sag\u00f0i enginn: Hva\u00f0 viltu? e\u00f0a: Hva\u00f0 ertu a\u00f0 tala vi\u00f0 hana?<a name=\"28\"><span class=\"versanumer\">28<\/span><\/a>N\u00fa skildi konan eftir skj\u00f3lu s\u00edna, f\u00f3r inn \u00ed borgina og sag\u00f0i vi\u00f0 menn:<a name=\"29\"><span class=\"versanumer\">29<\/span><\/a>Komi\u00f0 og sj\u00e1i\u00f0 mann, er sag\u00f0i m\u00e9r allt, sem \u00e9g hef gj\u00f6rt. Skyldi hann vera Kristur?<a name=\"30\"><span class=\"versanumer\">30<\/span><\/a>\u00deeir f\u00f3ru \u00far borginni og komu til hans.<a name=\"31\"><span class=\"versanumer\">31<\/span><\/a>Me\u00f0an \u00feessu f\u00f3r fram, b\u00e1\u00f0u l\u00e6risveinarnir hann: Rabb\u00ed, f\u00e1 \u00fe\u00e9r a\u00f0 eta.<a name=\"32\"><span class=\"versanumer\">32<\/span><\/a>Hann svara\u00f0i \u00feeim: \u00c9g hef mat a\u00f0 eta, sem \u00fe\u00e9r viti\u00f0 ekki um.<a name=\"33\"><span class=\"versanumer\">33<\/span><\/a>\u00de\u00e1 s\u00f6g\u00f0u l\u00e6risveinarnir s\u00edn \u00e1 milli: Skyldi nokkur hafa f\u00e6rt honum a\u00f0 eta?<a name=\"34\"><span class=\"versanumer\">34<\/span><\/a>Jes\u00fas sag\u00f0i vi\u00f0 \u00fe\u00e1: Minn matur er a\u00f0 gj\u00f6ra vilja \u00feess, sem sendi mig, og fullna verk hans.<a name=\"35\"><span class=\"versanumer\">35<\/span><\/a>Segi\u00f0 \u00fe\u00e9r ekki: Enn eru fj\u00f3rir m\u00e1nu\u00f0ir, \u00fe\u00e1 kemur uppskeran? En \u00e9g segi y\u00f0ur: L\u00edti\u00f0 upp og horfi\u00f0 \u00e1 akrana, \u00feeir eru hv\u00edtir til uppskeru.<a name=\"36\"><span class=\"versanumer\">36<\/span><\/a>S\u00e1 sem upp sker, tekur \u00feegar laun og safnar \u00e1vexti til eil\u00edfs l\u00edfs, svo a\u00f0 s\u00e1 gle\u00f0jist, er s\u00e1ir, og me\u00f0 honum hinn, sem upp sker.<a name=\"37\"><span class=\"versanumer\">37<\/span><\/a>H\u00e9r sannast or\u00f0taki\u00f0: Einn s\u00e1ir, og annar sker upp.<a name=\"38\"><span class=\"versanumer\">38<\/span><\/a>\u00c9g sendi y\u00f0ur a\u00f0 skera upp \u00fea\u00f0 sem \u00fe\u00e9r hafi\u00f0 ekki unni\u00f0 vi\u00f0. A\u00f0rir hafa erfi\u00f0a\u00f0, en \u00fe\u00e9r eru\u00f0 gengnir inn \u00ed erfi\u00f0i \u00feeirra.<a name=\"39\"><span class=\"versanumer\">39<\/span><\/a>Margir Samverjar \u00far \u00feessari borg tr\u00fa\u00f0u \u00e1 hann vegna or\u00f0a konunnar, sem vitna\u00f0i um \u00fea\u00f0, a\u00f0 hann hef\u00f0i sagt henni allt, sem h\u00fan haf\u00f0i gj\u00f6rt.<a name=\"40\"><span class=\"versanumer\">40<\/span><\/a>\u00deegar \u00fev\u00ed Samverjarnir komu til hans, b\u00e1\u00f0u \u00feeir hann a\u00f0 staldra vi\u00f0 hj\u00e1 s\u00e9r. Var hann \u00fear um kyrrt tvo daga.<a name=\"41\"><span class=\"versanumer\">41<\/span><\/a>Og miklu fleiri t\u00f3ku tr\u00fa, \u00feegar \u00feeir heyr\u00f0u hann sj\u00e1lfan.<a name=\"42\"><span class=\"versanumer\">42<\/span><\/a>\u00deeir s\u00f6g\u00f0u vi\u00f0 konuna: \u00dea\u00f0 er ekki lengur sakir or\u00f0a \u00feinna, a\u00f0 v\u00e9r tr\u00faum, \u00fev\u00ed a\u00f0 v\u00e9r h\u00f6fum sj\u00e1lfir heyrt hann og vitum, a\u00f0 hann er sannarlega frelsari heimsins.<a name=\"43\"><span class=\"versanumer\">43<\/span><\/a>Eftir \u00feessa tvo daga f\u00f3r hann \u00fea\u00f0an til Gal\u00edleu.<a name=\"44\"><span class=\"versanumer\">44<\/span><\/a>En sj\u00e1lfur haf\u00f0i Jes\u00fas sagt, a\u00f0 sp\u00e1ma\u00f0ur v\u00e6ri ekki metinn \u00ed f\u00f6\u00f0urlandi s\u00ednu.<a name=\"45\"><span class=\"versanumer\">45<\/span><\/a>\u00deegar hann kom n\u00fa til Gal\u00edleu, t\u00f3ku Gal\u00edleumenn honum vel, \u00fear e\u00f0 \u00feeir h\u00f6f\u00f0u s\u00e9\u00f0 allt sem hann gj\u00f6r\u00f0i \u00e1 h\u00e1t\u00ed\u00f0inni \u00ed Jer\u00fasalem, enda h\u00f6f\u00f0u \u00feeir sj\u00e1lfir s\u00f3tt h\u00e1t\u00ed\u00f0ina.<a name=\"46\"><span class=\"versanumer\">46<\/span><\/a>N\u00fa kom hann aftur til Kana \u00ed Gal\u00edleu, \u00fear sem hann haf\u00f0i gj\u00f6rt vatn a\u00f0 v\u00edni. \u00cd Kapernaum var konungsma\u00f0ur nokkur, sem \u00e1tti sj\u00fakan son.<a name=\"47\"><span class=\"versanumer\">47<\/span><\/a>\u00deegar hann fr\u00e9tti, a\u00f0 Jes\u00fas v\u00e6ri kominn fr\u00e1 J\u00fadeu til Gal\u00edleu, f\u00f3r hann til hans og ba\u00f0 hann a\u00f0 koma ni\u00f0ur eftir og l\u00e6kna son sinn. En hann var dau\u00f0vona.<a name=\"48\"><span class=\"versanumer\">48<\/span><\/a>\u00de\u00e1 sag\u00f0i Jes\u00fas vi\u00f0 hann: \u00de\u00e9r tr\u00fai\u00f0 ekki, nema \u00fe\u00e9r sj\u00e1i\u00f0 t\u00e1kn og st\u00f3rmerki.<a name=\"49\"><span class=\"versanumer\">49<\/span><\/a>Konungsma\u00f0ur ba\u00f0 hann: Herra, kom \u00fe\u00fa \u00e1\u00f0ur en barni\u00f0 mitt andast.<a name=\"50\"><span class=\"versanumer\">50<\/span><\/a>Jes\u00fas svara\u00f0i: Far \u00fe\u00fa, sonur \u00feinn lifir. Ma\u00f0urinn tr\u00fa\u00f0i \u00fev\u00ed or\u00f0i, sem Jes\u00fas m\u00e6lti til hans, og f\u00f3r af sta\u00f0.<a name=\"51\"><span class=\"versanumer\">51<\/span><\/a>En me\u00f0an hann var \u00e1 lei\u00f0inni ofan eftir, m\u00e6ttu honum \u00fej\u00f3nar hans og s\u00f6g\u00f0u, a\u00f0 sonur hans v\u00e6ri \u00e1 l\u00edfi.<a name=\"52\"><span class=\"versanumer\">52<\/span><\/a>Hann spur\u00f0i \u00fe\u00e1, hven\u00e6r honum hef\u00f0i fari\u00f0 a\u00f0 l\u00e9tta, og \u00feeir sv\u00f6ru\u00f0u: \u00cd g\u00e6r upp \u00far h\u00e1degi f\u00f3r hitinn \u00far honum.<a name=\"53\"><span class=\"versanumer\">53<\/span><\/a>\u00de\u00e1 s\u00e1 fa\u00f0irinn, a\u00f0 \u00fea\u00f0 var \u00e1 \u00feeirri stundu, \u00feegar Jes\u00fas haf\u00f0i sagt vi\u00f0 hann: Sonur \u00feinn lifir. Og hann t\u00f3k tr\u00fa og allt hans heimaf\u00f3lk.<a name=\"54\"><span class=\"versanumer\">54<\/span><\/a>\u00deetta var anna\u00f0 t\u00e1kni\u00f0, sem Jes\u00fas gj\u00f6r\u00f0i, \u00feegar hann kom fr\u00e1 J\u00fadeu til Gal\u00edleu.<\/p>\n<div class=\"footnote1981\"><b>4.1<\/b> Jes\u00fas sk\u00edrir J\u00f3h 3.22,26<br \/>\n<b>4.4<\/b> Samar\u00eda Matt 10.5; L\u00fak 9.52+ ; 17.11<br \/>\n<b>4.5<\/b> Sbr 1M\u00f3s 33.19; 48.22; J\u00f3s 24.32<br \/>\n<b>4.6<\/b> Jakobsbrunnur J\u00f3h 4.12<br \/>\n<b>4.9<\/b> Gy\u00f0ingar og Samverjar Esr 4.3; 9.1-10.44; S\u00edr 50.25-26; Matt 10.5; L\u00fak 9.52-53; 10.33<br \/>\n<b>4.10<\/b> Hver s\u00e1 er J\u00f3h 4.26 \u2013 lifandi vatn Jer 2.13; J\u00f3h 7.37-38; Opb 21.6; 22.17<br \/>\n<b>4.12<\/b> Meiri en J\u00f3h 8.53<br \/>\n<b>4.14<\/b> Aldrei \u00feyrsta J\u00f3h 6.35 \u2013 lind J\u00f3h 7.38 \u2013 vatni\u00f0 t\u00e1knar 1) l\u00edfi\u00f0 Jes 12.3; Jer 2.13; 17.13; 2) spekina Bar 3.12; S\u00edr 15.3; 24.30-31; 3) andann Jes 44.3; Jl 3.1; J\u00f3h 7.38-39<br \/>\n<b>4.19<\/b> Sp\u00e1ma\u00f0ur Matt 16.14+ ; sbr J\u00f3h 7.40<br \/>\n<b>4.20<\/b> Gars\u00edm-fjall 5M\u00f3s 11.29; J\u00f3s 8.33 \u2013 \u00fear sem tilbi\u00f0ja skuli 5M\u00f3s 12.5-14; Slm 122.1-5<br \/>\n<b>4.22<\/b> Hj\u00e1lpr\u00e6\u00f0i\u00f0 kemur fr\u00e1 Gy\u00f0ingum Jes 2.3; R\u00f3m 9.3-5<br \/>\n<b>4.23<\/b> \u00cd anda og sannleika Fil 3.3<br \/>\n<b>4.24<\/b> Gu\u00f0 er andi 2Kor 3.17<br \/>\n<b>4.25<\/b> Mess\u00edas, Kristur J\u00f3h 1.41 \u2013 kunngj\u00f6ra okkur allt J\u00f3h 14.26<br \/>\n<b>4.26<\/b> \u00c9g er hann Mrk 14.61-21; J\u00f3h 6.20 \u2013 sem vi\u00f0 \u00feig talar J\u00f3h 9.37<br \/>\n<b>4.29<\/b> Skyldi hann vera Kristur? Matt 12.23; J\u00f3h 7.26<br \/>\n<b>4.34<\/b> Vilji \u00feess sem sendi mig J\u00f3h 5.30; 6.38 \u2013 fullna verk hans J\u00f3h 5.36; 17.4<br \/>\n<b>4.35<\/b> Til uppskeru Matt 9.37; L\u00fak 10.2<br \/>\n<b>4.37<\/b> Einn s\u00e1ir, annar sker upp M\u00edk 6.15<br \/>\n<b>4.42<\/b> Frelsari Jes 19.20; 43.3; Matt 1.21; L\u00fak 2.11+ &#8211; heimsins 1J\u00f3h 4.14<br \/>\n<b>4.44<\/b> Sp\u00e1ma\u00f0ur \u00ed f\u00f6\u00f0urlandi s\u00ednu Matt 13.57; Mrk 6.4; L\u00fak 4.24<br \/>\n<b>4.45<\/b> H\u00f6f\u00f0u sj\u00e1lfir s\u00e9\u00f0 allt J\u00f3h 2.23<br \/>\n<b>4.46<\/b> \u00cd Kana J\u00f3h 2.1-11<br \/>\n<b>4.47<\/b> Ba\u00f0 hann a\u00f0 koma Matt 8.5-6; L\u00fak 7.1-3<br \/>\n<b>4.48<\/b> Nema \u00fei\u00f0 sj\u00e1i\u00f0 t\u00e1kn Mrk 13.22; 1Kor 1.22<br \/>\n<b>4.50<\/b> Far &#8230; Matt 8.13; Mrk 7.29<br \/>\n<b>4.53<\/b> Allt hans heimaf\u00f3lk Post 11.14; 16.14-15,31<br \/>\n<b>4.54<\/b> Anna\u00f0 t\u00e1kni\u00f0 sbr J\u00f3h 2.11<\/div>\n","protected":false},"excerpt":{"rendered":"<p>1Er Jes\u00fas var\u00f0 \u00feess v\u00eds, a\u00f0 far\u00edsear hef\u00f0u heyrt, a\u00f0 hann fengi fleiri l\u00e6risveina og sk\u00edr\u00f0i fleiri en J\u00f3hannes,2reyndar sk\u00edr\u00f0i Jes\u00fas ekki sj\u00e1lfur, heldur l\u00e6risveinar hans3\u00fe\u00e1 hvarf hann brott \u00far J\u00fadeu og h\u00e9lt aftur til Gal\u00edleu.4Hann var\u00f0 a\u00f0 fara um Samar\u00edu.5N\u00fa kemur hann til borgar \u00ed Samar\u00edu, er S\u00edkar heitir, n\u00e1l\u00e6gt \u00feeirri landspildu, sem Jakob gaf J\u00f3sef syni s\u00ednum.6\u00dear var Jakobsbrunnur. Jes\u00fas var vegm\u00f3\u00f0ur, og settist hann \u00fearna vi\u00f0 brunninn. \u00deetta var um h\u00e1degisbil.7Samversk kona kemur a\u00f0 s\u00e6kja vatn. Jes\u00fas segir vi\u00f0 hana: Gef m\u00e9r a\u00f0 drekka.8En l\u00e6risveinar hans h\u00f6f\u00f0u fari\u00f0 inn \u00ed borgina a\u00f0 kaupa vistir.9\u00de\u00e1 segir samverska konan <a href=\"https:\/\/biblian.is\/1981\/johannesargudspjall-4-kafli\/\"> [&#8230;]<\/a><\/p>\n","protected":false},"author":1,"featured_media":0,"parent":0,"menu_order":0,"comment_status":"open","ping_status":"open","template":"bibliukaflar.php","meta":{"footnotes":""},"class_list":["post-2348","page","type-page","status-publish","hentry"],"_links":{"self":[{"href":"https:\/\/biblian.is\/1981\/wp-json\/wp\/v2\/pages\/2348","targetHints":{"allow":["GET"]}}],"collection":[{"href":"https:\/\/biblian.is\/1981\/wp-json\/wp\/v2\/pages"}],"about":[{"href":"https:\/\/biblian.is\/1981\/wp-json\/wp\/v2\/types\/page"}],"author":[{"embeddable":true,"href":"https:\/\/biblian.is\/1981\/wp-json\/wp\/v2\/users\/1"}],"replies":[{"embeddable":true,"href":"https:\/\/biblian.is\/1981\/wp-json\/wp\/v2\/comments?post=2348"}],"version-history":[{"count":0,"href":"https:\/\/biblian.is\/1981\/wp-json\/wp\/v2\/pages\/2348\/revisions"}],"wp:attachment":[{"href":"https:\/\/biblian.is\/1981\/wp-json\/wp\/v2\/media?parent=2348"}],"curies":[{"name":"wp","href":"https:\/\/api.w.org\/{rel}","templated":true}]}}