{"id":2345,"date":"2017-11-18T20:21:24","date_gmt":"2017-11-18T20:21:24","guid":{"rendered":"http:\/\/biblian.is\/1981\/johannesargudspjall-1-kafli\/"},"modified":"2017-11-18T20:21:24","modified_gmt":"2017-11-18T20:21:24","slug":"johannesargudspjall-1-kafli","status":"publish","type":"page","link":"https:\/\/biblian.is\/1981\/johannesargudspjall-1-kafli\/","title":{"rendered":"J\u00f3hannesargu\u00f0spjall 1. kafli"},"content":{"rendered":"<p><a name=\"1\"><span class=\"versanumer\">1<\/span><\/a>\u00cd upphafi var Or\u00f0i\u00f0, og Or\u00f0i\u00f0 var hj\u00e1 Gu\u00f0i, og Or\u00f0i\u00f0 var Gu\u00f0.<a name=\"2\"><span class=\"versanumer\">2<\/span><\/a>Hann var \u00ed upphafi hj\u00e1 Gu\u00f0i.<a name=\"3\"><span class=\"versanumer\">3<\/span><\/a>Allir hlutir ur\u00f0u fyrir hann, \u00e1n hans var\u00f0 ekki neitt, sem til er.<a name=\"4\"><span class=\"versanumer\">4<\/span><\/a>\u00cd honum var l\u00edf, og l\u00edfi\u00f0 var lj\u00f3s mannanna.<a name=\"5\"><span class=\"versanumer\">5<\/span><\/a>Lj\u00f3si\u00f0 sk\u00edn \u00ed myrkrinu, og myrkri\u00f0 t\u00f3k ekki \u00e1 m\u00f3ti \u00fev\u00ed.<a name=\"6\"><span class=\"versanumer\">6<\/span><\/a>Ma\u00f0ur kom fram, sendur af Gu\u00f0i. Hann h\u00e9t J\u00f3hannes.<a name=\"7\"><span class=\"versanumer\">7<\/span><\/a>Hann kom til vitnisbur\u00f0ar, til a\u00f0 vitna um lj\u00f3si\u00f0, svo a\u00f0 allir skyldu tr\u00faa fyrir hann.<a name=\"8\"><span class=\"versanumer\">8<\/span><\/a>Ekki var hann lj\u00f3si\u00f0, hann kom til a\u00f0 vitna um lj\u00f3si\u00f0.<a name=\"9\"><span class=\"versanumer\">9<\/span><\/a>Hi\u00f0 sanna lj\u00f3s, sem uppl\u00fdsir hvern mann, kom n\u00fa \u00ed heiminn.<a name=\"10\"><span class=\"versanumer\">10<\/span><\/a>Hann var \u00ed heiminum, og heimurinn var or\u00f0inn til fyrir hann, en heimurinn \u00feekkti hann ekki.<a name=\"11\"><span class=\"versanumer\">11<\/span><\/a>Hann kom til eignar sinnar, en hans eigin menn t\u00f3ku ekki vi\u00f0 honum.<a name=\"12\"><span class=\"versanumer\">12<\/span><\/a>En \u00f6llum \u00feeim, sem t\u00f3ku vi\u00f0 honum, gaf hann r\u00e9tt til a\u00f0 ver\u00f0a Gu\u00f0s b\u00f6rn, \u00feeim, er tr\u00faa \u00e1 nafn hans.<a name=\"13\"><span class=\"versanumer\">13<\/span><\/a>\u00deeir eru ekki af bl\u00f3\u00f0i bornir, ekki a\u00f0 holds vild n\u00e9 manns vilja, heldur af Gu\u00f0i f\u00e6ddir.<a name=\"14\"><span class=\"versanumer\">14<\/span><\/a>Og Or\u00f0i\u00f0 var\u00f0 hold, hann bj\u00f3 me\u00f0 oss, fullur n\u00e1\u00f0ar og sannleika, og v\u00e9r s\u00e1um d\u00fdr\u00f0 hans, d\u00fdr\u00f0, sem sonurinn eini \u00e1 fr\u00e1 f\u00f6\u00f0urnum.<a name=\"15\"><span class=\"versanumer\">15<\/span><\/a>J\u00f3hannes vitnar um hann og hr\u00f3par: \u00deetta er s\u00e1 sem \u00e9g \u00e1tti vi\u00f0, \u00feegar \u00e9g sag\u00f0i: S\u00e1 sem kemur eftir mig, var \u00e1 undan m\u00e9r, enda fyrri en \u00e9g.<a name=\"16\"><span class=\"versanumer\">16<\/span><\/a>Af gn\u00e6g\u00f0 hans h\u00f6fum v\u00e9r allir \u00feegi\u00f0, n\u00e1\u00f0 \u00e1 n\u00e1\u00f0 ofan.<a name=\"17\"><span class=\"versanumer\">17<\/span><\/a>L\u00f6gm\u00e1li\u00f0 var gefi\u00f0 fyrir M\u00f3se, en n\u00e1\u00f0in og sannleikurinn kom fyrir Jes\u00fa Krist.<a name=\"18\"><span class=\"versanumer\">18<\/span><\/a>Enginn hefur nokkurn t\u00edma s\u00e9\u00f0 Gu\u00f0. Sonurinn eini, Gu\u00f0, sem er \u00ed fa\u00f0mi f\u00f6\u00f0urins, hann hefur birt hann.<a name=\"19\"><span class=\"versanumer\">19<\/span><\/a>\u00deessi er vitnisbur\u00f0ur J\u00f3hannesar, \u00feegar Gy\u00f0ingar sendu til hans presta og lev\u00edta fr\u00e1 Jer\u00fasalem a\u00f0 spyrja hann: Hver ert \u00fe\u00fa?<a name=\"20\"><span class=\"versanumer\">20<\/span><\/a>Hann svara\u00f0i \u00f3tv\u00edr\u00e6tt og j\u00e1ta\u00f0i: Ekki er \u00e9g Kristur.<a name=\"21\"><span class=\"versanumer\">21<\/span><\/a>\u00deeir spur\u00f0u hann: Hva\u00f0 \u00fe\u00e1? Ertu El\u00eda? Hann svarar: Ekki er \u00e9g hann. Ertu sp\u00e1ma\u00f0urinn? Hann kva\u00f0 nei vi\u00f0.<a name=\"22\"><span class=\"versanumer\">22<\/span><\/a>\u00de\u00e1 s\u00f6g\u00f0u \u00feeir vi\u00f0 hann: Hver ertu? V\u00e9r ver\u00f0um a\u00f0 svara \u00feeim, er sendu oss. Hva\u00f0 segir \u00fe\u00fa um sj\u00e1lfan \u00feig?<a name=\"23\"><span class=\"versanumer\">23<\/span><\/a>Hann sag\u00f0i: \u00c9g er r\u00f6dd hr\u00f3panda \u00ed ey\u00f0im\u00f6rk: Gj\u00f6ri\u00f0 beinan veg Drottins, eins og Jesaja sp\u00e1ma\u00f0ur segir.<a name=\"24\"><span class=\"versanumer\">24<\/span><\/a>Sendir voru menn af flokki far\u00edsea.<a name=\"25\"><span class=\"versanumer\">25<\/span><\/a>\u00deeir spur\u00f0u hann: Hvers vegna sk\u00edrir \u00fe\u00fa, fyrst \u00fe\u00fa ert hvorki Kristur, El\u00eda n\u00e9 sp\u00e1ma\u00f0urinn?<a name=\"26\"><span class=\"versanumer\">26<\/span><\/a>J\u00f3hannes svara\u00f0i: \u00c9g sk\u00edri me\u00f0 vatni. Mitt \u00e1 me\u00f0al y\u00f0ar stendur s\u00e1, sem \u00fe\u00e9r \u00feekki\u00f0 ekki,<a name=\"27\"><span class=\"versanumer\">27<\/span><\/a>hann, sem kemur eftir mig, og sk\u00f3\u00feveng hans er \u00e9g ekki ver\u00f0ur a\u00f0 leysa.<a name=\"28\"><span class=\"versanumer\">28<\/span><\/a>\u00deetta bar vi\u00f0 \u00ed Betan\u00edu, handan J\u00f3rdanar, \u00fear sem J\u00f3hannes var a\u00f0 sk\u00edra.<a name=\"29\"><span class=\"versanumer\">29<\/span><\/a>Daginn eftir s\u00e9r hann Jes\u00fa koma til s\u00edn og segir: Sj\u00e1, Gu\u00f0s lamb, sem ber synd heimsins.<a name=\"30\"><span class=\"versanumer\">30<\/span><\/a>\u00dear er s\u00e1 er \u00e9g sag\u00f0i um: Eftir mig kemur ma\u00f0ur, sem var \u00e1 undan m\u00e9r, \u00fev\u00ed hann er fyrri en \u00e9g.<a name=\"31\"><span class=\"versanumer\">31<\/span><\/a>Sj\u00e1lfur \u00feekkti \u00e9g hann ekki. En til \u00feess kom \u00e9g og sk\u00edri me\u00f0 vatni, a\u00f0 hann opinberist \u00cdsrael.<a name=\"32\"><span class=\"versanumer\">32<\/span><\/a>Og J\u00f3hannes vitna\u00f0i: \u00c9g s\u00e1 andann koma af himni ofan eins og d\u00fafu, og hann nam sta\u00f0ar yfir honum.<a name=\"33\"><span class=\"versanumer\">33<\/span><\/a>Sj\u00e1lfur \u00feekkti \u00e9g hann ekki, en s\u00e1 er sendi mig a\u00f0 sk\u00edra me\u00f0 vatni, sag\u00f0i m\u00e9r: S\u00e1 sem \u00fe\u00fa s\u00e9r\u00f0 andann koma yfir og nema sta\u00f0ar \u00e1, hann er s\u00e1 sem sk\u00edrir me\u00f0 heil\u00f6gum anda.<a name=\"34\"><span class=\"versanumer\">34<\/span><\/a>\u00deetta s\u00e1 \u00e9g, og \u00e9g vitna, a\u00f0 hann er sonur Gu\u00f0s.<a name=\"35\"><span class=\"versanumer\">35<\/span><\/a>Daginn eftir var J\u00f3hannes \u00fear aftur staddur og tveir l\u00e6risveinar hans.<a name=\"36\"><span class=\"versanumer\">36<\/span><\/a>Hann s\u00e9r Jes\u00fa \u00e1 gangi og segir: Sj\u00e1, Gu\u00f0s lamb.<a name=\"37\"><span class=\"versanumer\">37<\/span><\/a>L\u00e6risveinar hans tveir heyr\u00f0u or\u00f0 hans og f\u00f3ru \u00e1 eftir Jes\u00fa.<a name=\"38\"><span class=\"versanumer\">38<\/span><\/a>Jes\u00fas sneri s\u00e9r vi\u00f0, s\u00e1 \u00fe\u00e1 koma \u00e1 eftir s\u00e9r og sag\u00f0i vi\u00f0 \u00fe\u00e1: Hvers leiti\u00f0 \u00fei\u00f0? \u00deeir svara: Rabb\u00ed  \u00fea\u00f0 \u00fe\u00fd\u00f0ir meistari , hvar dvelst \u00fe\u00fa?<a name=\"39\"><span class=\"versanumer\">39<\/span><\/a>Hann segir: Komi\u00f0 og sj\u00e1i\u00f0. \u00deeir komu og s\u00e1u, hvar hann dvaldist, og voru hj\u00e1 honum \u00feann dag. \u00deetta var s\u00ed\u00f0degis.<a name=\"40\"><span class=\"versanumer\">40<\/span><\/a>Annar \u00feessara tveggja, sem heyr\u00f0u or\u00f0 J\u00f3hannesar og f\u00f3ru \u00e1 eftir Jes\u00fa, var Andr\u00e9s, br\u00f3\u00f0ir S\u00edmonar P\u00e9turs.<a name=\"41\"><span class=\"versanumer\">41<\/span><\/a>Hann finnur fyrst br\u00f3\u00f0ur sinn, S\u00edmon, og segir vi\u00f0 hann: Vi\u00f0 h\u00f6fum fundi\u00f0 Mess\u00edas!  Mess\u00edas \u00fe\u00fd\u00f0ir Kristur, Hinn smur\u00f0i.<a name=\"42\"><span class=\"versanumer\">42<\/span><\/a>Hann f\u00f3r me\u00f0 hann til Jes\u00fa. Jes\u00fas horf\u00f0i \u00e1 hann og sag\u00f0i: \u00de\u00fa ert S\u00edmon J\u00f3hannesson, \u00fe\u00fa skalt heita Kefas  P\u00e9tur, \u00fea\u00f0 \u00fe\u00fd\u00f0ir klettur .<a name=\"43\"><span class=\"versanumer\">43<\/span><\/a>N\u00e6sta dag hug\u00f0ist Jes\u00fas fara til Gal\u00edleu. Hann hitti \u00fe\u00e1 Filippus og sag\u00f0i vi\u00f0 hann: Fylg \u00fe\u00fa m\u00e9r!<a name=\"44\"><span class=\"versanumer\">44<\/span><\/a>Filippus var fr\u00e1 Betsa\u00eddu, s\u00f6mu borg og Andr\u00e9s og P\u00e9tur.<a name=\"45\"><span class=\"versanumer\">45<\/span><\/a>Filippus fann Natanael og sag\u00f0i vi\u00f0 hann: V\u00e9r h\u00f6fum fundi\u00f0 \u00feann, sem M\u00f3se skrifar um \u00ed l\u00f6gm\u00e1linu og sp\u00e1mennirnir, Jes\u00fa fr\u00e1 Nasaret, son J\u00f3sefs.<a name=\"46\"><span class=\"versanumer\">46<\/span><\/a>Natanael sag\u00f0i: Getur nokku\u00f0 gott komi\u00f0 fr\u00e1 Nasaret? Filippus svara\u00f0i: Kom \u00fe\u00fa og sj\u00e1.<a name=\"47\"><span class=\"versanumer\">47<\/span><\/a>Jes\u00fas s\u00e1 Natanael koma til s\u00edn og sag\u00f0i vi\u00f0 hann: H\u00e9r er sannur \u00cdsrael\u00edti, sem engin svik eru \u00ed.<a name=\"48\"><span class=\"versanumer\">48<\/span><\/a>Natanael spyr: Hva\u00f0an \u00feekkir \u00fe\u00fa mig? Jes\u00fas svarar: \u00c9g s\u00e1 \u00feig undir f\u00edkjutr\u00e9nu, \u00e1\u00f0ur en Filippus kalla\u00f0i \u00e1 \u00feig.<a name=\"49\"><span class=\"versanumer\">49<\/span><\/a>\u00de\u00e1 segir Natanael: Rabb\u00ed, \u00fe\u00fa ert sonur Gu\u00f0s, \u00fe\u00fa ert konungur \u00cdsraels.<a name=\"50\"><span class=\"versanumer\">50<\/span><\/a>Jes\u00fas spyr hann: Tr\u00fair \u00fe\u00fa, af \u00fev\u00ed a\u00f0 \u00e9g sag\u00f0i vi\u00f0 \u00feig: \u00c9g s\u00e1 \u00feig undir f\u00edkjutr\u00e9nu? \u00de\u00fa munt sj\u00e1 \u00fea\u00f0, sem \u00feessu er meira.<a name=\"51\"><span class=\"versanumer\">51<\/span><\/a>Og hann segir vi\u00f0 hann: Sannlega, sannlega segi \u00e9g y\u00f0ur: \u00de\u00e9r munu\u00f0 sj\u00e1 himininn opinn og engla Gu\u00f0s st\u00edga upp og st\u00edga ni\u00f0ur yfir Mannssoninn.<\/p>\n<div class=\"footnote1981\"><b>1.1<\/b> \u00cd upphafi Okv 8.22-26; S\u00edr 24.9; J\u00f3h 17.5; 1J\u00f3h 1.1-2 \u2013 Or\u00f0i\u00f0 Opb 19.13; sbr S\u00edr 24.3 \u2013 hj\u00e1 Gu\u00f0i J\u00f3h 5.17-30 \u2013 Or\u00f0i\u00f0 var Gu\u00f0 Fil 2.6; K\u00f3l 1.15; Heb 1.3<br \/>\n<b>1.3<\/b> Or\u00f0i\u00f0 og sk\u00f6punin 1M\u00f3s 1.3; Slm 33.6,9; 147.15-18; Jes 40.26; 48.3; SSal 9.1; J\u00f3h 1.10; 1Kor 8.6; K\u00f3l 1.16-17; Heb 1.2 \u2013 spekin og sk\u00f6punin Okv 8.27-30; SSal 9.9<br \/>\n<b>1.4<\/b> \u00cd honum var l\u00edf J\u00f3h 5.26 \u2013 lj\u00f3s J\u00f3h 8.12+<br \/>\n<b>1.5<\/b> T\u00f3k ekki \u00e1 m\u00f3ti J\u00f3h 1.10-13; 3.19; sbr SSal 13.1-9; R\u00f3m 1.19-23; 1Kor 1.21<br \/>\n<b>1.6<\/b> J\u00f3hannes L\u00fak 1.13,17,76; Matt 3.1+<br \/>\n<b>1.7<\/b> J\u00f3hannes vitnar J\u00f3h 1.15,19-34; 3.27-30; 5.33; 10.41<br \/>\n<b>1.8<\/b> Ekki lj\u00f3si\u00f0 J\u00f3h 1.20<br \/>\n<b>1.9<\/b> Hi\u00f0 sanna lj\u00f3s 1J\u00f3h 2.8 \u2013 kom n\u00fa J\u00f3h 6.14<br \/>\n<b>1.10<\/b> Heimurinn J\u00f3h 3.16; 12.31; 1J\u00f3h 2.16 \u2013 or\u00f0inn til fyrir hann J\u00f3h 1.3+ &#8211; \u00feekkti hann ekki J\u00f3h 17.25<br \/>\n<b>1.12<\/b> Nafni\u00f0 J\u00f3h 2.23; 3.18; 1J\u00f3h 3.23; 5.13 \u2013 \u00feeim sem tr\u00faa &#8230; Gal 3.26 \u2013 Gu\u00f0s b\u00f6rn J\u00f3h 11.52; 1J\u00f3h 3.1-2,10; 5.2,4,18<br \/>\n<b>1.13<\/b> Af Gu\u00f0i f\u00e6dd J\u00f3h 3.3,5-6; Jak 1.18; 1P\u00e9t 1.23; 1J\u00f3h 3.9; 5.18<br \/>\n<b>1.14<\/b> Or\u00f0i\u00f0 var\u00f0 hold R\u00f3m 1.3; Gal 4.4; Fil 2.7; 1T\u00edm 3.16; Heb 2.14; 1J\u00f3h 4.2 \u2013 hold J\u00f3h 3.6+ &#8211; v\u00e9r s\u00e1um d\u00fdr\u00f0 hans Jes 60.1-2; L\u00fak 9.32; J\u00f3h 2.11; sbr J\u00f3h 12.23,28; 13.31; 17.2-5,22-23 \u2013 n\u00e1\u00f0 og sannleikur 2M\u00f3s 34.6<br \/>\n<b>1.15<\/b> J\u00f3hannes vitnar J\u00f3h 1.30 \u2013 kemur eftir mig Matt 3.11; Mrk 1.7; J\u00f3h 1.27<br \/>\n<b>1.16<\/b> Af gn\u00e6g\u00f0 hans K\u00f3l 2.9-10<br \/>\n<b>1.17<\/b> L\u00f6gm\u00e1li\u00f0 gefi\u00f0 me\u00f0 M\u00f3se 2M\u00f3s 31.18; 34.28; J\u00f3h 7.19<br \/>\n<b>1.18<\/b> Sj\u00e1 Gu\u00f0 2M\u00f3s 33.20; J\u00f3h 6.46; 1T\u00edm 6.16; 1J\u00f3h 4.12 \u2013 sonurinn eini Matt 11.27; L\u00fak 10.22<br \/>\n<b>1.20<\/b> Ekki er \u00e9g Kristur J\u00f3h 3.28<br \/>\n<b>1.21<\/b> El\u00eda Matt 11.14+ &#8211; sp\u00e1ma\u00f0urinn Matt 21.11+<br \/>\n<b>1.23<\/b> R\u00f6dd \u00ed ey\u00f0im\u00f6rk Jes 40.3; Matt 3.3 og hlst.<br \/>\n<b>1.25-26<\/b> Sk\u00edrn J\u00f3hannesar Matt 3.6+<br \/>\n<b>1.27<\/b> Kemur eftir mig J\u00f3h 1.15 \u2013 ekki ver\u00f0ur &#8230; Matt 3.11 og hlst.; Post 13.25<br \/>\n<b>1.28<\/b> J\u00f3rdan Matt 3.13; J\u00f3h 10.40<br \/>\n<b>1.29<\/b> Gu\u00f0s lamb J\u00f3h 1.36 \u2013 ber synd heimsins Jes 53.6-7; Post 8.32; 1P\u00e9t 1.18-19; sbr 1Kor 5.7-12<br \/>\n<b>1.30<\/b> Eftir mig kemur &#8230; J\u00f3h 1.15,27<br \/>\n<b>1.32<\/b> Andann koma af himni Matt 3.16 og hlst. \u2013 nam sta\u00f0ar yfir honum Jes 11.2; 61.1; sbr J\u00f3h 3.34<br \/>\n<b>1.34<\/b> Sonur Gu\u00f0s Matt 3.17; 17.5 og hlst.; sbr Matt 14.33+ ; Mrk 1.1+<br \/>\n<b>1.36<\/b> Gu\u00f0s lamb J\u00f3h 1.29<br \/>\n<b>1.40<\/b> Andr\u00e9s, S\u00edmon P\u00e9tur Matt 4.18+ og hlst.<br \/>\n<b>1.41<\/b> Mess\u00edas J\u00f3h 4.25; sbr L\u00fak 4.41+<br \/>\n<b>1.42<\/b> Kefas 1Kor 1.12+ &#8211; P\u00e9tur Matt 10.2; 16.18; Mrk 3.16; L\u00fak 6.14; sbr Matt 4.18+<br \/>\n<b>1.44<\/b> Filippus Matt 10.3+ &#8211; Betsa\u00edda J\u00f3h 12.21; sbr Matt 11.21+<br \/>\n<b>1.45<\/b> Fundi\u00f0 \u00feann &#8230; 5M\u00f3s 18.18; Jes 9.7; Esk 34.23<br \/>\n<b>1.49<\/b> Sonur Gu\u00f0s Slm 2.7; Matt 14.33+ ; Mrk 1.1,11 og hlst.; 4.41; J\u00f3h 11.27; Post 13.33 \u2013 konungur \u00cdsraels Sef 3.15; Matt 27.42; Mrk 15.32; J\u00f3h 12.13+<br \/>\n<b>1.51<\/b> Sj\u00e1 himininn opinn Matt 3.16+ &#8211; englar st\u00edga upp og ni\u00f0ur 1M\u00f3s 28.12 \u2013 Mannssonurinn Matt 8.20+<\/div>\n","protected":false},"excerpt":{"rendered":"<p>1\u00cd upphafi var Or\u00f0i\u00f0, og Or\u00f0i\u00f0 var hj\u00e1 Gu\u00f0i, og Or\u00f0i\u00f0 var Gu\u00f0.2Hann var \u00ed upphafi hj\u00e1 Gu\u00f0i.3Allir hlutir ur\u00f0u fyrir hann, \u00e1n hans var\u00f0 ekki neitt, sem til er.4\u00cd honum var l\u00edf, og l\u00edfi\u00f0 var lj\u00f3s mannanna.5Lj\u00f3si\u00f0 sk\u00edn \u00ed myrkrinu, og myrkri\u00f0 t\u00f3k ekki \u00e1 m\u00f3ti \u00fev\u00ed.6Ma\u00f0ur kom fram, sendur af Gu\u00f0i. Hann h\u00e9t J\u00f3hannes.7Hann kom til vitnisbur\u00f0ar, til a\u00f0 vitna um lj\u00f3si\u00f0, svo a\u00f0 allir skyldu tr\u00faa fyrir hann.8Ekki var hann lj\u00f3si\u00f0, hann kom til a\u00f0 vitna um lj\u00f3si\u00f0.9Hi\u00f0 sanna lj\u00f3s, sem uppl\u00fdsir hvern mann, kom n\u00fa \u00ed heiminn.10Hann var \u00ed heiminum, og heimurinn var or\u00f0inn til fyrir <a href=\"https:\/\/biblian.is\/1981\/johannesargudspjall-1-kafli\/\"> [&#8230;]<\/a><\/p>\n","protected":false},"author":1,"featured_media":0,"parent":0,"menu_order":0,"comment_status":"open","ping_status":"open","template":"bibliukaflar.php","meta":{"footnotes":""},"class_list":["post-2345","page","type-page","status-publish","hentry"],"_links":{"self":[{"href":"https:\/\/biblian.is\/1981\/wp-json\/wp\/v2\/pages\/2345","targetHints":{"allow":["GET"]}}],"collection":[{"href":"https:\/\/biblian.is\/1981\/wp-json\/wp\/v2\/pages"}],"about":[{"href":"https:\/\/biblian.is\/1981\/wp-json\/wp\/v2\/types\/page"}],"author":[{"embeddable":true,"href":"https:\/\/biblian.is\/1981\/wp-json\/wp\/v2\/users\/1"}],"replies":[{"embeddable":true,"href":"https:\/\/biblian.is\/1981\/wp-json\/wp\/v2\/comments?post=2345"}],"version-history":[{"count":0,"href":"https:\/\/biblian.is\/1981\/wp-json\/wp\/v2\/pages\/2345\/revisions"}],"wp:attachment":[{"href":"https:\/\/biblian.is\/1981\/wp-json\/wp\/v2\/media?parent=2345"}],"curies":[{"name":"wp","href":"https:\/\/api.w.org\/{rel}","templated":true}]}}