{"id":2340,"date":"2017-11-18T20:21:24","date_gmt":"2017-11-18T20:21:24","guid":{"rendered":"http:\/\/biblian.is\/1981\/lukasargudspjall-20-kafli\/"},"modified":"2021-06-06T11:03:40","modified_gmt":"2021-06-06T11:03:40","slug":"lukasargudspjall-20-kafli","status":"publish","type":"page","link":"https:\/\/biblian.is\/1981\/lukasargudspjall-20-kafli\/","title":{"rendered":"L\u00fakasargu\u00f0spjall 20. kafli"},"content":{"rendered":"<p><a name=\"1\"><span class=\"versanumer\">1<\/span><\/a>Svo bar vi\u00f0 einn dag, er hann var a\u00f0 kenna l\u00fd\u00f0num \u00ed helgid\u00f3minum og flutti fagna\u00f0arerindi\u00f0, a\u00f0 \u00e6\u00f0stu prestarnir og fr\u00e6\u00f0imennirnir \u00e1samt \u00f6ldungunum gengu til hans<a name=\"2\"><span class=\"versanumer\">2<\/span><\/a>og s\u00f6g\u00f0u: Seg \u00fe\u00fa oss, me\u00f0 hva\u00f0a valdi gj\u00f6rir \u00fe\u00fa \u00feetta? Hver hefur gefi\u00f0 \u00fe\u00e9r \u00feetta vald?<a name=\"3\"><span class=\"versanumer\">3<\/span><\/a>Hann svara\u00f0i \u00feeim: \u00c9g vil og leggja spurningu fyrir y\u00f0ur. Segi\u00f0 m\u00e9r:<a name=\"4\"><span class=\"versanumer\">4<\/span><\/a>Var sk\u00edrn J\u00f3hannesar fr\u00e1 himni e\u00f0a fr\u00e1 m\u00f6nnum?<a name=\"5\"><span class=\"versanumer\">5<\/span><\/a>\u00deeir r\u00e1\u00f0gu\u00f0ust hver vi\u00f0 annan um \u00feetta og s\u00f6g\u00f0u: Ef v\u00e9r sv\u00f6rum: Fr\u00e1 himni, spyr hann: Hv\u00ed tr\u00fa\u00f0u\u00f0 \u00fe\u00e9r honum \u00fe\u00e1 ekki?<a name=\"6\"><span class=\"versanumer\">6<\/span><\/a>Ef v\u00e9r sv\u00f6rum: Fr\u00e1 m\u00f6nnum, mun allur l\u00fd\u00f0urinn gr\u00fdta oss, \u00fev\u00ed a\u00f0 hann er sannf\u00e6r\u00f0ur um, a\u00f0 J\u00f3hannes s\u00e9 sp\u00e1ma\u00f0ur.<a name=\"7\"><span class=\"versanumer\">7<\/span><\/a>\u00deeir kv\u00e1\u00f0ust \u00fev\u00ed ekki vita, hva\u00f0an h\u00fan v\u00e6ri.<a name=\"8\"><span class=\"versanumer\">8<\/span><\/a>Jes\u00fas sag\u00f0i vi\u00f0 \u00fe\u00e1: \u00c9g segi y\u00f0ur \u00fe\u00e1 ekki heldur, me\u00f0 hva\u00f0a valdi \u00e9g gj\u00f6ri \u00feetta.<a name=\"9\"><span class=\"versanumer\">9<\/span><\/a>Og hann t\u00f3k a\u00f0 segja l\u00fd\u00f0num d\u00e6mis\u00f6gu \u00feessa: Ma\u00f0ur nokkur planta\u00f0i v\u00edngar\u00f0 og seldi hann v\u00ednyrkjum \u00e1 leigu, f\u00f3r s\u00ed\u00f0an \u00far landi til langdvala.<a name=\"10\"><span class=\"versanumer\">10<\/span><\/a>\u00c1 settum t\u00edma sendi hann \u00fej\u00f3n til v\u00ednyrkjanna, a\u00f0 \u00feeir fengju honum hlut af \u00e1vexti v\u00edngar\u00f0sins, en v\u00ednyrkjarnir b\u00f6r\u00f0u hann og sendu burt t\u00f3mhentan.<a name=\"11\"><span class=\"versanumer\">11<\/span><\/a>Aftur sendi hann annan \u00fej\u00f3n. \u00deeir b\u00f6r\u00f0u hann einnig og sv\u00edvirtu og sendu burt t\u00f3mhentan.<a name=\"12\"><span class=\"versanumer\">12<\/span><\/a>Og enn sendi hann hinn \u00feri\u00f0ja, en \u00feeir veittu honum einnig \u00e1verka og k\u00f6stu\u00f0u honum \u00fat.<a name=\"13\"><span class=\"versanumer\">13<\/span><\/a>\u00de\u00e1 sag\u00f0i eigandi v\u00edngar\u00f0sins: Hva\u00f0 \u00e1 \u00e9g a\u00f0 gj\u00f6ra? \u00c9g sendi son minn elska\u00f0an. M\u00e1 vera, \u00feeir vir\u00f0i hann.<a name=\"14\"><span class=\"versanumer\">14<\/span><\/a>En er v\u00ednyrkjarnir s\u00e1u hann, b\u00e1ru \u00feeir saman r\u00e1\u00f0 s\u00edn og s\u00f6g\u00f0u: \u00deetta er erfinginn. Drepum hann, \u00fe\u00e1 f\u00e1um v\u00e9r arfinn.<a name=\"15\"><span class=\"versanumer\">15<\/span><\/a>Og \u00feeir k\u00f6stu\u00f0u honum \u00fat fyrir v\u00edngar\u00f0inn og dr\u00e1pu hann. Hva\u00f0 mun n\u00fa eigandi v\u00edngar\u00f0sins gj\u00f6ra vi\u00f0 \u00fe\u00e1?<a name=\"16\"><span class=\"versanumer\">16<\/span><\/a>Hann mun koma, tort\u00edma v\u00ednyrkjum \u00feessum og f\u00e1 \u00f6\u00f0rum v\u00edngar\u00f0inn. \u00deegar \u00feeir heyr\u00f0u \u00feetta, s\u00f6g\u00f0u \u00feeir: Ver\u00f0i \u00fea\u00f0 aldrei.<a name=\"17\"><span class=\"versanumer\">17<\/span><\/a>Jes\u00fas horf\u00f0i \u00e1 \u00fe\u00e1 og m\u00e6lti: Hva\u00f0 merkir \u00fe\u00e1 ritning \u00feessi: S\u00e1 steinn, sem smi\u00f0irnir h\u00f6fnu\u00f0u, er or\u00f0inn hyrningarsteinn?<a name=\"18\"><span class=\"versanumer\">18<\/span><\/a>Hver sem fellur \u00e1 \u00feennan stein, mun sundur molast, og \u00feann sem hann fellur \u00e1, mun hann sundur merja.<a name=\"19\"><span class=\"versanumer\">19<\/span><\/a>Fr\u00e6\u00f0imennirnir og \u00e6\u00f0stu prestarnir vildu leggja hendur \u00e1 hann \u00e1 s\u00f6mu stundu, en \u00f3ttu\u00f0ust l\u00fd\u00f0inn. \u00deeir skildu, a\u00f0 hann \u00e1tti vi\u00f0 \u00fe\u00e1 me\u00f0 d\u00e6mis\u00f6gu \u00feessari.<a name=\"20\"><span class=\"versanumer\">20<\/span><\/a>\u00deeir h\u00f6f\u00f0u g\u00e6tur \u00e1 honum og sendu nj\u00f3snarmenn, er l\u00e9tust vera einl\u00e6gir. \u00deeir \u00e1ttu a\u00f0 hafa \u00e1 or\u00f0um hans, svo a\u00f0 \u00feeir m\u00e6ttu framselja hann \u00ed hendur og \u00e1 vald landstj\u00f3rans.<a name=\"21\"><span class=\"versanumer\">21<\/span><\/a>\u00deeir spur\u00f0u hann: Meistari, v\u00e9r vitum, a\u00f0 \u00fe\u00fa talar og kennir r\u00e9tt og gj\u00f6rir \u00fe\u00e9r engan mannamun, heldur kennir Gu\u00f0s veg \u00ed sannleika.<a name=\"22\"><span class=\"versanumer\">22<\/span><\/a>Leyfist oss a\u00f0 gjalda keisaranum skatt e\u00f0a ekki?<a name=\"23\"><span class=\"versanumer\">23<\/span><\/a>En hann merkti fl\u00e6r\u00f0 \u00feeirra og sag\u00f0i vi\u00f0 \u00fe\u00e1:<a name=\"24\"><span class=\"versanumer\">24<\/span><\/a>S\u00fdni\u00f0 m\u00e9r denar. Hvers mynd og yfirskrift er \u00e1 honum? \u00deeir s\u00f6g\u00f0u: Keisarans.<a name=\"25\"><span class=\"versanumer\">25<\/span><\/a>En hann sag\u00f0i vi\u00f0 \u00fe\u00e1: Gjaldi\u00f0 \u00fe\u00e1 keisaranum \u00fea\u00f0 sem keisarans er og Gu\u00f0i \u00fea\u00f0 sem Gu\u00f0s er.<a name=\"26\"><span class=\"versanumer\">26<\/span><\/a>Og \u00feeir g\u00e1tu ekki haft neitt \u00e1 or\u00f0um hans \u00ed vi\u00f0urvist l\u00fd\u00f0sins, en undru\u00f0ust svar hans og \u00fe\u00f6g\u00f0u.<a name=\"27\"><span class=\"versanumer\">27<\/span><\/a>\u00de\u00e1 komu nokkrir sadd\u00fakear, en \u00feeir neita \u00fev\u00ed, a\u00f0 upprisa s\u00e9 til, og s\u00f6g\u00f0u vi\u00f0 hann:<a name=\"28\"><span class=\"versanumer\">28<\/span><\/a>Meistari, M\u00f3se segir oss \u00ed ritningunum, a\u00f0 deyi ma\u00f0ur kv\u00e6ntur, en barnlaus, skuli br\u00f3\u00f0ir hans ganga a\u00f0 eiga ekkjuna og vekja honum ni\u00f0ja.<a name=\"29\"><span class=\"versanumer\">29<\/span><\/a>N\u00fa voru sj\u00f6 br\u00e6\u00f0ur. S\u00e1 fyrsti t\u00f3k s\u00e9r konu og d\u00f3 barnlaus.<a name=\"30\"><span class=\"versanumer\">30<\/span><\/a>Gekk \u00fe\u00e1 annar br\u00f3\u00f0irinn<a name=\"31\"><span class=\"versanumer\">31<\/span><\/a>og s\u00ed\u00f0an hinn \u00feri\u00f0ji a\u00f0 eiga hana og eins allir sj\u00f6, og l\u00e9tu \u00feeir engin b\u00f6rn eftir sig, er \u00feeir d\u00f3u.<a name=\"32\"><span class=\"versanumer\">32<\/span><\/a>S\u00ed\u00f0ast d\u00f3 og konan.<a name=\"33\"><span class=\"versanumer\">33<\/span><\/a>Kona hvers \u00feeirra ver\u00f0ur h\u00fan \u00ed upprisunni? Allir sj\u00f6 h\u00f6f\u00f0u \u00feeir \u00e1tt hana.<a name=\"34\"><span class=\"versanumer\">34<\/span><\/a>Jes\u00fas svara\u00f0i \u00feeim: B\u00f6rn \u00feessarar aldar kv\u00e6nast og giftast,<a name=\"35\"><span class=\"versanumer\">35<\/span><\/a>en \u00feeir sem ver\u00f0ir \u00feykja a\u00f0 f\u00e1 hlutdeild \u00ed komandi ver\u00f6ld og upprisunni fr\u00e1 dau\u00f0um, kv\u00e6nast hvorki n\u00e9 giftast.<a name=\"36\"><span class=\"versanumer\">36<\/span><\/a>\u00deeir geta ekki heldur d\u00e1i\u00f0 framar, \u00feeir eru englum jafnir og b\u00f6rn Gu\u00f0s, enda b\u00f6rn upprisunnar.<a name=\"37\"><span class=\"versanumer\">37<\/span><\/a>En a\u00f0 dau\u00f0ir r\u00edsi upp, \u00fea\u00f0 hefur jafnvel M\u00f3se s\u00fdnt \u00ed s\u00f6gunni um \u00feyrnirunninn, er hann kallar Drottin Gu\u00f0 Abrahams, Gu\u00f0 \u00cdsaks og Gu\u00f0 Jakobs.<a name=\"38\"><span class=\"versanumer\">38<\/span><\/a>Ekki er hann Gu\u00f0 dau\u00f0ra, heldur lifenda, \u00fev\u00ed a\u00f0 honum lifa allir.<a name=\"39\"><span class=\"versanumer\">39<\/span><\/a>\u00de\u00e1 s\u00f6g\u00f0u nokkrir fr\u00e6\u00f0imannanna: Vel m\u00e6lt, meistari.<a name=\"40\"><span class=\"versanumer\">40<\/span><\/a>En \u00feeir \u00feor\u00f0u ekki framar a\u00f0 spyrja hann neins.<a name=\"41\"><span class=\"versanumer\">41<\/span><\/a>Hann sag\u00f0i vi\u00f0 \u00fe\u00e1: Hvernig geta menn sagt, a\u00f0 Kristur s\u00e9 sonur Dav\u00ed\u00f0s?<a name=\"42\"><span class=\"versanumer\">42<\/span><\/a>Dav\u00ed\u00f0 segir sj\u00e1lfur \u00ed s\u00e1lmunum: Drottinn sag\u00f0i vi\u00f0 minn drottin: Set \u00feig m\u00e9r til h\u00e6gri handar,<a name=\"43\"><span class=\"versanumer\">43<\/span><\/a>\u00feanga\u00f0 til \u00e9g gj\u00f6ri \u00f3vini \u00fe\u00edna a\u00f0 f\u00f3tsk\u00f6r \u00feinni.<a name=\"44\"><span class=\"versanumer\">44<\/span><\/a>Dav\u00ed\u00f0 kallar hann drottin, hvernig getur hann \u00fe\u00e1 veri\u00f0 sonur hans?<a name=\"45\"><span class=\"versanumer\">45<\/span><\/a>\u00cd \u00e1heyrn alls l\u00fd\u00f0sins sag\u00f0i hann vi\u00f0 l\u00e6risveina s\u00edna:<a name=\"46\"><span class=\"versanumer\">46<\/span><\/a>Varist fr\u00e6\u00f0imennina, sem f\u00fdsir a\u00f0 ganga \u00ed s\u00ed\u00f0skikkjum og er lj\u00faft a\u00f0 l\u00e1ta heilsa s\u00e9r \u00e1 torgum, vilja skipa \u00e6\u00f0sta bekk \u00ed samkundum og hef\u00f0ars\u00e6ti \u00ed veislum.<a name=\"47\"><span class=\"versanumer\">47<\/span><\/a>\u00deeir eta upp heimili ekkna og flytja langar b\u00e6nir a\u00f0 yfirskini. \u00deeir munu f\u00e1 \u00fev\u00ed \u00feyngri d\u00f3m.<\/p>\n<div class=\"footnote1981\"><b>20.1-8<\/b> Hlst. Matt 21.23-27; Mrk 11.27-33<br \/>\n<b>20.1<\/b> \u00c6\u00f0stu prestarnir .. Mrk 11.27+<br \/>\n<b>20.4<\/b> Sk\u00edrn J\u00f3hannesar Matt 3.6+ ; Post 1.22; 10.37 \u2013 Gu\u00f0 L\u00fak 11.16+<br \/>\n<b>20.5<\/b> Hv\u00ed tr\u00fa\u00f0u\u00f0 \u00fei\u00f0 honum ekki? Matt 21.32<br \/>\n<b>20.6<\/b> \u00d3ttu\u00f0ust f\u00f3lki\u00f0 Matt 14.5+ ; Mrk 14.2<br \/>\n<b>20.9-19<\/b> Hlst. Matt 21.33-46; Mrk 12.1-12<br \/>\n<b>20.9<\/b> V\u00edngar\u00f0ur Jes 5.1<br \/>\n<b>20.10-12<\/b> \u00dej\u00f3nar sendir 2Kro 36.15-16<br \/>\n<b>20.17<\/b> Steinninn Slm 118.22; Post 4.11; 1P\u00e9t 2.4,7; sbr Jes 28.16<br \/>\n<b>20.18<\/b> Molast &#8230; merja Jes 8.14-15; Dan 2.44 \u2013 bj\u00f6rgun e\u00f0a ey\u00f0ing L\u00fak 2.34; R\u00f3m 9.33; 1P\u00e9t 2.5-8<br \/>\n<b>20.19<\/b> Vildu leggja hendur \u00e1 hann L\u00fak 19.47 \u2013 \u00f3ttu\u00f0ust f\u00f3lki\u00f0 Matt 14.5+ ; Post 5.26<br \/>\n<b>20.20-26<\/b> Hlst. Matt 22.15-22; Mrk 12.13-17<br \/>\n<b>20.20<\/b> H\u00f6f\u00f0u g\u00e6tur \u00e1 Matt 16.1+ ; L\u00fak 11.54 \u2013 l\u00e9tust einl\u00e6gir L\u00fak 16.15; 18.9<br \/>\n<b>20.21<\/b> Meistari, vi\u00f0 vitum a\u00f0 .. J\u00f3h 3.2 \u2013 gera engan mannamun 3M\u00f3s 19.15; Post 10.34; R\u00f3m 2.11; Gal 2.6; Ef 6.9; K\u00f3l 3.25; Jak 2.1 \u2013 vegurinn Slm 25.4,9; 27.11; 51.15; Post 9.2<br \/>\n<b>20.22<\/b> Gjalda skatt R\u00f3m 13.6-7<br \/>\n<b>20.27-40<\/b> Hlst. Matt 22.23-33; Mrk 12.18-27<br \/>\n<b>20.27<\/b> Sadd\u00fakear Post 23.8<br \/>\n<b>20.28<\/b> M\u00e1ggskyldan 5M\u00f3s 25.5-6; 1M\u00f3s 38.8<br \/>\n<b>20.37<\/b> \u00deyrnirunninn 2M\u00f3s 3.2 \u2013 Gu\u00f0 Abrahams &#8230; 2M\u00f3s 3.6<br \/>\n<b>20.38<\/b> Honum lifa allir R\u00f3m 14.8-9<br \/>\n<b>20.41-44<\/b> Hlst. Matt 22.41-46; Mrk 12.35-37<br \/>\n<b>20.42-43<\/b> Sbr Slm 110.1; Matt 22.44+<br \/>\n<b>20.45-47<\/b> Hlst. Matt 23.1-36; Mrk 12.38-40; L\u00fak 11.37-54<\/div>\n","protected":false},"excerpt":{"rendered":"<p>1Svo bar vi\u00f0 einn dag, er hann var a\u00f0 kenna l\u00fd\u00f0num \u00ed helgid\u00f3minum og flutti fagna\u00f0arerindi\u00f0, a\u00f0 \u00e6\u00f0stu prestarnir og fr\u00e6\u00f0imennirnir \u00e1samt \u00f6ldungunum gengu til hans2og s\u00f6g\u00f0u: Seg \u00fe\u00fa oss, me\u00f0 hva\u00f0a valdi gj\u00f6rir \u00fe\u00fa \u00feetta? Hver hefur gefi\u00f0 \u00fe\u00e9r \u00feetta vald?3Hann svara\u00f0i \u00feeim: \u00c9g vil og leggja spurningu fyrir y\u00f0ur. Segi\u00f0 m\u00e9r:4Var sk\u00edrn J\u00f3hannesar fr\u00e1 himni e\u00f0a fr\u00e1 m\u00f6nnum?5\u00deeir r\u00e1\u00f0gu\u00f0ust hver vi\u00f0 annan um \u00feetta og s\u00f6g\u00f0u: Ef v\u00e9r sv\u00f6rum: Fr\u00e1 himni, spyr hann: Hv\u00ed tr\u00fa\u00f0u\u00f0 \u00fe\u00e9r honum \u00fe\u00e1 ekki?6Ef v\u00e9r sv\u00f6rum: Fr\u00e1 m\u00f6nnum, mun allur l\u00fd\u00f0urinn gr\u00fdta oss, \u00fev\u00ed a\u00f0 hann er sannf\u00e6r\u00f0ur um, a\u00f0 J\u00f3hannes s\u00e9 sp\u00e1ma\u00f0ur.7\u00deeir <a href=\"https:\/\/biblian.is\/1981\/lukasargudspjall-20-kafli\/\"> [&#8230;]<\/a><\/p>\n","protected":false},"author":1,"featured_media":0,"parent":0,"menu_order":0,"comment_status":"open","ping_status":"open","template":"bibliukaflar.php","meta":{"footnotes":""},"class_list":["post-2340","page","type-page","status-publish","hentry"],"_links":{"self":[{"href":"https:\/\/biblian.is\/1981\/wp-json\/wp\/v2\/pages\/2340","targetHints":{"allow":["GET"]}}],"collection":[{"href":"https:\/\/biblian.is\/1981\/wp-json\/wp\/v2\/pages"}],"about":[{"href":"https:\/\/biblian.is\/1981\/wp-json\/wp\/v2\/types\/page"}],"author":[{"embeddable":true,"href":"https:\/\/biblian.is\/1981\/wp-json\/wp\/v2\/users\/1"}],"replies":[{"embeddable":true,"href":"https:\/\/biblian.is\/1981\/wp-json\/wp\/v2\/comments?post=2340"}],"version-history":[{"count":0,"href":"https:\/\/biblian.is\/1981\/wp-json\/wp\/v2\/pages\/2340\/revisions"}],"wp:attachment":[{"href":"https:\/\/biblian.is\/1981\/wp-json\/wp\/v2\/media?parent=2340"}],"curies":[{"name":"wp","href":"https:\/\/api.w.org\/{rel}","templated":true}]}}