{"id":2339,"date":"2017-11-18T20:21:24","date_gmt":"2017-11-18T20:21:24","guid":{"rendered":"http:\/\/biblian.is\/1981\/lukasargudspjall-19-kafli\/"},"modified":"2021-06-06T11:03:39","modified_gmt":"2021-06-06T11:03:39","slug":"lukasargudspjall-19-kafli","status":"publish","type":"page","link":"https:\/\/biblian.is\/1981\/lukasargudspjall-19-kafli\/","title":{"rendered":"L\u00fakasargu\u00f0spjall 19. kafli"},"content":{"rendered":"<p><a name=\"1\"><span class=\"versanumer\">1<\/span><\/a>Jes\u00fas kom til Jer\u00edk\u00f3 og gekk gegnum borgina.<a name=\"2\"><span class=\"versanumer\">2<\/span><\/a>En \u00fear var ma\u00f0ur, er Sakkeus h\u00e9t. Hann var yfirtollheimtuma\u00f0ur og au\u00f0ugur.<a name=\"3\"><span class=\"versanumer\">3<\/span><\/a>Langa\u00f0i hann a\u00f0 sj\u00e1, hver Jes\u00fas v\u00e6ri, en t\u00f3kst \u00fea\u00f0 ekki fyrir mannfj\u00f6ldanum, \u00fev\u00ed hann var l\u00edtill vexti.<a name=\"4\"><span class=\"versanumer\">4<\/span><\/a>Hann hlj\u00f3p \u00fe\u00e1 \u00e1 undan og klifra\u00f0i upp \u00ed m\u00f3rberjatr\u00e9 til a\u00f0 sj\u00e1 Jes\u00fa, en lei\u00f0 hans l\u00e1 \u00fear hj\u00e1.<a name=\"5\"><span class=\"versanumer\">5<\/span><\/a>Og er Jes\u00fas kom \u00fear a\u00f0, leit hann upp og sag\u00f0i vi\u00f0 hann: Sakkeus, fl\u00fdt \u00fe\u00e9r ofan, \u00ed dag ber m\u00e9r a\u00f0 vera \u00ed h\u00fasi \u00fe\u00ednu.<a name=\"6\"><span class=\"versanumer\">6<\/span><\/a>Hann fl\u00fdtti s\u00e9r ofan og t\u00f3k \u00e1 m\u00f3ti honum gla\u00f0ur.<a name=\"7\"><span class=\"versanumer\">7<\/span><\/a>\u00deeir er s\u00e1u \u00feetta, l\u00e9tu allir illa vi\u00f0 og s\u00f6g\u00f0u: Hann fer til a\u00f0 gista hj\u00e1 bersyndugum manni.<a name=\"8\"><span class=\"versanumer\">8<\/span><\/a>En Sakkeus st\u00e9 fram og sag\u00f0i vi\u00f0 Drottin: Herra, helming eigna minna gef \u00e9g f\u00e1t\u00e6kum, og hafi \u00e9g haft nokku\u00f0 af nokkrum, gef \u00e9g honum ferfalt aftur.<a name=\"9\"><span class=\"versanumer\">9<\/span><\/a>Jes\u00fas sag\u00f0i \u00fe\u00e1 vi\u00f0 hann: \u00cd dag hefur hj\u00e1lpr\u00e6\u00f0i hlotnast h\u00fasi \u00feessu, enda er \u00feessi ma\u00f0ur l\u00edka Abrahams sonur.<a name=\"10\"><span class=\"versanumer\">10<\/span><\/a>\u00dev\u00ed a\u00f0 Mannssonurinn er kominn a\u00f0 leita a\u00f0 hinu t\u00fdnda og frelsa \u00fea\u00f0.<a name=\"11\"><span class=\"versanumer\">11<\/span><\/a>Me\u00f0an \u00feeir hl\u00fdddu \u00e1, b\u00e6tti hann vi\u00f0 d\u00e6mis\u00f6gu, \u00fev\u00ed a\u00f0 hann var \u00ed n\u00e1nd vi\u00f0 Jer\u00fasalem, og \u00feeir \u00e6tlu\u00f0u, a\u00f0 Gu\u00f0s r\u00edki mundi \u00feegar birtast.<a name=\"12\"><span class=\"versanumer\">12<\/span><\/a>Hann sag\u00f0i: Ma\u00f0ur nokkur tiginborinn f\u00f3r \u00ed fjarl\u00e6gt land til \u00feess a\u00f0 taka vi\u00f0 konungd\u00f3mi og koma s\u00ed\u00f0an aftur.<a name=\"13\"><span class=\"versanumer\">13<\/span><\/a>Hann kalla\u00f0i t\u00edu \u00fej\u00f3na s\u00edna, seldi \u00feeim \u00ed hendur t\u00edu pund og sag\u00f0i vi\u00f0 \u00fe\u00e1: Versli\u00f0 me\u00f0 \u00feetta, \u00feanga\u00f0 til \u00e9g kem.<a name=\"14\"><span class=\"versanumer\">14<\/span><\/a>En landar hans h\u00f6tu\u00f0u hann og ger\u00f0u sendimann \u00e1 eftir honum til a\u00f0 segja: V\u00e9r viljum ekki, a\u00f0 \u00feessi ma\u00f0ur ver\u00f0i konungur yfir oss.<a name=\"15\"><span class=\"versanumer\">15<\/span><\/a>N\u00fa kom hann aftur og haf\u00f0i teki\u00f0 konungd\u00f3m. \u00de\u00e1 l\u00e9t hann kalla fyrir sig \u00fej\u00f3na \u00fe\u00e1 er hann haf\u00f0i selt f\u00e9\u00f0 \u00ed hendur, til \u00feess a\u00f0 vita, hva\u00f0 hver hef\u00f0i gr\u00e6tt.<a name=\"16\"><span class=\"versanumer\">16<\/span><\/a>Hinn fyrsti kom og sag\u00f0i: Herra, pund \u00feitt hefur \u00e1vaxtast um t\u00edu pund.<a name=\"17\"><span class=\"versanumer\">17<\/span><\/a>Konungur sag\u00f0i vi\u00f0 hann: Gott, \u00fe\u00fa g\u00f3\u00f0i \u00fej\u00f3nn, \u00fe\u00fa varst tr\u00far \u00ed mj\u00f6g litlu og \u00fev\u00ed skaltu r\u00e1\u00f0a fyrir t\u00edu borgum.<a name=\"18\"><span class=\"versanumer\">18<\/span><\/a>Annar kom og sag\u00f0i: Pund \u00feitt, herra, hefur gefi\u00f0 af s\u00e9r fimm pund.<a name=\"19\"><span class=\"versanumer\">19<\/span><\/a>Hann sag\u00f0i eins vi\u00f0 hann: \u00de\u00fa skalt og vera yfir fimm borgum.<a name=\"20\"><span class=\"versanumer\">20<\/span><\/a>Enn kom einn og sag\u00f0i: Herra, h\u00e9r er pund \u00feitt. \u00c9g hef haft \u00fea\u00f0 geymt \u00ed d\u00faki,<a name=\"21\"><span class=\"versanumer\">21<\/span><\/a>\u00fev\u00ed a\u00f0 \u00e9g var hr\u00e6ddur vi\u00f0 \u00feig, en \u00fe\u00fa ert ma\u00f0ur strangur og tekur \u00fea\u00f0 \u00fat, sem \u00fe\u00fa lag\u00f0ir ekki inn, og uppsker \u00fea\u00f0, sem \u00fe\u00fa s\u00e1\u00f0ir ekki.<a name=\"22\"><span class=\"versanumer\">22<\/span><\/a>Hann segir vi\u00f0 hann: Illi \u00fej\u00f3nn, eftir or\u00f0um \u00fe\u00ednum d\u00e6mi \u00e9g \u00feig. \u00de\u00fa vissir, a\u00f0 \u00e9g er ma\u00f0ur strangur, sem tek \u00fea\u00f0 \u00fat, sem \u00e9g lag\u00f0i ekki inn, og uppsker \u00fea\u00f0, sem \u00e9g s\u00e1\u00f0i ekki.<a name=\"23\"><span class=\"versanumer\">23<\/span><\/a>Hvers vegna l\u00e9stu \u00fe\u00e1 ekki f\u00e9 mitt \u00ed banka? \u00de\u00e1 hef\u00f0i \u00e9g fengi\u00f0 \u00fea\u00f0 me\u00f0 v\u00f6xtum, er \u00e9g kom heim.<a name=\"24\"><span class=\"versanumer\">24<\/span><\/a>Og hann sag\u00f0i vi\u00f0 \u00fe\u00e1 er hj\u00e1 voru: Taki\u00f0 af honum pundi\u00f0, og f\u00e1i\u00f0 \u00feeim, sem hefur t\u00edu pundin.<a name=\"25\"><span class=\"versanumer\">25<\/span><\/a>En \u00feeir s\u00f6g\u00f0u vi\u00f0 hann: Herra, hann hefur t\u00edu pund.<a name=\"26\"><span class=\"versanumer\">26<\/span><\/a>\u00c9g segi y\u00f0ur: Hverjum sem hefur, mun gefi\u00f0 ver\u00f0a, og fr\u00e1 \u00feeim sem eigi hefur, mun teki\u00f0 ver\u00f0a jafnvel \u00fea\u00f0, sem hann hefur.<a name=\"27\"><span class=\"versanumer\">27<\/span><\/a>En \u00feessa \u00f3vini m\u00edna, sem vildu ekki a\u00f0 \u00e9g yr\u00f0i konungur yfir s\u00e9r, f\u00e6ri\u00f0 \u00fe\u00e1 hinga\u00f0 og h\u00f6ggvi\u00f0 \u00fe\u00e1 frammi fyrir m\u00e9r.<a name=\"28\"><span class=\"versanumer\">28<\/span><\/a>\u00de\u00e1 er Jes\u00fas haf\u00f0i \u00feetta m\u00e6lt, h\u00e9lt hann \u00e1 undan \u00e1fram upp til Jer\u00fasalem.<a name=\"29\"><span class=\"versanumer\">29<\/span><\/a>\u00deegar hann n\u00e1lga\u00f0ist Betfage og Betan\u00edu vi\u00f0 Ol\u00edufjalli\u00f0, sem svo er nefnt, sendi hann tvo l\u00e6risveina s\u00edna<a name=\"30\"><span class=\"versanumer\">30<\/span><\/a>og m\u00e6lti: Fari\u00f0 \u00ed \u00feorpi\u00f0 h\u00e9r fram undan. \u00deegar \u00fei\u00f0 komi\u00f0 \u00feanga\u00f0, munu\u00f0 \u00fei\u00f0 finna fola bundinn, sem enginn hefur enn komi\u00f0 \u00e1 bak. Leysi\u00f0 hann og komi\u00f0 me\u00f0 hann.<a name=\"31\"><span class=\"versanumer\">31<\/span><\/a>Ef einhver spyr ykkur: Hvers vegna leysi\u00f0 \u00fei\u00f0 hann? \u00fe\u00e1 svari\u00f0 svo: Herrann \u00fearf hans vi\u00f0.<a name=\"32\"><span class=\"versanumer\">32<\/span><\/a>\u00deeir sem sendir voru, f\u00f3ru og fundu svo sem hann haf\u00f0i sagt \u00feeim.<a name=\"33\"><span class=\"versanumer\">33<\/span><\/a>Og er \u00feeir leystu folann, s\u00f6g\u00f0u eigendur hans vi\u00f0 \u00fe\u00e1: Hvers vegna leysi\u00f0 \u00fei\u00f0 folann?<a name=\"34\"><span class=\"versanumer\">34<\/span><\/a>\u00deeir sv\u00f6ru\u00f0u: Herrann \u00fearf hans vi\u00f0,<a name=\"35\"><span class=\"versanumer\">35<\/span><\/a>og f\u00f3ru s\u00ed\u00f0an me\u00f0 hann til Jes\u00fa. \u00deeir l\u00f6g\u00f0u kl\u00e6\u00f0i s\u00edn \u00e1 folann og settu Jes\u00fa \u00e1 bak.<a name=\"36\"><span class=\"versanumer\">36<\/span><\/a>En \u00fear sem hann f\u00f3r, breiddu menn kl\u00e6\u00f0i s\u00edn \u00e1 veginn.<a name=\"37\"><span class=\"versanumer\">37<\/span><\/a>\u00deegar hann var a\u00f0 koma \u00fear a\u00f0, sem fari\u00f0 er ofan af Ol\u00edufjallinu, h\u00f3f allur flokkur l\u00e6risveina hans a\u00f0 lofa Gu\u00f0 fagnandi h\u00e1rri raustu fyrir \u00f6ll \u00feau kraftaverk, er \u00feeir h\u00f6f\u00f0u s\u00e9\u00f0,<a name=\"38\"><span class=\"versanumer\">38<\/span><\/a>og segja: Blessa\u00f0ur s\u00e9 s\u00e1 sem kemur, konungurinn, \u00ed nafni Drottins. Fri\u00f0ur \u00e1 himni og d\u00fdr\u00f0 \u00ed upph\u00e6\u00f0um!<a name=\"39\"><span class=\"versanumer\">39<\/span><\/a>Nokkrir far\u00edsear \u00ed mannfj\u00f6ldanum s\u00f6g\u00f0u vi\u00f0 hann: Meistari, hasta \u00fe\u00fa \u00e1 l\u00e6risveina \u00fe\u00edna.<a name=\"40\"><span class=\"versanumer\">40<\/span><\/a>Hann svara\u00f0i: \u00c9g segi y\u00f0ur, ef \u00feeir \u00feegja, munu steinarnir hr\u00f3pa.<a name=\"41\"><span class=\"versanumer\">41<\/span><\/a>Og er hann kom n\u00e6r og s\u00e1 borgina, gr\u00e9t hann yfir henni<a name=\"42\"><span class=\"versanumer\">42<\/span><\/a>og sag\u00f0i: Ef \u00fe\u00fa hef\u00f0ir a\u00f0eins vita\u00f0 \u00e1 \u00feessum degi, hva\u00f0 til fri\u00f0ar heyrir! En n\u00fa er \u00fea\u00f0 huli\u00f0 sj\u00f3num \u00fe\u00ednum.<a name=\"43\"><span class=\"versanumer\">43<\/span><\/a>\u00dev\u00ed a\u00f0 \u00feeir dagar munu koma yfir \u00feig, a\u00f0 \u00f3vinir \u00fe\u00ednir munu gj\u00f6ra virki um \u00feig, setjast um \u00feig og \u00fer\u00f6ngva \u00fe\u00e9r \u00e1 alla vegu.<a name=\"44\"><span class=\"versanumer\">44<\/span><\/a>\u00deeir munu leggja \u00feig a\u00f0 velli og b\u00f6rn \u00fe\u00edn, sem \u00ed \u00fe\u00e9r eru, og ekki l\u00e1ta standa stein yfir steini \u00ed \u00fe\u00e9r, vegna \u00feess a\u00f0 \u00fe\u00fa \u00feekktir ekki \u00feinn vitjunart\u00edma.<a name=\"45\"><span class=\"versanumer\">45<\/span><\/a>\u00de\u00e1 gekk hann inn \u00ed helgid\u00f3minn og t\u00f3k a\u00f0 reka \u00fat \u00fe\u00e1 er voru a\u00f0 selja<a name=\"46\"><span class=\"versanumer\">46<\/span><\/a>og m\u00e6lti vi\u00f0 \u00fe\u00e1: Rita\u00f0 er: H\u00fas mitt \u00e1 a\u00f0 vera b\u00e6nah\u00fas, en \u00fe\u00e9r hafi\u00f0 gj\u00f6rt \u00fea\u00f0 a\u00f0 r\u00e6ningjab\u00e6li.<a name=\"47\"><span class=\"versanumer\">47<\/span><\/a>Daglega var hann a\u00f0 kenna \u00ed helgid\u00f3minum, en \u00e6\u00f0stu prestarnir og fr\u00e6\u00f0imennirnir svo og fyrirmenn \u00fej\u00f3\u00f0arinnar leitu\u00f0ust vi\u00f0 a\u00f0 r\u00e1\u00f0a hann af d\u00f6gum,<a name=\"48\"><span class=\"versanumer\">48<\/span><\/a>en fundu eigi, hva\u00f0 gj\u00f6ra skyldi, \u00fev\u00ed a\u00f0 allur l\u00fd\u00f0urinn vildi \u00e1kaft hl\u00fd\u00f0a \u00e1 hann.<\/p>\n<div class=\"footnote1981\"><b>19.2<\/b> Tollheimtuma\u00f0ur Matt 5.46+<br \/>\n<b>19.7<\/b> L\u00e9tu illa vi\u00f0 2M\u00f3s 15.24; 16.2 o.\u00e1fr.; Matt 20.11; L\u00fak 5.21; 15.2; J\u00f3h 6.41,61; Post 6.1; 1Kor 10.10; J\u00fad 16 \u2013 vinur bersyndugra L\u00fak 5.29-30+<br \/>\n<b>19.8<\/b> Margfalt 2M\u00f3s 19.36; 2Sam 12.6; Okv 6.31; sbr 3M\u00f3s 6.1-5; 4M\u00f3s 5.6-7<br \/>\n<b>19.9<\/b> \u00cd dag L\u00fak 2.11+ &#8211; hj\u00e1lpr\u00e6\u00f0i hlotnast h\u00fasi \u00feessu Post 16.31-34 \u2013 ni\u00f0ji Abrahams L\u00fak 13.16<br \/>\n<b>19.10<\/b> Leita og frelsa Esk 34.16; Matt 18.11; L\u00fak 15.4,6,9<br \/>\n<b>19.11-27<\/b> Hlst. Matt 25.17-30<br \/>\n<b>19.12<\/b> \u00cd fjarl\u00e6gt land Mrk 13.34<br \/>\n<b>19.17<\/b> Tr\u00far \u00ed mj\u00f6g litlu L\u00fak 16.10<br \/>\n<b>19.26<\/b> Hverjum, sem hefur &#8230; Matt 13.12+<br \/>\n<b>19.28-40<\/b> Hlst. Matt 21.1-11; Mrk 11.1-11; J\u00f3h 12.12-19<br \/>\n<b>19.28<\/b> Upp til Jer\u00fasalem L\u00fak 9.51; 13.22; 17.11<br \/>\n<b>19.29<\/b> Betan\u00eda Matt 21.17+ &#8211; Ol\u00edufjalli\u00f0 Mrk 11.1+<br \/>\n<b>19.31<\/b> Herrann L\u00fak 7.13<br \/>\n<b>19.32<\/b> Eins og Jes\u00fas haf\u00f0i sagt L\u00fak 22.13<br \/>\n<b>19.35<\/b> Foli Sak 9.9-10; sbr 1Kon 1.33<br \/>\n<b>19.36<\/b> Breiddu kl\u00e6\u00f0i s\u00edn \u00e1 veginn 2Kon 9.13<br \/>\n<b>19.37<\/b> Gle\u00f0i og f\u00f6gnu\u00f0ur 1Kon 1.40 \u2013 lofa Gu\u00f0 L\u00fak 2.20+<br \/>\n<b>19.38<\/b> Sbr Slm 118.26 \u2013 konungurinn J\u00f3h 12.13 \u2013 fri\u00f0ur L\u00fak 1.79+ &#8211; \u00ed h\u00e6stum h\u00e6\u00f0um L\u00fak 2.14<br \/>\n<b>19.40<\/b> Steinarnir hr\u00f3pa Hab 2.11<br \/>\n<b>19.41<\/b> Jes\u00fas gr\u00e9t J\u00f3h 11.35<br \/>\n<b>19.42<\/b> Ef \u00fe\u00fa hef\u00f0ir vita\u00f0 &#8230; 5M\u00f3s 32.29 \u2013 huli\u00f0 Jes 6.9-10; Matt 13.14; Mrk 4.12; L\u00fak 8.10; Post 28.26-27; R\u00f3m 11.8-10<br \/>\n<b>19.43<\/b> Fall Jer\u00fasalem L\u00fak 21.20-24; 23.28-31<br \/>\n<b>19.44<\/b> Ekki steinn yfir steini L\u00fak 21.6 og hlst. \u2013 vitjunart\u00edmi L\u00fak 1.68+<br \/>\n<b>19.45-48<\/b> Hlst. Matt 21.12-17; Mrk 11.15-19; J\u00f3h 2.13-22<br \/>\n<b>19.46<\/b> B\u00e6nah\u00fas Jes 56.7; sbr 1Kon 8.30-40 \u2013 r\u00e6ningjab\u00e6li Jer 7.11<br \/>\n<b>19.47<\/b> Daglega \u00ed helgid\u00f3minum L\u00fak 20.1; 21.37; 22.53; J\u00f3h 18.20 \u2013 r\u00e1\u00f0a af d\u00f6gum L\u00fak 20.19 og hlst.; 22.2 og hlst.; J\u00f3h 5.18; 7.30; sbr Matt 12.14+ ; L\u00fak 6.11 og hlst.<br \/>\n<b>19.48<\/b> F\u00f3lki\u00f0 hl\u00fdddi \u00e1 hann L\u00fak 21.38; 23.27,35 \u2013 \u00f3ttu\u00f0ust f\u00f3lki\u00f0 Matt 14.5+ ; L\u00fak 20.19<\/div>\n","protected":false},"excerpt":{"rendered":"<p>1Jes\u00fas kom til Jer\u00edk\u00f3 og gekk gegnum borgina.2En \u00fear var ma\u00f0ur, er Sakkeus h\u00e9t. Hann var yfirtollheimtuma\u00f0ur og au\u00f0ugur.3Langa\u00f0i hann a\u00f0 sj\u00e1, hver Jes\u00fas v\u00e6ri, en t\u00f3kst \u00fea\u00f0 ekki fyrir mannfj\u00f6ldanum, \u00fev\u00ed hann var l\u00edtill vexti.4Hann hlj\u00f3p \u00fe\u00e1 \u00e1 undan og klifra\u00f0i upp \u00ed m\u00f3rberjatr\u00e9 til a\u00f0 sj\u00e1 Jes\u00fa, en lei\u00f0 hans l\u00e1 \u00fear hj\u00e1.5Og er Jes\u00fas kom \u00fear a\u00f0, leit hann upp og sag\u00f0i vi\u00f0 hann: Sakkeus, fl\u00fdt \u00fe\u00e9r ofan, \u00ed dag ber m\u00e9r a\u00f0 vera \u00ed h\u00fasi \u00fe\u00ednu.6Hann fl\u00fdtti s\u00e9r ofan og t\u00f3k \u00e1 m\u00f3ti honum gla\u00f0ur.7\u00deeir er s\u00e1u \u00feetta, l\u00e9tu allir illa vi\u00f0 og s\u00f6g\u00f0u: Hann fer <a href=\"https:\/\/biblian.is\/1981\/lukasargudspjall-19-kafli\/\"> [&#8230;]<\/a><\/p>\n","protected":false},"author":1,"featured_media":0,"parent":0,"menu_order":0,"comment_status":"open","ping_status":"open","template":"bibliukaflar.php","meta":{"footnotes":""},"class_list":["post-2339","page","type-page","status-publish","hentry"],"_links":{"self":[{"href":"https:\/\/biblian.is\/1981\/wp-json\/wp\/v2\/pages\/2339","targetHints":{"allow":["GET"]}}],"collection":[{"href":"https:\/\/biblian.is\/1981\/wp-json\/wp\/v2\/pages"}],"about":[{"href":"https:\/\/biblian.is\/1981\/wp-json\/wp\/v2\/types\/page"}],"author":[{"embeddable":true,"href":"https:\/\/biblian.is\/1981\/wp-json\/wp\/v2\/users\/1"}],"replies":[{"embeddable":true,"href":"https:\/\/biblian.is\/1981\/wp-json\/wp\/v2\/comments?post=2339"}],"version-history":[{"count":0,"href":"https:\/\/biblian.is\/1981\/wp-json\/wp\/v2\/pages\/2339\/revisions"}],"wp:attachment":[{"href":"https:\/\/biblian.is\/1981\/wp-json\/wp\/v2\/media?parent=2339"}],"curies":[{"name":"wp","href":"https:\/\/api.w.org\/{rel}","templated":true}]}}