{"id":2333,"date":"2017-11-18T20:21:24","date_gmt":"2017-11-18T20:21:24","guid":{"rendered":"http:\/\/biblian.is\/1981\/lukasargudspjall-13-kafli\/"},"modified":"2017-11-18T20:21:24","modified_gmt":"2017-11-18T20:21:24","slug":"lukasargudspjall-13-kafli","status":"publish","type":"page","link":"https:\/\/biblian.is\/1981\/lukasargudspjall-13-kafli\/","title":{"rendered":"L\u00fakasargu\u00f0spjall 13. kafli"},"content":{"rendered":"<p><a name=\"1\"><span class=\"versanumer\">1<\/span><\/a>\u00cd sama mund komu einhverjir og s\u00f6g\u00f0u honum fr\u00e1 Gal\u00edleum\u00f6nnunum, a\u00f0 P\u00edlatus hef\u00f0i blanda\u00f0 bl\u00f3\u00f0i \u00feeirra \u00ed f\u00f3rnir \u00feeirra.<a name=\"2\"><span class=\"versanumer\">2<\/span><\/a>Jes\u00fas m\u00e6lti vi\u00f0 \u00fe\u00e1: Haldi\u00f0 \u00fe\u00e9r, a\u00f0 \u00feessir Gal\u00edleumenn hafi veri\u00f0 meiri syndarar en allir a\u00f0rir Gal\u00edleumenn, fyrst \u00feeir ur\u00f0u a\u00f0 \u00feola \u00feetta?<a name=\"3\"><span class=\"versanumer\">3<\/span><\/a>Nei, segi \u00e9g y\u00f0ur, en ef \u00fe\u00e9r gj\u00f6ri\u00f0 ekki i\u00f0run, munu\u00f0 \u00fe\u00e9r allir farast eins.<a name=\"4\"><span class=\"versanumer\">4<\/span><\/a>E\u00f0a \u00feeir \u00e1tj\u00e1n, sem turninn f\u00e9ll yfir \u00ed S\u00edl\u00f3am og var\u00f0 a\u00f0 bana, haldi\u00f0 \u00fe\u00e9r, a\u00f0 \u00feeir hafi veri\u00f0 sekari en allir \u00feeir menn, sem \u00ed Jer\u00fasalem b\u00faa?<a name=\"5\"><span class=\"versanumer\">5<\/span><\/a>Nei, segi \u00e9g y\u00f0ur, en ef \u00fe\u00e9r gj\u00f6ri\u00f0 ekki i\u00f0run, munu\u00f0 \u00fe\u00e9r allir farast eins.<a name=\"6\"><span class=\"versanumer\">6<\/span><\/a>En hann sag\u00f0i \u00feessa d\u00e6mis\u00f6gu: Ma\u00f0ur nokkur \u00e1tti f\u00edkjutr\u00e9 gr\u00f3\u00f0ursett \u00ed v\u00edngar\u00f0i s\u00ednum. Hann kom og leita\u00f0i \u00e1vaxtar \u00e1 \u00fev\u00ed og fann ekki.<a name=\"7\"><span class=\"versanumer\">7<\/span><\/a>Hann sag\u00f0i \u00fe\u00e1 vi\u00f0 v\u00edngar\u00f0smanninn: \u00cd \u00ferj\u00fa \u00e1r hef \u00e9g n\u00fa komi\u00f0 og leita\u00f0 \u00e1vaxtar \u00e1 f\u00edkjutr\u00e9 \u00feessu og ekki fundi\u00f0. H\u00f6gg \u00fea\u00f0 upp. Hv\u00ed \u00e1 \u00fea\u00f0 a\u00f0 spilla j\u00f6r\u00f0inni?<a name=\"8\"><span class=\"versanumer\">8<\/span><\/a>En hann svara\u00f0i honum: Herra, l\u00e1t \u00fea\u00f0 standa enn \u00feetta \u00e1r, \u00fear til \u00e9g hef grafi\u00f0 um \u00fea\u00f0 og bori\u00f0 a\u00f0 \u00e1bur\u00f0.<a name=\"9\"><span class=\"versanumer\">9<\/span><\/a>M\u00e1 vera a\u00f0 \u00fea\u00f0 beri \u00e1v\u00f6xt s\u00ed\u00f0an. Annars skaltu h\u00f6ggva \u00fea\u00f0 upp.<a name=\"10\"><span class=\"versanumer\">10<\/span><\/a>Jes\u00fas var a\u00f0 kenna \u00e1 hv\u00edldardegi \u00ed samkundu einni.<a name=\"11\"><span class=\"versanumer\">11<\/span><\/a>\u00dear var \u00fe\u00e1 kona nokkur. \u00cd \u00e1tj\u00e1n \u00e1r haf\u00f0i h\u00fan veri\u00f0 haldin sj\u00fakleiks anda og var kreppt og alls \u00f3f\u00e6r a\u00f0 r\u00e9tta sig upp.<a name=\"12\"><span class=\"versanumer\">12<\/span><\/a>Jes\u00fas s\u00e1 hana og kalla\u00f0i hana til s\u00edn og sag\u00f0i vi\u00f0 hana: Kona, \u00fe\u00fa ert laus vi\u00f0 sj\u00fakleik \u00feinn!<a name=\"13\"><span class=\"versanumer\">13<\/span><\/a>\u00de\u00e1 lag\u00f0i hann hendur yfir hana, og jafnskj\u00f3tt r\u00e9ttist h\u00fan og lofa\u00f0i Gu\u00f0.<a name=\"14\"><span class=\"versanumer\">14<\/span><\/a>En samkundustj\u00f3rinn reiddist \u00fev\u00ed, a\u00f0 Jes\u00fas l\u00e6kna\u00f0i \u00e1 hv\u00edldardegi, og m\u00e6lti til f\u00f3lksins: Sex daga skal vinna, komi\u00f0 \u00fe\u00e1 og l\u00e1ti\u00f0 l\u00e6kna y\u00f0ur og ekki \u00e1 hv\u00edldardegi.<a name=\"15\"><span class=\"versanumer\">15<\/span><\/a>Drottinn svara\u00f0i honum: Hr\u00e6snarar, leysir ekki hver y\u00f0ar \u00e1 hv\u00edldardegi naut sitt e\u00f0a asna af stalli og lei\u00f0ir til vatns?<a name=\"16\"><span class=\"versanumer\">16<\/span><\/a>En \u00feessi kona, sem er d\u00f3ttir Abrahams og Satan hefur fj\u00f6tra\u00f0 full \u00e1tj\u00e1n \u00e1r, m\u00e1tti h\u00fan ekki leyst ver\u00f0a \u00far fj\u00f6trum \u00feessum \u00e1 hv\u00edldardegi?<a name=\"17\"><span class=\"versanumer\">17<\/span><\/a>Vi\u00f0 \u00feessi or\u00f0 hans ur\u00f0u allir m\u00f3tst\u00f6\u00f0umenn hans sneyptir, en allur l\u00fd\u00f0ur fagna\u00f0i yfir \u00f6llum \u00feeim d\u00fdr\u00f0arverkum, er hann gj\u00f6r\u00f0i.<a name=\"18\"><span class=\"versanumer\">18<\/span><\/a>Hann sag\u00f0i n\u00fa: Hverju er Gu\u00f0s r\u00edki l\u00edkt? Vi\u00f0 hva\u00f0 \u00e1 \u00e9g a\u00f0 l\u00edkja \u00fev\u00ed?<a name=\"19\"><span class=\"versanumer\">19<\/span><\/a>L\u00edkt er \u00fea\u00f0 mustar\u00f0skorni, sem ma\u00f0ur t\u00f3k og s\u00e1\u00f0i \u00ed jurtagar\u00f0 sinn. \u00dea\u00f0 \u00f3x og var\u00f0 tr\u00e9 og fuglar himins hrei\u00f0ru\u00f0u sig \u00ed greinum \u00feess.<a name=\"20\"><span class=\"versanumer\">20<\/span><\/a>Og aftur sag\u00f0i hann: Vi\u00f0 hva\u00f0 \u00e1 \u00e9g a\u00f0 l\u00edkja Gu\u00f0s r\u00edki?<a name=\"21\"><span class=\"versanumer\">21<\/span><\/a>L\u00edkt er \u00fea\u00f0 s\u00fardeigi, er kona t\u00f3k og f\u00f3l \u00ed \u00ferem m\u00e6lum mj\u00f6ls, uns \u00fea\u00f0 s\u00fdr\u00f0ist allt.<a name=\"22\"><span class=\"versanumer\">22<\/span><\/a>Og hann h\u00e9lt \u00e1fram til Jer\u00fasalem, f\u00f3r um borgir og \u00feorp og kenndi.<a name=\"23\"><span class=\"versanumer\">23<\/span><\/a>Einhver sag\u00f0i vi\u00f0 hann: Herra, eru \u00feeir f\u00e1ir, sem h\u00f3lpnir ver\u00f0a? Hann sag\u00f0i vi\u00f0 \u00fe\u00e1:<a name=\"24\"><span class=\"versanumer\">24<\/span><\/a>Kosti\u00f0 kapps um a\u00f0 komast inn um \u00fer\u00f6ngu dyrnar, \u00fev\u00ed margir, segi \u00e9g y\u00f0ur, munu reyna a\u00f0 komast inn og ekki geta.<a name=\"25\"><span class=\"versanumer\">25<\/span><\/a>\u00deegar h\u00fasb\u00f3ndinn stendur upp og lokar dyrum og \u00fe\u00e9r taki\u00f0 \u00fe\u00e1 a\u00f0 standa fyrir utan og kn\u00fdja \u00e1 dyr og segja: Herra, lj\u00fak \u00fe\u00fa upp fyrir oss! mun hann svara y\u00f0ur: \u00c9g veit ekki, hva\u00f0an \u00fe\u00e9r eru\u00f0.<a name=\"26\"><span class=\"versanumer\">26<\/span><\/a>\u00de\u00e1 munu\u00f0 \u00fe\u00e9r segja: V\u00e9r h\u00f6fum \u00fe\u00f3 eti\u00f0 og drukki\u00f0 me\u00f0 \u00fe\u00e9r, og \u00fe\u00fa kenndir \u00e1 g\u00f6tum vorum.<a name=\"27\"><span class=\"versanumer\">27<\/span><\/a>Og hann mun svara: \u00c9g segi y\u00f0ur, \u00e9g veit ekki, hva\u00f0an \u00fe\u00e9r eru\u00f0, fari\u00f0 fr\u00e1 m\u00e9r allir illgj\u00f6r\u00f0amenn!<a name=\"28\"><span class=\"versanumer\">28<\/span><\/a>\u00dear ver\u00f0ur gr\u00e1tur og gn\u00edstran tanna, er \u00fe\u00e9r sj\u00e1i\u00f0 Abraham, \u00cdsak og Jakob og alla sp\u00e1mennina \u00ed Gu\u00f0s r\u00edki, en y\u00f0ur \u00fat rekna.<a name=\"29\"><span class=\"versanumer\">29<\/span><\/a>\u00de\u00e1 munu menn koma fr\u00e1 austri og vestri, fr\u00e1 nor\u00f0ri og su\u00f0ri og sitja til bor\u00f0s \u00ed Gu\u00f0s r\u00edki.<a name=\"30\"><span class=\"versanumer\">30<\/span><\/a>En til eru s\u00ed\u00f0astir, er ver\u00f0a munu fyrstir, og til eru fyrstir, er ver\u00f0a munu s\u00ed\u00f0astir.<a name=\"31\"><span class=\"versanumer\">31<\/span><\/a>\u00c1 \u00feeirri stundu komu nokkrir far\u00edsear og s\u00f6g\u00f0u vi\u00f0 hann: Far \u00fe\u00fa og hald \u00e1 brott h\u00e9\u00f0an, \u00fev\u00ed a\u00f0 Her\u00f3des vill drepa \u00feig.<a name=\"32\"><span class=\"versanumer\">32<\/span><\/a>Og hann sag\u00f0i vi\u00f0 \u00fe\u00e1: Fari\u00f0 og segi\u00f0 ref \u00feeim: \u00cd dag og \u00e1 morgun rek \u00e9g \u00fat illa anda og l\u00e6kna og \u00e1 \u00feri\u00f0ja degi mun \u00e9g marki n\u00e1.<a name=\"33\"><span class=\"versanumer\">33<\/span><\/a>En m\u00e9r ber a\u00f0 halda \u00e1fram fer\u00f0 minni \u00ed dag og \u00e1 morgun og n\u00e6sta dag, \u00fev\u00ed a\u00f0 eigi h\u00e6fir, a\u00f0 sp\u00e1ma\u00f0ur b\u00ed\u00f0i dau\u00f0a annars sta\u00f0ar en \u00ed Jer\u00fasalem.<a name=\"34\"><span class=\"versanumer\">34<\/span><\/a>Jer\u00fasalem, Jer\u00fasalem! \u00de\u00fa, sem l\u00edfl\u00e6tur sp\u00e1mennina og gr\u00fdtir \u00fe\u00e1, sem sendir eru til \u00fe\u00edn! Hversu oft vildi \u00e9g safna b\u00f6rnum \u00fe\u00ednum eins og h\u00e6nan ungum s\u00ednum undir v\u00e6ngi s\u00e9r, og \u00fe\u00e9r vildu\u00f0 eigi.<a name=\"35\"><span class=\"versanumer\">35<\/span><\/a>H\u00fas y\u00f0ar ver\u00f0ur \u00ed ey\u00f0i l\u00e1ti\u00f0. \u00c9g segi y\u00f0ur: \u00de\u00e9r munu\u00f0 eigi sj\u00e1 mig, fyrr en \u00fear er komi\u00f0, a\u00f0 \u00fe\u00e9r segi\u00f0: Blessa\u00f0ur s\u00e9 s\u00e1 er kemur, \u00ed nafni Drottins!<\/p>\n<div class=\"footnote1981\"><b>13.1<\/b> Gal\u00edleumenn drepnir Post 5.37<br \/>\n<b>13.2<\/b> \u00dej\u00e1ningar og syndir J\u00f3h 9.2-3<br \/>\n<b>13.3<\/b> \u00d3gnun d\u00f3msins Slm 7.12<br \/>\n<b>13.6<\/b> F\u00edkjutr\u00e9 \u00e1n \u00e1vaxtar Hab 3.17; Matt 21.19; Mrk 11.13; L\u00fak 3.8-9; 6.43-44<br \/>\n<b>13.8<\/b> Enn \u00feetta \u00e1r 2P\u00e9t 3.9,15<br \/>\n<b>13.10<\/b> \u00cd samkundunni \u00e1 hv\u00edldardegi L\u00fak 6.6-11; sbr 14.1-6<br \/>\n<b>13.13<\/b> Lag\u00f0i hendur yfir hana Matt 9.18+ ; Mrk 5.23+ &#8211; lofa Gu\u00f0 L\u00fak 2.20+<br \/>\n<b>13.14<\/b> L\u00e6kna \u00e1 hv\u00edldardegi L\u00fak 6.7,9 og hlst.; 14.4; J\u00f3h 5.16; 7.23; 9.14,16; sbr Matt 12.1+ &#8211; sex daga skal vinna 2M\u00f3s 20.9-10; 5M\u00f3s 5.13-14<br \/>\n<b>13.15<\/b> Undantekningar Matt 12.11; L\u00fak 14.5<br \/>\n<b>13.16<\/b> D\u00f3ttir Abrahams L\u00fak 19.9 \u2013 Satan Mrk 1.13+ &#8211; leyst \u00e1 hv\u00edldardegi Mrk 3.4<br \/>\n<b>13.18-21<\/b> Hlst. Matt 13.31-33; Mrk 4.30-32<br \/>\n<b>13.18<\/b> Gu\u00f0s r\u00edki Matt 3.2+ ; 6.10+<br \/>\n<b>13.19<\/b> \u00cd greinum \u00feess Dan 4.9,18; Esk 17.23; 31.6<br \/>\n<b>13.22-30<\/b> Hlst. Matt 7.13-14,21-23<br \/>\n<b>13.22<\/b> Til Jer\u00fasalem L\u00fak 9.51; 17.11; 19.28<br \/>\n<b>13.24<\/b> Kosti\u00f0 kapps um L\u00fak 16.16; 1T\u00edm 6.12 \u2013 \u00fer\u00f6ngar dyr sbr Mrk 10.25<br \/>\n<b>13.27<\/b> Fari\u00f0 fr\u00e1 m\u00e9r Slm 6.9<br \/>\n<b>13.28<\/b> Gr\u00e1tur og gn\u00edstran tanna Matt 8.12+<br \/>\n<b>13.29<\/b> Fr\u00e1 austri og vestri Slm 107.3; sbr Jes 2.2-5; 25.6-8; 60; 66.18-21 \u2013 sitja til bor\u00f0s \u00ed Gu\u00f0s r\u00edki Jes 25.6; L\u00fak 14.15-24; 22.16,18,30; sbr L\u00fak 16.22<br \/>\n<b>13.31-35<\/b> Hlst. Matt 23.37-39<br \/>\n<b>13.31<\/b> Far\u00edsear hlynntir Jes\u00fa L\u00fak 7.36; 11.37; 14.1<br \/>\n<b>13.32<\/b> \u00cd dag L\u00fak 2.11+<br \/>\n<b>13.33<\/b> Jes\u00fa l\u00edkt vi\u00f0 sp\u00e1mann Matt 16.14+ &#8211; p\u00edslav\u00e6tti sp\u00e1mannanna L\u00fak 6.23+<br \/>\n<b>13.35<\/b> Lagt \u00ed r\u00fast M\u00edk 3.12; Jer 7.1-15; 26; Esk 8-11; sbr L\u00fak 21.6 \u2013 blessa\u00f0ur s\u00e9 s\u00e1 &#8230; Slm 118.26; L\u00fak 19.38 og hlst.<\/div>\n","protected":false},"excerpt":{"rendered":"<p>1\u00cd sama mund komu einhverjir og s\u00f6g\u00f0u honum fr\u00e1 Gal\u00edleum\u00f6nnunum, a\u00f0 P\u00edlatus hef\u00f0i blanda\u00f0 bl\u00f3\u00f0i \u00feeirra \u00ed f\u00f3rnir \u00feeirra.2Jes\u00fas m\u00e6lti vi\u00f0 \u00fe\u00e1: Haldi\u00f0 \u00fe\u00e9r, a\u00f0 \u00feessir Gal\u00edleumenn hafi veri\u00f0 meiri syndarar en allir a\u00f0rir Gal\u00edleumenn, fyrst \u00feeir ur\u00f0u a\u00f0 \u00feola \u00feetta?3Nei, segi \u00e9g y\u00f0ur, en ef \u00fe\u00e9r gj\u00f6ri\u00f0 ekki i\u00f0run, munu\u00f0 \u00fe\u00e9r allir farast eins.4E\u00f0a \u00feeir \u00e1tj\u00e1n, sem turninn f\u00e9ll yfir \u00ed S\u00edl\u00f3am og var\u00f0 a\u00f0 bana, haldi\u00f0 \u00fe\u00e9r, a\u00f0 \u00feeir hafi veri\u00f0 sekari en allir \u00feeir menn, sem \u00ed Jer\u00fasalem b\u00faa?5Nei, segi \u00e9g y\u00f0ur, en ef \u00fe\u00e9r gj\u00f6ri\u00f0 ekki i\u00f0run, munu\u00f0 \u00fe\u00e9r allir farast eins.6En hann sag\u00f0i \u00feessa d\u00e6mis\u00f6gu: <a href=\"https:\/\/biblian.is\/1981\/lukasargudspjall-13-kafli\/\"> [&#8230;]<\/a><\/p>\n","protected":false},"author":1,"featured_media":0,"parent":0,"menu_order":0,"comment_status":"open","ping_status":"open","template":"bibliukaflar.php","meta":{"footnotes":""},"class_list":["post-2333","page","type-page","status-publish","hentry"],"_links":{"self":[{"href":"https:\/\/biblian.is\/1981\/wp-json\/wp\/v2\/pages\/2333","targetHints":{"allow":["GET"]}}],"collection":[{"href":"https:\/\/biblian.is\/1981\/wp-json\/wp\/v2\/pages"}],"about":[{"href":"https:\/\/biblian.is\/1981\/wp-json\/wp\/v2\/types\/page"}],"author":[{"embeddable":true,"href":"https:\/\/biblian.is\/1981\/wp-json\/wp\/v2\/users\/1"}],"replies":[{"embeddable":true,"href":"https:\/\/biblian.is\/1981\/wp-json\/wp\/v2\/comments?post=2333"}],"version-history":[{"count":0,"href":"https:\/\/biblian.is\/1981\/wp-json\/wp\/v2\/pages\/2333\/revisions"}],"wp:attachment":[{"href":"https:\/\/biblian.is\/1981\/wp-json\/wp\/v2\/media?parent=2333"}],"curies":[{"name":"wp","href":"https:\/\/api.w.org\/{rel}","templated":true}]}}