{"id":2323,"date":"2017-11-18T20:21:17","date_gmt":"2017-11-18T20:21:17","guid":{"rendered":"http:\/\/biblian.is\/1981\/lukasargudspjall-3-kafli\/"},"modified":"2021-06-06T11:03:42","modified_gmt":"2021-06-06T11:03:42","slug":"lukasargudspjall-3-kafli","status":"publish","type":"page","link":"https:\/\/biblian.is\/1981\/lukasargudspjall-3-kafli\/","title":{"rendered":"L\u00fakasargu\u00f0spjall 3. kafli"},"content":{"rendered":"<p><a name=\"1\"><span class=\"versanumer\">1<\/span><\/a>\u00c1 fimmt\u00e1nda stj\u00f3rnar\u00e1ri T\u00edber\u00edusar keisara, \u00feegar Pont\u00edus P\u00edlatus var landstj\u00f3ri \u00ed J\u00fadeu, en Her\u00f3des fj\u00f3r\u00f0ungsstj\u00f3ri \u00ed Gal\u00edleu, Filippus br\u00f3\u00f0ir hans \u00ed \u00cdt\u00fareu og Trak\u00f3n\u00edtish\u00e9ra\u00f0i og L\u00fdsan\u00edas \u00ed Ab\u00edlene,<a name=\"2\"><span class=\"versanumer\">2<\/span><\/a>\u00ed \u00e6\u00f0staprestst\u00ed\u00f0 Annasar og Ka\u00edfasar, kom or\u00f0 Gu\u00f0s til J\u00f3hannesar Sakar\u00edasonar \u00ed \u00f3bygg\u00f0inni.<a name=\"3\"><span class=\"versanumer\">3<\/span><\/a>Og hann f\u00f3r um alla J\u00f3rdanbygg\u00f0 og pr\u00e9dika\u00f0i i\u00f0runarsk\u00edrn til fyrirgefningar synda,<a name=\"4\"><span class=\"versanumer\">4<\/span><\/a>eins og rita\u00f0 er \u00ed b\u00f3k Jesaja sp\u00e1manns: R\u00f6dd hr\u00f3panda \u00ed ey\u00f0im\u00f6rk: Grei\u00f0i\u00f0 veg Drottins, gj\u00f6ri\u00f0 beinar brautir hans.<a name=\"5\"><span class=\"versanumer\">5<\/span><\/a>\u00d6ll gil skulu fyllast, \u00f6ll fell og h\u00e1lsar l\u00e6gjast. Kr\u00f3kar skulu ver\u00f0a beinir og \u00f3vegir sl\u00e9ttar g\u00f6tur.<a name=\"6\"><span class=\"versanumer\">6<\/span><\/a>Og allir menn munu sj\u00e1 hj\u00e1lpr\u00e6\u00f0i Gu\u00f0s.<a name=\"7\"><span class=\"versanumer\">7<\/span><\/a>Vi\u00f0 mannfj\u00f6ldann, sem f\u00f3r \u00fat til a\u00f0 sk\u00edrast af honum, sag\u00f0i hann: \u00de\u00e9r n\u00f6\u00f0ru kyn, hver kenndi y\u00f0ur a\u00f0 fl\u00fdja komandi rei\u00f0i?<a name=\"8\"><span class=\"versanumer\">8<\/span><\/a>Beri\u00f0 \u00fe\u00e1 \u00e1vexti sambo\u00f0na i\u00f0runinni, og fari\u00f0 ekki a\u00f0 segja me\u00f0 sj\u00e1lfum y\u00f0ur: V\u00e9r eigum Abraham a\u00f0 f\u00f6\u00f0ur. \u00c9g segi y\u00f0ur, a\u00f0 Gu\u00f0 getur vaki\u00f0 Abraham b\u00f6rn af steinum \u00feessum.<a name=\"9\"><span class=\"versanumer\">9<\/span><\/a>\u00d6xin er \u00feegar l\u00f6g\u00f0 a\u00f0 r\u00f3tum trj\u00e1nna og hvert \u00fea\u00f0 tr\u00e9, sem ber ekki g\u00f3\u00f0an \u00e1v\u00f6xt, ver\u00f0ur upp h\u00f6ggvi\u00f0 og \u00ed eld kasta\u00f0.<a name=\"10\"><span class=\"versanumer\">10<\/span><\/a>Mannfj\u00f6ldinn spur\u00f0i hann: Hva\u00f0 eigum v\u00e9r \u00fe\u00e1 a\u00f0 gj\u00f6ra?<a name=\"11\"><span class=\"versanumer\">11<\/span><\/a>En hann svara\u00f0i \u00feeim: S\u00e1 sem \u00e1 tvo kyrtla, gefi \u00feeim, er engan \u00e1, og eins gj\u00f6ri s\u00e1 er matf\u00f6ng hefur.<a name=\"12\"><span class=\"versanumer\">12<\/span><\/a>\u00de\u00e1 komu og tollheimtumenn til a\u00f0 sk\u00edrast. \u00deeir s\u00f6g\u00f0u vi\u00f0 hann: Meistari, hva\u00f0 eigum v\u00e9r a\u00f0 gj\u00f6ra?<a name=\"13\"><span class=\"versanumer\">13<\/span><\/a>En hann sag\u00f0i vi\u00f0 \u00fe\u00e1: Heimti\u00f0 ekki meira en fyrir y\u00f0ur er lagt.<a name=\"14\"><span class=\"versanumer\">14<\/span><\/a>Hermenn spur\u00f0u hann einnig: En hva\u00f0 eigum v\u00e9r a\u00f0 gj\u00f6ra? Hann sag\u00f0i vi\u00f0 \u00fe\u00e1: Hafi\u00f0 ekki f\u00e9 af neinum, hvorki me\u00f0 ofr\u00edki n\u00e9 svikum. L\u00e1ti\u00f0 y\u00f0ur n\u00e6gja m\u00e1la y\u00f0ar.<a name=\"15\"><span class=\"versanumer\">15<\/span><\/a>N\u00fa var eftirv\u00e6nting vakin hj\u00e1 l\u00fd\u00f0num, og allir voru a\u00f0 hugsa me\u00f0 sj\u00e1lfum s\u00e9r, hvort J\u00f3hannes kynni a\u00f0 vera Kristur.<a name=\"16\"><span class=\"versanumer\">16<\/span><\/a>En J\u00f3hannes svara\u00f0i \u00f6llum og sag\u00f0i: \u00c9g sk\u00edri y\u00f0ur me\u00f0 vatni, en s\u00e1 kemur, sem m\u00e9r er m\u00e1ttugri, og er \u00e9g ekki ver\u00f0ur a\u00f0 leysa sk\u00f3\u00feveng hans. Hann mun sk\u00edra y\u00f0ur me\u00f0 heil\u00f6gum anda og eldi.<a name=\"17\"><span class=\"versanumer\">17<\/span><\/a>Hann er me\u00f0 varpsk\u00f3fluna \u00ed hendi s\u00e9r til \u00feess a\u00f0 gj\u00f6rhreinsa l\u00e1fa sinn og safna hveitinu \u00ed hl\u00f6\u00f0u s\u00edna, en hismi\u00f0 mun hann brenna \u00ed \u00f3sl\u00f6kkvanda eldi.<a name=\"18\"><span class=\"versanumer\">18<\/span><\/a>Me\u00f0 m\u00f6rgu \u00f6\u00f0ru \u00e1minnti hann og flutti l\u00fd\u00f0num fagna\u00f0arbo\u00f0in.<a name=\"19\"><span class=\"versanumer\">19<\/span><\/a>Hann v\u00edtti Her\u00f3des fj\u00f3r\u00f0ungsstj\u00f3ra vegna Her\u00f3d\u00edasar, konu br\u00f3\u00f0ur hans, og fyrir allt hi\u00f0 illa, sem hann haf\u00f0i gj\u00f6rt.<a name=\"20\"><span class=\"versanumer\">20<\/span><\/a>\u00de\u00e1 b\u00e6tti Her\u00f3des einnig \u00fev\u00ed ofan \u00e1 allt anna\u00f0, a\u00f0 hann varpa\u00f0i J\u00f3hannesi \u00ed fangelsi.<a name=\"21\"><span class=\"versanumer\">21<\/span><\/a>Er allur l\u00fd\u00f0urinn l\u00e9t sk\u00edrast, var Jes\u00fas einnig sk\u00edr\u00f0ur. \u00de\u00e1 bar svo vi\u00f0, er hann gj\u00f6r\u00f0i b\u00e6n s\u00edna, a\u00f0 himinninn opna\u00f0ist,<a name=\"22\"><span class=\"versanumer\">22<\/span><\/a>og heilagur andi steig ni\u00f0ur yfir hann \u00ed l\u00edkamlegri mynd, eins og d\u00fafa, og r\u00f6dd kom af himni: \u00de\u00fa ert minn elska\u00f0i sonur, \u00e1 \u00fe\u00e9r hef \u00e9g vel\u00fe\u00f3knun.<a name=\"23\"><span class=\"versanumer\">23<\/span><\/a>En Jes\u00fas var um \u00fer\u00edtugt, er hann h\u00f3f starf sitt. Var hann, eftir \u00fev\u00ed sem haldi\u00f0 var, sonur J\u00f3sefs, sonar El\u00ed,<a name=\"24\"><span class=\"versanumer\">24<\/span><\/a>sonar Mattats, sonar Lev\u00ed, sonar Melk\u00ed, sonar Janna\u00ed, sonar J\u00f3sefs,<a name=\"25\"><span class=\"versanumer\">25<\/span><\/a>sonar Mattat\u00edass, sonar Amoss, sonar Na\u00fams, sonar Esl\u00ed, sonar Nagga\u00ed,<a name=\"26\"><span class=\"versanumer\">26<\/span><\/a>sonar Maats, sonar Mattat\u00edass, sonar Seme\u00edns, sonar J\u00f3seks, sonar J\u00f3da,<a name=\"27\"><span class=\"versanumer\">27<\/span><\/a>sonar J\u00f3hanans, sonar Hresa, sonar Ser\u00fababels, sonar Sealt\u00edels, sonar Ner\u00ed,<a name=\"28\"><span class=\"versanumer\">28<\/span><\/a>sonar Melk\u00ed, sonar Add\u00ed, sonar K\u00f3sams, sonar Elmadams, sonar Ers,<a name=\"29\"><span class=\"versanumer\">29<\/span><\/a>sonar Jes\u00fa, sonar El\u00edesers, sonar J\u00f3r\u00edms, sonar Mattats, sonar Lev\u00ed,<a name=\"30\"><span class=\"versanumer\">30<\/span><\/a>sonar S\u00edmeons, sonar J\u00fada, sonar J\u00f3sefs, sonar J\u00f3nams, sonar Eljak\u00edms,<a name=\"31\"><span class=\"versanumer\">31<\/span><\/a>sonar Melea, sonar Menna, sonar Mattata, sonar Natans, sonar Dav\u00ed\u00f0s,<a name=\"32\"><span class=\"versanumer\">32<\/span><\/a>sonar \u00cdsa\u00ed, sonar \u00d3be\u00f0s, sonar B\u00f3asar, sonar Salmons, sonar Naksons,<a name=\"33\"><span class=\"versanumer\">33<\/span><\/a>sonar Amm\u00ednadabs, sonar Adm\u00edns, sonar Arn\u00ed, sonar Esroms, sonar Peres, sonar J\u00fada,<a name=\"34\"><span class=\"versanumer\">34<\/span><\/a>sonar Jakobs, sonar \u00cdsaks, sonar Abrahams, sonar Tara, sonar Nak\u00f3rs,<a name=\"35\"><span class=\"versanumer\">35<\/span><\/a>sonar Ser\u00fags, sonar Re\u00fa, sonar Pelegs, sonar Ebers, sonar Sela,<a name=\"36\"><span class=\"versanumer\">36<\/span><\/a>sonar Kenans, sonar Arpaksads, sonar Sems, sonar N\u00f3a, sonar Lameks,<a name=\"37\"><span class=\"versanumer\">37<\/span><\/a>sonar Met\u00fasala, sonar Enoks, sonar Jareds, sonar Mahalalels, sonar Kenans,<a name=\"38\"><span class=\"versanumer\">38<\/span><\/a>sonar Enoss, sonar Sets, sonar Adams, sonar Gu\u00f0s.<\/p>\n<div class=\"footnote1981\"><b>3.1-20<\/b> Hlst. Matt 3.1-12; Mrk 1.1-8; J\u00f3h 1.19-28<br \/>\n<b>3.1<\/b> Her\u00f3des fj\u00f3r\u00f0ungsstj\u00f3ri Matt 14.1+<br \/>\n<b>3.2<\/b> Annas J\u00f3h 18.13,24; Post 4.6 \u2013 Ka\u00edfas Matt 26.3; J\u00f3h 11.49; 18.13,28; Post 4.6 \u2013 J\u00f3hannes Sakar\u00edason Matt 3.1+ &#8211; \u00ed \u00f3bygg\u00f0inni L\u00fak 1.80<br \/>\n<b>3.3<\/b> Bo\u00f0a Matt 3.1+ ; Mrk 1.4+ ; 4.18,19,44; 8.1,39; 9.2; 12.3; 24.47; Post 8.5; 9.20; 10.42; 19.13; 20.25; 28.31 \u2013 sk\u00edrn J\u00f3hannesar Matt 3.6+ &#8211; sinnaskipti Post 13.24; 19.4<br \/>\n<b>3.4-6<\/b> Sbr Jes 40.3-5<br \/>\n<b>3.5<\/b> Jafnast Jes 2.2-18; Slm 68.16-17; L\u00fak 1.52; 14.11; 18.14<br \/>\n<b>3.6<\/b> Hj\u00e1lpr\u00e6\u00f0i Gu\u00f0s L\u00fak 2.30-31; Post 28.28; T\u00edt 2.11<br \/>\n<b>3.7<\/b> N\u00f6\u00f0rukyn Matt 3.7+ &#8211; fl\u00fdja Matt 23.33<br \/>\n<b>3.8<\/b> B\u00f6rn Abrahams J\u00f3h 8.39<br \/>\n<b>3.9<\/b> \u00cd eld kasta\u00f0 Matt 7.19; J\u00f3h 15.6<br \/>\n<b>3.10<\/b> Hva\u00f0 eigum v\u00e9r a\u00f0 gera? L\u00fak 10.25+<br \/>\n<b>3.12<\/b> Til a\u00f0 sk\u00edrast L\u00fak 7.29 \u2013 tollheimtumenn Matt 5.46+<br \/>\n<b>3.15<\/b> Kristur (Mess\u00edas) L\u00fak 2.11,26; 4.41+ ; 9.20; 20.41; 22.67; 23.2,35,39; 24.26,46 \u2013 var J\u00f3hannes Mess\u00edas? J\u00f3h 1.19-20; 3.28; Post 13.25<br \/>\n<b>3.16<\/b> Ekki ver\u00f0ur &#8230; Post 13.25<br \/>\n<b>3.17<\/b> D\u00f3murinn 1) kornskur\u00f0ur Jer 15.7; 51.2 2) eldur og hismi Jes 5.24; 47.14; Jl 2.5; Nah 1.10 3) sbr Matt 3.12+<br \/>\n<b>3.20<\/b> J\u00f3hannes \u00ed fangelsi Matt 14.3-4; Mrk 6.17-18<br \/>\n<b>3.21-22<\/b> Hlst. Matt 3.13-17; Mrk 1.9-11<br \/>\n<b>3.21<\/b> B\u00e6n Jes\u00fa L\u00fak 5.16; 6.12; 9.18,28-29; 10.21; 11.1; 22.32,40-46; 23.34,46; sbr Matt 14.23+ ; Mrk 6.46+<br \/>\n<b>3.22<\/b> Eins og d\u00fafa J\u00f3h 1.32 \u2013 minn elska\u00f0i sonur Slm 2.7; Matt 3.17+<br \/>\n<b>3.23-38<\/b> Hlst. Matt 1.1-17<br \/>\n<b>3.23<\/b> Sonur J\u00f3sefs L\u00fak 4.22; J\u00f3h 6.42<br \/>\n<b>3.27<\/b> Ser\u00fababel 1Kro 3.17; Esr 3.2<br \/>\n<b>3.31<\/b> Natan 2Sam 5.14<br \/>\n<b>3.31-32<\/b> Dav\u00ed\u00f0, \u00cdsa\u00ed 1Sam 16.1,13 \u2013 sonur Dav\u00ed\u00f0s Matt 1.1+<br \/>\n<b>3.31-33<\/b> Dav\u00ed\u00f0 &#8230; J\u00fada Rut 4.17-22; 1Kro 2.3-15<br \/>\n<b>3.33<\/b> J\u00fada 1M\u00f3s 29.35<br \/>\n<b>3.34<\/b> Jakob 1M\u00f3s 25.26; 1Kro 1.34<br \/>\n<b>3.34-36<\/b> Abraham &#8230; Sem 1M\u00f3s 11.10-26; 1Kro 1.24-27<br \/>\n<b>3.36-38<\/b> Sem &#8230; Adam 1M\u00f3s 4.25-5.32; 1Kro 1.1-4 \u2013 sonur Gu\u00f0s Matt 14.33+ ; Mrk 1.1+<\/div>\n","protected":false},"excerpt":{"rendered":"<p>1\u00c1 fimmt\u00e1nda stj\u00f3rnar\u00e1ri T\u00edber\u00edusar keisara, \u00feegar Pont\u00edus P\u00edlatus var landstj\u00f3ri \u00ed J\u00fadeu, en Her\u00f3des fj\u00f3r\u00f0ungsstj\u00f3ri \u00ed Gal\u00edleu, Filippus br\u00f3\u00f0ir hans \u00ed \u00cdt\u00fareu og Trak\u00f3n\u00edtish\u00e9ra\u00f0i og L\u00fdsan\u00edas \u00ed Ab\u00edlene,2\u00ed \u00e6\u00f0staprestst\u00ed\u00f0 Annasar og Ka\u00edfasar, kom or\u00f0 Gu\u00f0s til J\u00f3hannesar Sakar\u00edasonar \u00ed \u00f3bygg\u00f0inni.3Og hann f\u00f3r um alla J\u00f3rdanbygg\u00f0 og pr\u00e9dika\u00f0i i\u00f0runarsk\u00edrn til fyrirgefningar synda,4eins og rita\u00f0 er \u00ed b\u00f3k Jesaja sp\u00e1manns: R\u00f6dd hr\u00f3panda \u00ed ey\u00f0im\u00f6rk: Grei\u00f0i\u00f0 veg Drottins, gj\u00f6ri\u00f0 beinar brautir hans.5\u00d6ll gil skulu fyllast, \u00f6ll fell og h\u00e1lsar l\u00e6gjast. Kr\u00f3kar skulu ver\u00f0a beinir og \u00f3vegir sl\u00e9ttar g\u00f6tur.6Og allir menn munu sj\u00e1 hj\u00e1lpr\u00e6\u00f0i Gu\u00f0s.7Vi\u00f0 mannfj\u00f6ldann, sem f\u00f3r \u00fat til a\u00f0 sk\u00edrast af honum, <a href=\"https:\/\/biblian.is\/1981\/lukasargudspjall-3-kafli\/\"> [&#8230;]<\/a><\/p>\n","protected":false},"author":1,"featured_media":0,"parent":0,"menu_order":0,"comment_status":"open","ping_status":"open","template":"bibliukaflar.php","meta":{"footnotes":""},"class_list":["post-2323","page","type-page","status-publish","hentry"],"_links":{"self":[{"href":"https:\/\/biblian.is\/1981\/wp-json\/wp\/v2\/pages\/2323","targetHints":{"allow":["GET"]}}],"collection":[{"href":"https:\/\/biblian.is\/1981\/wp-json\/wp\/v2\/pages"}],"about":[{"href":"https:\/\/biblian.is\/1981\/wp-json\/wp\/v2\/types\/page"}],"author":[{"embeddable":true,"href":"https:\/\/biblian.is\/1981\/wp-json\/wp\/v2\/users\/1"}],"replies":[{"embeddable":true,"href":"https:\/\/biblian.is\/1981\/wp-json\/wp\/v2\/comments?post=2323"}],"version-history":[{"count":0,"href":"https:\/\/biblian.is\/1981\/wp-json\/wp\/v2\/pages\/2323\/revisions"}],"wp:attachment":[{"href":"https:\/\/biblian.is\/1981\/wp-json\/wp\/v2\/media?parent=2323"}],"curies":[{"name":"wp","href":"https:\/\/api.w.org\/{rel}","templated":true}]}}