{"id":2312,"date":"2017-11-18T20:21:17","date_gmt":"2017-11-18T20:21:17","guid":{"rendered":"http:\/\/biblian.is\/1981\/markusargudspjall-8-kafli\/"},"modified":"2021-06-06T11:03:51","modified_gmt":"2021-06-06T11:03:51","slug":"markusargudspjall-8-kafli","status":"publish","type":"page","link":"https:\/\/biblian.is\/1981\/markusargudspjall-8-kafli\/","title":{"rendered":"Mark\u00fasargu\u00f0spjall 8. kafli"},"content":{"rendered":"<p><a name=\"1\"><span class=\"versanumer\">1<\/span><\/a>Um \u00feessar mundir bar enn svo vi\u00f0, a\u00f0 mikill mannfj\u00f6ldi var saman kominn og haf\u00f0i ekkert til matar. Jes\u00fas kallar \u00fe\u00e1 til s\u00edn l\u00e6risveinana og segir vi\u00f0 \u00fe\u00e1:<a name=\"2\"><span class=\"versanumer\">2<\/span><\/a>\u00c9g kenni \u00ed brj\u00f3sti um mannfj\u00f6ldann. \u00deeir hafa n\u00fa hj\u00e1 m\u00e9r veri\u00f0 \u00ferj\u00e1 daga og hafa ekkert til matar.<a name=\"3\"><span class=\"versanumer\">3<\/span><\/a>L\u00e1ti \u00e9g \u00fe\u00e1 fara fastandi heim til s\u00edn, \u00f6rmagnast \u00feeir \u00e1 lei\u00f0inni, en sumir \u00feeirra eru langt a\u00f0.<a name=\"4\"><span class=\"versanumer\">4<\/span><\/a>\u00de\u00e1 sv\u00f6ru\u00f0u l\u00e6risveinarnir: Hvar er h\u00e6gt a\u00f0 f\u00e1 brau\u00f0 til a\u00f0 metta \u00feetta f\u00f3lk h\u00e9r \u00ed \u00f3bygg\u00f0um?<a name=\"5\"><span class=\"versanumer\">5<\/span><\/a>Hann spur\u00f0i \u00fe\u00e1: Hve m\u00f6rg brau\u00f0 hafi\u00f0 \u00fe\u00e9r? \u00deeir s\u00f6g\u00f0u: Sj\u00f6.<a name=\"6\"><span class=\"versanumer\">6<\/span><\/a>\u00de\u00e1 bau\u00f0 hann f\u00f3lkinu a\u00f0 setjast \u00e1 j\u00f6r\u00f0ina, t\u00f3k brau\u00f0in sj\u00f6, gj\u00f6r\u00f0i \u00feakkir og braut \u00feau og gaf l\u00e6risveinum s\u00ednum, a\u00f0 \u00feeir b\u00e6ru \u00feau fram. En \u00feeir b\u00e1ru \u00feau fram fyrir f\u00f3lki\u00f0.<a name=\"7\"><span class=\"versanumer\">7<\/span><\/a>\u00deeir h\u00f6f\u00f0u og f\u00e1eina sm\u00e1fiska. Hann \u00feakka\u00f0i Gu\u00f0i og bau\u00f0, a\u00f0 einnig \u00feeir skyldu fram bornir.<a name=\"8\"><span class=\"versanumer\">8<\/span><\/a>Menn neyttu og ur\u00f0u mettir. S\u00ed\u00f0an t\u00f3ku \u00feeir saman leifarnar, sj\u00f6 k\u00f6rfur.<a name=\"9\"><span class=\"versanumer\">9<\/span><\/a>En \u00feeir voru um fj\u00f3rar \u00fe\u00fasundir. S\u00ed\u00f0an l\u00e9t hann \u00fe\u00e1 fara.<a name=\"10\"><span class=\"versanumer\">10<\/span><\/a>Og hann st\u00e9 \u00feegar \u00ed b\u00e1tinn me\u00f0 l\u00e6risveinum s\u00ednum og kom \u00ed Dalman\u00fatabygg\u00f0ir.<a name=\"11\"><span class=\"versanumer\">11<\/span><\/a>\u00deanga\u00f0 komu far\u00edsear og t\u00f3ku a\u00f0 \u00fer\u00e1tta vi\u00f0 hann, \u00feeir vildu freista hans og kr\u00f6f\u00f0u hann um t\u00e1kn af himni.<a name=\"12\"><span class=\"versanumer\">12<\/span><\/a>Hann andvarpa\u00f0i \u00feungan innra me\u00f0 s\u00e9r og m\u00e6lti: Hv\u00ed heimtar \u00feessi kynsl\u00f3\u00f0 t\u00e1kn? Sannlega segi \u00e9g y\u00f0ur: T\u00e1kn ver\u00f0ur alls ekki gefi\u00f0 \u00feessari kynsl\u00f3\u00f0.<a name=\"13\"><span class=\"versanumer\">13<\/span><\/a>Hann skildi s\u00ed\u00f0an vi\u00f0 \u00fe\u00e1, st\u00e9 aftur \u00ed b\u00e1tinn og f\u00f3r yfir um.<a name=\"14\"><span class=\"versanumer\">14<\/span><\/a>\u00deeir h\u00f6f\u00f0u gleymt a\u00f0 taka brau\u00f0, h\u00f6f\u00f0u ekki nema eitt brau\u00f0 me\u00f0 s\u00e9r \u00ed b\u00e1tnum.<a name=\"15\"><span class=\"versanumer\">15<\/span><\/a>Jes\u00fas \u00e1minnti \u00fe\u00e1 og sag\u00f0i: G\u00e6ti\u00f0 y\u00f0ar, varist s\u00fardeig far\u00edsea og s\u00fardeig Her\u00f3desar.<a name=\"16\"><span class=\"versanumer\">16<\/span><\/a>En \u00feeir r\u00e6ddu s\u00edn \u00e1 milli, a\u00f0 \u00feeir hef\u00f0u ekki brau\u00f0.<a name=\"17\"><span class=\"versanumer\">17<\/span><\/a>Hann var\u00f0 \u00feess v\u00eds og segir vi\u00f0 \u00fe\u00e1: Hva\u00f0 eru\u00f0 \u00fe\u00e9r a\u00f0 tala um, a\u00f0 \u00fe\u00e9r hafi\u00f0 ekki brau\u00f0? Skynji\u00f0 \u00fe\u00e9r ekki enn n\u00e9 skilji\u00f0? Eru hj\u00f6rtu y\u00f0ar forhert?<a name=\"18\"><span class=\"versanumer\">18<\/span><\/a>\u00de\u00e9r hafi\u00f0 augu, sj\u00e1i\u00f0 \u00fe\u00e9r ekki? \u00de\u00e9r hafi\u00f0 eyru, heyri\u00f0 \u00fe\u00e9r ekki? E\u00f0a muni\u00f0 \u00fe\u00e9r ekki?<a name=\"19\"><span class=\"versanumer\">19<\/span><\/a>\u00deegar \u00e9g braut brau\u00f0in fimm handa fimm \u00fe\u00fasundum, hve margar k\u00f6rfur fullar af brau\u00f0bitum t\u00f3ku\u00f0 \u00fe\u00e9r saman? \u00deeir svara honum: T\u00f3lf.<a name=\"20\"><span class=\"versanumer\">20<\/span><\/a>E\u00f0a brau\u00f0in sj\u00f6 handa fj\u00f3rum \u00fe\u00fasundunum, hve margar k\u00f6rfur fullar af brau\u00f0bitum t\u00f3ku\u00f0 \u00fe\u00e9r \u00fe\u00e1 saman? \u00deeir svara: Sj\u00f6.<a name=\"21\"><span class=\"versanumer\">21<\/span><\/a>Og hann sag\u00f0i vi\u00f0 \u00fe\u00e1: Skilji\u00f0 \u00fe\u00e9r ekki enn?<a name=\"22\"><span class=\"versanumer\">22<\/span><\/a>\u00deeir koma n\u00fa til Betsa\u00eddu. \u00dear f\u00e6ra menn til Jes\u00fa blindan mann og bi\u00f0ja, a\u00f0 hann snerti hann.<a name=\"23\"><span class=\"versanumer\">23<\/span><\/a>Hann t\u00f3k \u00ed h\u00f6nd hins blinda, leiddi hann \u00fat \u00far \u00feorpinu, skyrpti \u00ed augu hans, lag\u00f0i hendur yfir hann og spur\u00f0i: S\u00e9r \u00fe\u00fa nokku\u00f0?<a name=\"24\"><span class=\"versanumer\">24<\/span><\/a>Hann leit upp og m\u00e6lti: \u00c9g s\u00e9 menn, \u00e9g greini \u00fe\u00e1 l\u00edkt og tr\u00e9, \u00feeir ganga.<a name=\"25\"><span class=\"versanumer\">25<\/span><\/a>\u00de\u00e1 lag\u00f0i hann aftur hendur yfir augu hans, og n\u00fa s\u00e1 hann sk\u00fdrt, var\u00f0 albata og heilskyggn \u00e1 allt.<a name=\"26\"><span class=\"versanumer\">26<\/span><\/a>Jes\u00fas sendi hann s\u00ed\u00f0an heim til s\u00edn og sag\u00f0i: Inn \u00ed \u00feorpi\u00f0 m\u00e1ttu ekki fara.<a name=\"27\"><span class=\"versanumer\">27<\/span><\/a>Jes\u00fas f\u00f3r n\u00fa \u00e1samt l\u00e6risveinum s\u00ednum til \u00feorpanna hj\u00e1 Sesareu Filipp\u00ed. \u00c1 lei\u00f0inni spur\u00f0i hann l\u00e6risveina s\u00edna: Hvern segja menn mig vera?<a name=\"28\"><span class=\"versanumer\">28<\/span><\/a>\u00deeir sv\u00f6ru\u00f0u honum: J\u00f3hannes sk\u00edrara, a\u00f0rir El\u00eda og a\u00f0rir einn af sp\u00e1m\u00f6nnunum.<a name=\"29\"><span class=\"versanumer\">29<\/span><\/a>Og hann spur\u00f0i \u00fe\u00e1: En \u00fe\u00e9r, hvern segi\u00f0 \u00fe\u00e9r mig vera? P\u00e9tur svara\u00f0i honum: \u00de\u00fa ert Kristur.<a name=\"30\"><span class=\"versanumer\">30<\/span><\/a>Og hann lag\u00f0i r\u00edkt \u00e1 vi\u00f0 \u00fe\u00e1 a\u00f0 segja engum fr\u00e1 s\u00e9r.<a name=\"31\"><span class=\"versanumer\">31<\/span><\/a>\u00de\u00e1 t\u00f3k hann a\u00f0 kenna \u00feeim: Mannssonurinn \u00e1 margt a\u00f0 l\u00ed\u00f0a, honum mun \u00fatsk\u00fafa\u00f0 ver\u00f0a af \u00f6ldungum, \u00e6\u00f0stu prestum og fr\u00e6\u00f0im\u00f6nnum, hann mun l\u00edfl\u00e1tinn, en upp r\u00edsa eftir \u00ferj\u00e1 daga.<a name=\"32\"><span class=\"versanumer\">32<\/span><\/a>\u00deetta sag\u00f0i hann berum or\u00f0um. En P\u00e9tur t\u00f3k hann \u00e1 einm\u00e6li og f\u00f3r a\u00f0 \u00e1telja hann.<a name=\"33\"><span class=\"versanumer\">33<\/span><\/a>Jes\u00fas sneri s\u00e9r vi\u00f0, leit til l\u00e6risveina sinna, \u00e1v\u00edta\u00f0i P\u00e9tur og sag\u00f0i: V\u00edk fr\u00e1 m\u00e9r, Satan, eigi hugsar \u00fe\u00fa um \u00fea\u00f0, sem Gu\u00f0s er, heldur \u00fea\u00f0, sem manna er.<a name=\"34\"><span class=\"versanumer\">34<\/span><\/a>Og hann kalla\u00f0i til s\u00edn mannfj\u00f6ldann \u00e1samt l\u00e6risveinum s\u00ednum og sag\u00f0i vi\u00f0 \u00fe\u00e1: Hver sem vill fylgja m\u00e9r, afneiti sj\u00e1lfum s\u00e9r, taki kross sinn og fylgi m\u00e9r.<a name=\"35\"><span class=\"versanumer\">35<\/span><\/a>\u00dev\u00ed a\u00f0 hver sem vill bjarga l\u00edfi s\u00ednu, mun t\u00fdna \u00fev\u00ed, og hver sem t\u00fdnir l\u00edfi s\u00ednu vegna m\u00edn og fagna\u00f0arerindisins, mun bjarga \u00fev\u00ed.<a name=\"36\"><span class=\"versanumer\">36<\/span><\/a>Hva\u00f0 sto\u00f0ar \u00fea\u00f0 manninn a\u00f0 eignast allan heiminn, en fyrirgj\u00f6ra s\u00e1lu sinni?<a name=\"37\"><span class=\"versanumer\">37<\/span><\/a>E\u00f0a hva\u00f0 g\u00e6ti ma\u00f0ur l\u00e1ti\u00f0 til endurgjalds fyrir s\u00e1lu s\u00edna?<a name=\"38\"><span class=\"versanumer\">38<\/span><\/a>En \u00feann sem blyg\u00f0ast s\u00edn fyrir mig og m\u00edn or\u00f0 hj\u00e1 \u00feessari \u00f3tr\u00fau, syndugu kynsl\u00f3\u00f0, mun Mannssonurinn blyg\u00f0ast s\u00edn fyrir, er hann kemur \u00ed d\u00fdr\u00f0 f\u00f6\u00f0ur s\u00edns me\u00f0 heil\u00f6gum englum.<\/p>\n<div class=\"footnote1981\"><b>8.1-10<\/b> Hlst. Matt 15.32-39 \u2013 Jes\u00fas mettar Matt 14.14-21; Mrk 6.35-44; L\u00fak 9.12-17; J\u00f3h 6.5-13<br \/>\n<b>8.11-13<\/b> Hlst. Matt 16.1-4<br \/>\n<b>8.11<\/b> Jes\u00fa freista\u00f0 Matt 16.1+ &#8211; t\u00e1kn af himni Jes 7.10-14; Matt 12.38; 16.1; L\u00fak 11.16; J\u00f3h 6.30; 1Kor 1.22; sbr 5M\u00f3s 18.20-22<br \/>\n<b>8.12<\/b> \u00deessi kynsl\u00f3\u00f0 Matt 11.16; 12.41; Mrk 13.30 og hlst.; L\u00fak 7.31; 11.29-32,50-51; 17.25; Heb 3.10; sbr Matt 12.39+ &#8211; synja\u00f0 um t\u00e1kn Matt 12.39+<br \/>\n<b>8.14-21<\/b> Hlst. Matt 16.5-12<br \/>\n<b>8.15<\/b> S\u00fardeig far\u00edsea L\u00fak 12.1; sbr 1Kor 5.6-8; Gal 5.9<br \/>\n<b>8.17<\/b> Skilningsleysi l\u00e6risveinanna Mrk 4.13; 6.52; 7.18 \u2013 slj\u00f3 hj\u00f6rtu Mrk 3.5+<br \/>\n<b>8.18<\/b> Sbr Jer 5.21; Esk 12.2; Mrk 4.12; Post 28.26<br \/>\n<b>8.19<\/b> Brau\u00f0in fimm Mrk 6.35-44 og hlst.<br \/>\n<b>8.20<\/b> Brau\u00f0in sj\u00f6 Matt 15.32-38; Mrk 8.1-9<br \/>\n<b>8.22<\/b> Blindur ma\u00f0ur Mrk 10.46-52<br \/>\n<b>8.23<\/b> Sbr Mrk 7.32-33 \u2013 skyrpti J\u00f3h 9.6<br \/>\n<b>8.27-30<\/b> Hlst. Matt 16.13-20; L\u00fak 9.18-21<br \/>\n<b>8.28<\/b> Hvern t\u00f6ldu \u00feeir hann? Mrk 6.14-15; L\u00fak 9.7-8 \u2013 El\u00eda Matt 11.14+<br \/>\n<b>8.29<\/b> Kristur Mrk 1.1; 14.61-62; L\u00fak 4.41+<br \/>\n<b>8.30<\/b> Segja engum Mrk 1.25+ ; Matt 8.4+<br \/>\n<b>8.31-9.1<\/b> Hlst. Matt 16.21-28; L\u00fak 9.22-27<br \/>\n<b>8.31<\/b> \u00c1 margt a\u00f0 l\u00ed\u00f0a Matt 17.12,22; Mrk 9.12; L\u00fak 17.25; Post 17.3; sbr Mrk 9.30-32; 10.32-34 &#8211; Mannssonurinn Matt 8.20+ &#8211; eftir \u00ferj\u00e1 daga Mrk 10.34<br \/>\n<b>8.33<\/b> Satan Mrk 1.13+<br \/>\n<b>8.34<\/b> Fylgja Jes\u00fa Matt 4.19+ ; Mrk 1.17,20 \u2013 taka kross sinn Matt 10.38; L\u00fak 14.27<br \/>\n<b>8.35<\/b> T\u00fdna og bjarga Matt 10.39+ &#8211; fagna\u00f0arerindi\u00f0 Mrk 1.1+<br \/>\n<b>8.38<\/b> Blyg\u00f0ast s\u00edn Matt 10.33; L\u00fak 12.9; 2T\u00edm 2.12; sbr Matt 7.23; 25.12; R\u00f3m 1.16<\/div>\n","protected":false},"excerpt":{"rendered":"<p>1Um \u00feessar mundir bar enn svo vi\u00f0, a\u00f0 mikill mannfj\u00f6ldi var saman kominn og haf\u00f0i ekkert til matar. Jes\u00fas kallar \u00fe\u00e1 til s\u00edn l\u00e6risveinana og segir vi\u00f0 \u00fe\u00e1:2\u00c9g kenni \u00ed brj\u00f3sti um mannfj\u00f6ldann. \u00deeir hafa n\u00fa hj\u00e1 m\u00e9r veri\u00f0 \u00ferj\u00e1 daga og hafa ekkert til matar.3L\u00e1ti \u00e9g \u00fe\u00e1 fara fastandi heim til s\u00edn, \u00f6rmagnast \u00feeir \u00e1 lei\u00f0inni, en sumir \u00feeirra eru langt a\u00f0.4\u00de\u00e1 sv\u00f6ru\u00f0u l\u00e6risveinarnir: Hvar er h\u00e6gt a\u00f0 f\u00e1 brau\u00f0 til a\u00f0 metta \u00feetta f\u00f3lk h\u00e9r \u00ed \u00f3bygg\u00f0um?5Hann spur\u00f0i \u00fe\u00e1: Hve m\u00f6rg brau\u00f0 hafi\u00f0 \u00fe\u00e9r? \u00deeir s\u00f6g\u00f0u: Sj\u00f6.6\u00de\u00e1 bau\u00f0 hann f\u00f3lkinu a\u00f0 setjast \u00e1 j\u00f6r\u00f0ina, t\u00f3k brau\u00f0in sj\u00f6, gj\u00f6r\u00f0i <a href=\"https:\/\/biblian.is\/1981\/markusargudspjall-8-kafli\/\"> [&#8230;]<\/a><\/p>\n","protected":false},"author":1,"featured_media":0,"parent":0,"menu_order":0,"comment_status":"open","ping_status":"open","template":"bibliukaflar.php","meta":{"footnotes":""},"class_list":["post-2312","page","type-page","status-publish","hentry"],"_links":{"self":[{"href":"https:\/\/biblian.is\/1981\/wp-json\/wp\/v2\/pages\/2312","targetHints":{"allow":["GET"]}}],"collection":[{"href":"https:\/\/biblian.is\/1981\/wp-json\/wp\/v2\/pages"}],"about":[{"href":"https:\/\/biblian.is\/1981\/wp-json\/wp\/v2\/types\/page"}],"author":[{"embeddable":true,"href":"https:\/\/biblian.is\/1981\/wp-json\/wp\/v2\/users\/1"}],"replies":[{"embeddable":true,"href":"https:\/\/biblian.is\/1981\/wp-json\/wp\/v2\/comments?post=2312"}],"version-history":[{"count":0,"href":"https:\/\/biblian.is\/1981\/wp-json\/wp\/v2\/pages\/2312\/revisions"}],"wp:attachment":[{"href":"https:\/\/biblian.is\/1981\/wp-json\/wp\/v2\/media?parent=2312"}],"curies":[{"name":"wp","href":"https:\/\/api.w.org\/{rel}","templated":true}]}}