{"id":2304,"date":"2017-11-18T20:21:11","date_gmt":"2017-11-18T20:21:11","guid":{"rendered":"http:\/\/biblian.is\/1981\/matteusargudspjall-28-kafli\/"},"modified":"2021-06-06T11:03:59","modified_gmt":"2021-06-06T11:03:59","slug":"matteusargudspjall-28-kafli","status":"publish","type":"page","link":"https:\/\/biblian.is\/1981\/matteusargudspjall-28-kafli\/","title":{"rendered":"Matteusargu\u00f0spjall 28. kafli"},"content":{"rendered":"<p><a name=\"1\"><span class=\"versanumer\">1<\/span><\/a>A\u00f0 li\u00f0num hv\u00edldardegi, \u00feegar l\u00fdsti af fyrsta degi vikunnar, komu \u00fe\u00e6r Mar\u00eda Magdalena og Mar\u00eda hin til a\u00f0 l\u00edta \u00e1 gr\u00f6fina.<a name=\"2\"><span class=\"versanumer\">2<\/span><\/a>\u00de\u00e1 var\u00f0 landskj\u00e1lfti mikill, \u00fev\u00ed engill Drottins st\u00e9 ni\u00f0ur af himni, kom og velti steininum og settist \u00e1 hann.<a name=\"3\"><span class=\"versanumer\">3<\/span><\/a>Hann var sem elding \u00e1s\u00fdndum og kl\u00e6\u00f0in hv\u00edt sem snj\u00f3r.<a name=\"4\"><span class=\"versanumer\">4<\/span><\/a>Var\u00f0mennirnir skulfu af hr\u00e6\u00f0slu vi\u00f0 hann og ur\u00f0u sem \u00f6rendir.<a name=\"5\"><span class=\"versanumer\">5<\/span><\/a>En engillinn m\u00e6lti vi\u00f0 konurnar: \u00de\u00e9r skulu\u00f0 eigi \u00f3ttast. \u00c9g veit, a\u00f0 \u00fe\u00e9r leiti\u00f0 a\u00f0 Jes\u00fa hinum krossfesta.<a name=\"6\"><span class=\"versanumer\">6<\/span><\/a>Hann er ekki h\u00e9r. Hann er upp risinn, eins og hann sag\u00f0i. Komi\u00f0 og sj\u00e1i\u00f0 sta\u00f0inn, \u00fear sem hann l\u00e1.<a name=\"7\"><span class=\"versanumer\">7<\/span><\/a>Fari\u00f0 \u00ed skyndi og segi\u00f0 l\u00e6risveinum hans: Hann er upp risinn fr\u00e1 dau\u00f0um, sj\u00e1 hann fer \u00e1 undan y\u00f0ur til Gal\u00edleu. \u00dear munu\u00f0 \u00fe\u00e9r sj\u00e1 hann. \u00deetta hef \u00e9g sagt y\u00f0ur.<a name=\"8\"><span class=\"versanumer\">8<\/span><\/a>Og \u00fe\u00e6r f\u00f3ru \u00ed skyndi fr\u00e1 gr\u00f6finni, me\u00f0 \u00f3tta og mikilli gle\u00f0i, og hlupu a\u00f0 flytja l\u00e6risveinum hans bo\u00f0in.<a name=\"9\"><span class=\"versanumer\">9<\/span><\/a>Og sj\u00e1, Jes\u00fas kemur \u00e1 m\u00f3ti \u00feeim og segir: Heilar \u00fei\u00f0! En \u00fe\u00e6r komu, f\u00e9llu fram fyrir honum og f\u00f6\u00f0mu\u00f0u f\u00e6tur hans.<a name=\"10\"><span class=\"versanumer\">10<\/span><\/a>\u00de\u00e1 segir Jes\u00fas vi\u00f0 \u00fe\u00e6r: \u00d3ttist ekki, fari\u00f0 og segi\u00f0 br\u00e6\u00f0rum m\u00ednum a\u00f0 halda til Gal\u00edleu. \u00dear munu \u00feeir sj\u00e1 mig.<a name=\"11\"><span class=\"versanumer\">11<\/span><\/a>Me\u00f0an \u00fe\u00e6r voru \u00e1 lei\u00f0inni komu nokkrir var\u00f0menn til borgarinnar og s\u00f6g\u00f0u \u00e6\u00f0stu prestunum allt, sem gj\u00f6rst haf\u00f0i.<a name=\"12\"><span class=\"versanumer\">12<\/span><\/a>En \u00feeir kv\u00f6ddu saman \u00f6ldungana og t\u00f3ku \u00fea\u00f0 r\u00e1\u00f0 me\u00f0 \u00feeim a\u00f0 bera miki\u00f0 f\u00e9 \u00e1 hermennina og m\u00e6ltu vi\u00f0 \u00fe\u00e1:<a name=\"13\"><span class=\"versanumer\">13<\/span><\/a>Segi\u00f0 \u00feetta: L\u00e6risveinar hans komu \u00e1 n\u00e6tur\u00feeli, me\u00f0an v\u00e9r sv\u00e1fum, og st\u00e1lu honum.<a name=\"14\"><span class=\"versanumer\">14<\/span><\/a>Og ef \u00feetta berst landsh\u00f6f\u00f0ingjanum til eyrna, skulum v\u00e9r sefa hann, svo a\u00f0 \u00fe\u00e9r geti\u00f0 veri\u00f0 \u00e1hyggjulausir.<a name=\"15\"><span class=\"versanumer\">15<\/span><\/a>\u00deeir t\u00f3ku vi\u00f0 f\u00e9nu og gj\u00f6r\u00f0u sem \u00feeim var sagt. \u00deessi s\u00f6gus\u00f6gn hefur veri\u00f0 borin \u00fat me\u00f0al Gy\u00f0inga allt til \u00feessa dags.<a name=\"16\"><span class=\"versanumer\">16<\/span><\/a>En l\u00e6risveinarnir ellefu f\u00f3ru til Gal\u00edleu, til fjallsins, sem Jes\u00fas haf\u00f0i stefnt \u00feeim til.<a name=\"17\"><span class=\"versanumer\">17<\/span><\/a>\u00dear s\u00e1u \u00feeir hann og veittu honum lotningu. En sumir voru \u00ed vafa.<a name=\"18\"><span class=\"versanumer\">18<\/span><\/a>Og Jes\u00fas gekk til \u00feeirra, tala\u00f0i vi\u00f0 \u00fe\u00e1 og sag\u00f0i: Allt vald er m\u00e9r gefi\u00f0 \u00e1 himni og j\u00f6r\u00f0u.<a name=\"19\"><span class=\"versanumer\">19<\/span><\/a>Fari\u00f0 \u00fev\u00ed og gj\u00f6ri\u00f0 allar \u00fej\u00f3\u00f0ir a\u00f0 l\u00e6risveinum, sk\u00edri\u00f0 \u00fe\u00e1 \u00ed nafni f\u00f6\u00f0ur, sonar og heilags anda,<a name=\"20\"><span class=\"versanumer\">20<\/span><\/a>og kenni\u00f0 \u00feeim a\u00f0 halda allt \u00fea\u00f0, sem \u00e9g hef bo\u00f0i\u00f0 y\u00f0ur. Sj\u00e1, \u00e9g er me\u00f0 y\u00f0ur alla daga allt til enda veraldar.<\/p>\n<div class=\"footnote1981\"><b>28.1-10<\/b> Hlst. Mrk 16.1-8; L\u00fak 24.1-12; J\u00f3h 20.1-10<br \/>\n<b>28.1<\/b> Mar\u00eda Magdalena Matt 27.56+ &#8211; Mar\u00eda hin Matt 27.61+<br \/>\n<b>28.2<\/b> Landskj\u00e1lfti 2M\u00f3s 19.18; Slm 114.7; Heb 12.26 \u2013 engill Drottins  Matt 1.20+<br \/>\n<b>28.3<\/b> Hv\u00edtur Matt 17.2 og hlst.; Post 1.10<br \/>\n<b>28.5<\/b> Eigi \u00f3ttast 1M\u00f3s 15.1; 26.24; Jes 41.10; Jer 30.10; Matt 14.27 og hlst.; 28.20; Mrk 5.36; J\u00f3h 6.20; Opb 1.17<br \/>\n<b>28.6<\/b> Upprisinn Matt 16.21 og hlst.; 17.23 og hlst.; 20.19 og hlst.; L\u00fak 24.7; Post 2.24; 4.10; 1Kor 15.4,12 o.fl.<br \/>\n<b>28.7<\/b> Til Gal\u00edleu Matt 26.32; Mrk 14.28 \u2013 \u00fei\u00f0 munu\u00f0 sj\u00e1 hann Matt 28.10,17; J\u00f3h 21.1-23<br \/>\n<b>28.8<\/b> Flytja bo\u00f0in sbr Mrk 16.8<br \/>\n<b>28.9<\/b> F\u00f6\u00f0mu\u00f0u f\u00e6tur hans 2Kon 4.27 \u2013 f\u00e9llu fram fyrir honum Matt 2.2,8,11; 8.2; 14.33; 15.25; 28.17<br \/>\n<b>28.10<\/b> Br\u00e6\u00f0ur m\u00ednir J\u00f3h 20.17<br \/>\n<b>28.16-20<\/b> Hlst. Mrk 16.14-18; L\u00fak 24.36-49; J\u00f3h 20.19-23; Post 1.6-8<br \/>\n<b>28.12<\/b> R\u00e1\u00f0agj\u00f6r\u00f0 gegn Jes\u00fa Matt 12.14+<br \/>\n<b>28.13<\/b> St\u00e1lu honum Matt 27.64<br \/>\n<b>28.16<\/b> Gal\u00edlea Matt 26.32; 28.7,10<br \/>\n<b>28.17<\/b> Sumir \u00ed vafa Mrk 16.11,13-14; L\u00fak 24.11,37-44; J\u00f3h 20.25-27<br \/>\n<b>28.18<\/b> Allt vald Dan 7.14; Matt 11.27; J\u00f3h 3.35; 13.3; 17.2; R\u00f3m 1.4; Ef 1.20-22; Fil 2.5-11; 1T\u00edm 3.16; sbr Matt 4.9-10<br \/>\n<b>28.19<\/b> Fari\u00f0 Matt 2.8; 9.13; 10.6; 11.4; 27.66; 28.7 \u2013 allar \u00fej\u00f3\u00f0ir Jes 42.6; 49.6; Matt 24.9,14; 25.32; Post 1.8; sbr 10.5-6,23; 15.24 \u2013 sk\u00edra Mrk 16.16; Post 2.38; 8.12,38; 9.18; 10.48; 11.16; 16.15,33; 18.8; 19.5; 22.16; R\u00f3m 6.3; 1Kor 1.13-17; 12.13; Gal 3.27; Ef 4.5; K\u00f3l 2.12; 1P\u00e9t 3.21; sbr Mrk 10.38-39; L\u00fak 12.50; Matt 3.6+ &#8211; \u00ed nafni 1Kor 1.13; 10.2 \u2013 f\u00f6\u00f0ur, sonar og heilags anda 1Kor 12.3-5; 2Kor 13.13<br \/>\n<b>28.20<\/b> Me\u00f0 y\u00f0ur 2M\u00f3s 3.12; Jes 41.10; 43.5; Jer 1.8; Hag 1.13; Matt 1.23; J\u00f3h 14.16,23; 16.7-11 \u2013 endir veraldar Matt 13.39+<\/div>\n","protected":false},"excerpt":{"rendered":"<p>1A\u00f0 li\u00f0num hv\u00edldardegi, \u00feegar l\u00fdsti af fyrsta degi vikunnar, komu \u00fe\u00e6r Mar\u00eda Magdalena og Mar\u00eda hin til a\u00f0 l\u00edta \u00e1 gr\u00f6fina.2\u00de\u00e1 var\u00f0 landskj\u00e1lfti mikill, \u00fev\u00ed engill Drottins st\u00e9 ni\u00f0ur af himni, kom og velti steininum og settist \u00e1 hann.3Hann var sem elding \u00e1s\u00fdndum og kl\u00e6\u00f0in hv\u00edt sem snj\u00f3r.4Var\u00f0mennirnir skulfu af hr\u00e6\u00f0slu vi\u00f0 hann og ur\u00f0u sem \u00f6rendir.5En engillinn m\u00e6lti vi\u00f0 konurnar: \u00de\u00e9r skulu\u00f0 eigi \u00f3ttast. \u00c9g veit, a\u00f0 \u00fe\u00e9r leiti\u00f0 a\u00f0 Jes\u00fa hinum krossfesta.6Hann er ekki h\u00e9r. Hann er upp risinn, eins og hann sag\u00f0i. Komi\u00f0 og sj\u00e1i\u00f0 sta\u00f0inn, \u00fear sem hann l\u00e1.7Fari\u00f0 \u00ed skyndi og segi\u00f0 l\u00e6risveinum hans: Hann <a href=\"https:\/\/biblian.is\/1981\/matteusargudspjall-28-kafli\/\"> [&#8230;]<\/a><\/p>\n","protected":false},"author":1,"featured_media":0,"parent":0,"menu_order":0,"comment_status":"open","ping_status":"open","template":"bibliukaflar.php","meta":{"footnotes":""},"class_list":["post-2304","page","type-page","status-publish","hentry"],"_links":{"self":[{"href":"https:\/\/biblian.is\/1981\/wp-json\/wp\/v2\/pages\/2304","targetHints":{"allow":["GET"]}}],"collection":[{"href":"https:\/\/biblian.is\/1981\/wp-json\/wp\/v2\/pages"}],"about":[{"href":"https:\/\/biblian.is\/1981\/wp-json\/wp\/v2\/types\/page"}],"author":[{"embeddable":true,"href":"https:\/\/biblian.is\/1981\/wp-json\/wp\/v2\/users\/1"}],"replies":[{"embeddable":true,"href":"https:\/\/biblian.is\/1981\/wp-json\/wp\/v2\/comments?post=2304"}],"version-history":[{"count":0,"href":"https:\/\/biblian.is\/1981\/wp-json\/wp\/v2\/pages\/2304\/revisions"}],"wp:attachment":[{"href":"https:\/\/biblian.is\/1981\/wp-json\/wp\/v2\/media?parent=2304"}],"curies":[{"name":"wp","href":"https:\/\/api.w.org\/{rel}","templated":true}]}}