{"id":2290,"date":"2017-11-18T20:21:11","date_gmt":"2017-11-18T20:21:11","guid":{"rendered":"http:\/\/biblian.is\/1981\/matteusargudspjall-14-kafli\/"},"modified":"2021-06-06T11:03:54","modified_gmt":"2021-06-06T11:03:54","slug":"matteusargudspjall-14-kafli","status":"publish","type":"page","link":"https:\/\/biblian.is\/1981\/matteusargudspjall-14-kafli\/","title":{"rendered":"Matteusargu\u00f0spjall 14. kafli"},"content":{"rendered":"<p><a name=\"1\"><span class=\"versanumer\">1<\/span><\/a>Um \u00feessar mundir spyr Her\u00f3des fj\u00f3r\u00f0ungsstj\u00f3ri t\u00ed\u00f0indin af Jes\u00fa.<a name=\"2\"><span class=\"versanumer\">2<\/span><\/a>Og hann segir vi\u00f0 sveina s\u00edna: \u00deetta er J\u00f3hannes sk\u00edrari, hann er risinn fr\u00e1 dau\u00f0um, \u00feess vegna eru kraftarnir a\u00f0 verki \u00ed honum.<a name=\"3\"><span class=\"versanumer\">3<\/span><\/a>En Her\u00f3des haf\u00f0i l\u00e1ti\u00f0 taka J\u00f3hannes h\u00f6ndum, fj\u00f6tra hann og varpa \u00ed fangelsi vegna Her\u00f3d\u00edasar, konu Filippusar br\u00f3\u00f0ur s\u00edns,<a name=\"4\"><span class=\"versanumer\">4<\/span><\/a>\u00fev\u00ed J\u00f3hannes haf\u00f0i sagt vi\u00f0 hann: \u00de\u00fa m\u00e1tt ekki eiga hana.<a name=\"5\"><span class=\"versanumer\">5<\/span><\/a>Her\u00f3des vildi dey\u00f0a hann, en \u00f3tta\u00f0ist l\u00fd\u00f0inn, \u00fear e\u00f0 menn t\u00f6ldu hann vera sp\u00e1mann.<a name=\"6\"><span class=\"versanumer\">6<\/span><\/a>En \u00e1 afm\u00e6lisdegi Her\u00f3desar dansa\u00f0i d\u00f3ttir Her\u00f3d\u00edasar dans frammi fyrir gestunum og hreif Her\u00f3des svo,<a name=\"7\"><span class=\"versanumer\">7<\/span><\/a>a\u00f0 hann s\u00f3r \u00feess ei\u00f0 a\u00f0 veita henni hva\u00f0 sem h\u00fan b\u00e6\u00f0i um.<a name=\"8\"><span class=\"versanumer\">8<\/span><\/a>A\u00f0 undirlagi m\u00f3\u00f0ur sinnar segir h\u00fan: Gef m\u00e9r h\u00e9r \u00e1 fati h\u00f6fu\u00f0 J\u00f3hannesar sk\u00edrara.<a name=\"9\"><span class=\"versanumer\">9<\/span><\/a>Konungur var\u00f0 hryggur vi\u00f0, en vegna ei\u00f0sins og gesta sinna bau\u00f0 hann a\u00f0 veita henni \u00feetta.<a name=\"10\"><span class=\"versanumer\">10<\/span><\/a>Hann sendi \u00ed fangelsi\u00f0 og l\u00e9t h\u00e1lsh\u00f6ggva J\u00f3hannes \u00fear.<a name=\"11\"><span class=\"versanumer\">11<\/span><\/a>H\u00f6fu\u00f0 hans var bori\u00f0 inn \u00e1 fati og fengi\u00f0 st\u00falkunni, en h\u00fan f\u00e6r\u00f0i m\u00f3\u00f0ur sinni.<a name=\"12\"><span class=\"versanumer\">12<\/span><\/a>L\u00e6risveinar hans komu, t\u00f3ku l\u00edki\u00f0 og greftru\u00f0u, f\u00f3ru s\u00ed\u00f0an og s\u00f6g\u00f0u Jes\u00fa.<a name=\"13\"><span class=\"versanumer\">13<\/span><\/a>\u00deegar Jes\u00fas heyr\u00f0i \u00feetta, f\u00f3r hann \u00fea\u00f0an \u00e1 b\u00e1ti \u00e1 \u00f3bygg\u00f0an sta\u00f0 og vildi vera einn. En f\u00f3lki\u00f0 fr\u00e9tti \u00fea\u00f0 og f\u00f3r gangandi \u00e1 eftir honum \u00far borgunum.<a name=\"14\"><span class=\"versanumer\">14<\/span><\/a>\u00deegar Jes\u00fas steig \u00e1 land, s\u00e1 hann \u00fear mikinn mannfj\u00f6lda, og hann kenndi \u00ed brj\u00f3sti um \u00fe\u00e1 og l\u00e6kna\u00f0i \u00fe\u00e1 af \u00feeim, er sj\u00fakir voru.<a name=\"15\"><span class=\"versanumer\">15<\/span><\/a>Um kv\u00f6ldi\u00f0 komu l\u00e6risveinarnir a\u00f0 m\u00e1li vi\u00f0 hann og s\u00f6g\u00f0u: H\u00e9r er engin mannabygg\u00f0 og dagur li\u00f0inn. L\u00e1t n\u00fa f\u00f3lki\u00f0 fara, a\u00f0 \u00feeir geti n\u00e1\u00f0 til \u00feorpanna og keypt s\u00e9r vistir.<a name=\"16\"><span class=\"versanumer\">16<\/span><\/a>Jes\u00fas svara\u00f0i \u00feeim: Ekki \u00feurfa \u00feeir a\u00f0 fara, gefi\u00f0 \u00feeim sj\u00e1lfir a\u00f0 eta.<a name=\"17\"><span class=\"versanumer\">17<\/span><\/a>\u00deeir svara honum: V\u00e9r h\u00f6fum h\u00e9r ekki nema fimm brau\u00f0 og tvo fiska.<a name=\"18\"><span class=\"versanumer\">18<\/span><\/a>Hann segir: F\u00e6ri\u00f0 m\u00e9r \u00fea\u00f0 hinga\u00f0.<a name=\"19\"><span class=\"versanumer\">19<\/span><\/a>Og hann bau\u00f0 f\u00f3lkinu a\u00f0 setjast \u00ed grasi\u00f0. \u00de\u00e1 t\u00f3k hann brau\u00f0in fimm og fiskana tvo, leit upp til himins, \u00feakka\u00f0i Gu\u00f0i, braut brau\u00f0in og gaf l\u00e6risveinunum, en \u00feeir f\u00f3lkinu.<a name=\"20\"><span class=\"versanumer\">20<\/span><\/a>Og \u00feeir neyttu allir og ur\u00f0u mettir. Og \u00feeir t\u00f3ku saman brau\u00f0bitana, er af gengu, t\u00f3lf k\u00f6rfur fullar.<a name=\"21\"><span class=\"versanumer\">21<\/span><\/a>En \u00feeir, sem neytt h\u00f6f\u00f0u, voru um fimm \u00fe\u00fasund karlmenn, auk kvenna og barna.<a name=\"22\"><span class=\"versanumer\">22<\/span><\/a>Tafarlaust kn\u00fa\u00f0i hann l\u00e6risveina s\u00edna a\u00f0 fara \u00ed b\u00e1tinn og halda \u00e1 undan s\u00e9r yfir um, me\u00f0an hann sendi f\u00f3lki\u00f0 brott.<a name=\"23\"><span class=\"versanumer\">23<\/span><\/a>Og er hann haf\u00f0i l\u00e1ti\u00f0 f\u00f3lki\u00f0 fara, gekk hann til fjalls a\u00f0 bi\u00f0jast fyrir \u00ed einr\u00fami. \u00deegar kv\u00f6ld var komi\u00f0, var hann \u00fear einn.<a name=\"24\"><span class=\"versanumer\">24<\/span><\/a>En b\u00e1turinn var \u00feegar kominn langt fr\u00e1 landi og l\u00e1 undir \u00e1f\u00f6llum, \u00fev\u00ed a\u00f0 vindur var \u00e1 m\u00f3ti.<a name=\"25\"><span class=\"versanumer\">25<\/span><\/a>En er langt var li\u00f0i\u00f0 n\u00e6tur kom hann til \u00feeirra, gangandi \u00e1 vatninu.<a name=\"26\"><span class=\"versanumer\">26<\/span><\/a>\u00deegar l\u00e6risveinarnir s\u00e1u hann ganga \u00e1 vatninu, var\u00f0 \u00feeim bilt vi\u00f0. \u00deeir s\u00f6g\u00f0u: \u00deetta er vofa, og \u00e6ptu af hr\u00e6\u00f0slu.<a name=\"27\"><span class=\"versanumer\">27<\/span><\/a>En Jes\u00fas m\u00e6lti jafnskj\u00f3tt til \u00feeirra: Veri\u00f0 hughraustir, \u00fea\u00f0 er \u00e9g, veri\u00f0 \u00f3hr\u00e6ddir.<a name=\"28\"><span class=\"versanumer\">28<\/span><\/a>P\u00e9tur svara\u00f0i honum: Ef \u00fea\u00f0 ert \u00fe\u00fa, herra, \u00fe\u00e1 bj\u00f3\u00f0 m\u00e9r a\u00f0 koma til \u00fe\u00edn \u00e1 vatninu.<a name=\"29\"><span class=\"versanumer\">29<\/span><\/a>Jes\u00fas svara\u00f0i: Kom \u00fe\u00fa! Og P\u00e9tur st\u00e9 \u00far b\u00e1tnum og gekk \u00e1 vatninu til hans.<a name=\"30\"><span class=\"versanumer\">30<\/span><\/a>En sem hann s\u00e1 roki\u00f0, var\u00f0 hann hr\u00e6ddur og t\u00f3k a\u00f0 s\u00f6kkva. \u00de\u00e1 kalla\u00f0i hann: Herra, bjarga \u00fe\u00fa m\u00e9r!<a name=\"31\"><span class=\"versanumer\">31<\/span><\/a>Jes\u00fas r\u00e9tti \u00feegar \u00fat h\u00f6ndina, t\u00f3k \u00ed hann og sag\u00f0i: \u00de\u00fa tr\u00falitli, hv\u00ed efa\u00f0ist \u00fe\u00fa?<a name=\"32\"><span class=\"versanumer\">32<\/span><\/a>\u00deeir stigu \u00ed b\u00e1tinn, og \u00fe\u00e1 l\u00e6g\u00f0i vindinn.<a name=\"33\"><span class=\"versanumer\">33<\/span><\/a>En \u00feeir sem \u00ed b\u00e1tnum voru, tilb\u00e1\u00f0u hann og s\u00f6g\u00f0u: Sannarlega ert \u00fe\u00fa sonur Gu\u00f0s.<a name=\"34\"><span class=\"versanumer\">34<\/span><\/a>\u00deegar \u00feeir h\u00f6f\u00f0u n\u00e1\u00f0 yfir um, komu \u00feeir a\u00f0 landi vi\u00f0 Genesaret.<a name=\"35\"><span class=\"versanumer\">35<\/span><\/a>F\u00f3lki\u00f0 \u00e1 \u00feeim sta\u00f0 \u00feekkti hann og sendi bo\u00f0 um allt n\u00e1grenni\u00f0, og menn f\u00e6r\u00f0u til hans alla \u00fe\u00e1, er sj\u00fakir voru.<a name=\"36\"><span class=\"versanumer\">36<\/span><\/a>\u00deeir b\u00e1\u00f0u hann a\u00f0 mega r\u00e9tt snerta fald kl\u00e6\u00f0a hans, og allir, sem snertu hann, ur\u00f0u alheilir.<\/p>\n<div class=\"footnote1981\"><b>14.1-12<\/b> Hlst. Mrk 6.14-29; L\u00fak 9.7-9<br \/>\n<b>14.1<\/b> Her\u00f3des fj\u00f3r\u00f0ungsstj\u00f3ri Mrk 6.14-27; 8.15; L\u00fak 3.1,19; 8.3; 9.7,9; 13.31; 23.6-12,15; Post 4.27; 13.1<br \/>\n<b>14.2<\/b> J\u00f3hannes sk\u00edrari Matt 3.1+<br \/>\n<b>14.5<\/b> \u00d3tta\u00f0ist f\u00f3lki\u00f0 Matt 21.26,46; L\u00fak 20.19; 22.2 \u2013 J\u00f3hannes talinn sp\u00e1ma\u00f0ur Matt 11.9; 21.26; L\u00fak 1.76; 7.26<br \/>\n<b>14.12<\/b> L\u00e6risveinar J\u00f3hannesar Matt 9.14+<br \/>\n<b>14.13-21<\/b> Hlst. Mrk 6.30-44; L\u00fak 9.10-17; J\u00f3h 6.1-14<br \/>\n<b>14.14<\/b> Kenndi \u00ed brj\u00f3sti um \u00fe\u00e1 Matt 9.36+<br \/>\n<b>14.15<\/b> Mannfj\u00f6ldinn sendur brott Matt 15.32; Mrk 6.36; 8.3; L\u00fak 9.12<br \/>\n<b>14.17<\/b> Brau\u00f0 og fiskar Matt 15.34; Mrk 8.5; J\u00f3h 6.9<br \/>\n<b>14.19<\/b> \u00deakka\u00f0i Gu\u00f0i Matt 15.35-39 og hlst. 26.26<br \/>\n<b>14.20<\/b> Mettir 2M\u00f3s 16.4,12; Slm 78.29; J\u00f3h 6.12 \u2013 bitarnir 2Kon 4.42-44 \u2013 t\u00f3lf k\u00f6rfur Matt 10.1,2,5; 11.1; 19.28; 20.17; 26.20<br \/>\n<b>14.22-33<\/b> Hlst. Mrk 6.45-52; J\u00f3h 6.15-21<br \/>\n<b>14.23<\/b> Jes\u00fas bi\u00f0st fyrir Matt 26.36 og hlst.; L\u00fak 6.12; 9.28<br \/>\n<b>14.26<\/b> Vofa L\u00fak 24.37<br \/>\n<b>14.28<\/b> P\u00e9tur Matt 4.18+<br \/>\n<b>14.31<\/b> Tr\u00falitli ma\u00f0ur Matt 6.30+<br \/>\n<b>14.32<\/b> Vindinn l\u00e6g\u00f0i Mrk 4.39<br \/>\n<b>14.33<\/b> Sonur Gu\u00f0s Matt 4.3; 8.29; 16.16; 26.63; 27.54; Mrk 1.1; 14.61; 15.39; L\u00fak 1.32; 22.70; J\u00f3h 1.49; 11.4,27; 19.7; 20.31; Post 8.37; 9.20; R\u00f3m 1.4; 2Kor 1.19; Gal 2.20; Ef 4.13; Heb 4.14; 6.6; 7.3<br \/>\n<b>14.34-36<\/b> Hlst. Mrk 6.53-56<br \/>\n<b>14.36<\/b> L\u00e6kna, bjarga Matt 9.22+<\/div>\n","protected":false},"excerpt":{"rendered":"<p>1Um \u00feessar mundir spyr Her\u00f3des fj\u00f3r\u00f0ungsstj\u00f3ri t\u00ed\u00f0indin af Jes\u00fa.2Og hann segir vi\u00f0 sveina s\u00edna: \u00deetta er J\u00f3hannes sk\u00edrari, hann er risinn fr\u00e1 dau\u00f0um, \u00feess vegna eru kraftarnir a\u00f0 verki \u00ed honum.3En Her\u00f3des haf\u00f0i l\u00e1ti\u00f0 taka J\u00f3hannes h\u00f6ndum, fj\u00f6tra hann og varpa \u00ed fangelsi vegna Her\u00f3d\u00edasar, konu Filippusar br\u00f3\u00f0ur s\u00edns,4\u00fev\u00ed J\u00f3hannes haf\u00f0i sagt vi\u00f0 hann: \u00de\u00fa m\u00e1tt ekki eiga hana.5Her\u00f3des vildi dey\u00f0a hann, en \u00f3tta\u00f0ist l\u00fd\u00f0inn, \u00fear e\u00f0 menn t\u00f6ldu hann vera sp\u00e1mann.6En \u00e1 afm\u00e6lisdegi Her\u00f3desar dansa\u00f0i d\u00f3ttir Her\u00f3d\u00edasar dans frammi fyrir gestunum og hreif Her\u00f3des svo,7a\u00f0 hann s\u00f3r \u00feess ei\u00f0 a\u00f0 veita henni hva\u00f0 sem h\u00fan b\u00e6\u00f0i um.8A\u00f0 undirlagi m\u00f3\u00f0ur <a href=\"https:\/\/biblian.is\/1981\/matteusargudspjall-14-kafli\/\"> [&#8230;]<\/a><\/p>\n","protected":false},"author":1,"featured_media":0,"parent":0,"menu_order":0,"comment_status":"open","ping_status":"open","template":"bibliukaflar.php","meta":{"footnotes":""},"class_list":["post-2290","page","type-page","status-publish","hentry"],"_links":{"self":[{"href":"https:\/\/biblian.is\/1981\/wp-json\/wp\/v2\/pages\/2290","targetHints":{"allow":["GET"]}}],"collection":[{"href":"https:\/\/biblian.is\/1981\/wp-json\/wp\/v2\/pages"}],"about":[{"href":"https:\/\/biblian.is\/1981\/wp-json\/wp\/v2\/types\/page"}],"author":[{"embeddable":true,"href":"https:\/\/biblian.is\/1981\/wp-json\/wp\/v2\/users\/1"}],"replies":[{"embeddable":true,"href":"https:\/\/biblian.is\/1981\/wp-json\/wp\/v2\/comments?post=2290"}],"version-history":[{"count":0,"href":"https:\/\/biblian.is\/1981\/wp-json\/wp\/v2\/pages\/2290\/revisions"}],"wp:attachment":[{"href":"https:\/\/biblian.is\/1981\/wp-json\/wp\/v2\/media?parent=2290"}],"curies":[{"name":"wp","href":"https:\/\/api.w.org\/{rel}","templated":true}]}}