{"id":2288,"date":"2017-11-18T20:21:11","date_gmt":"2017-11-18T20:21:11","guid":{"rendered":"http:\/\/biblian.is\/1981\/matteusargudspjall-12-kafli\/"},"modified":"2021-06-06T11:03:53","modified_gmt":"2021-06-06T11:03:53","slug":"matteusargudspjall-12-kafli","status":"publish","type":"page","link":"https:\/\/biblian.is\/1981\/matteusargudspjall-12-kafli\/","title":{"rendered":"Matteusargu\u00f0spjall 12. kafli"},"content":{"rendered":"<p><a name=\"1\"><span class=\"versanumer\">1<\/span><\/a>Um \u00feessar mundir f\u00f3r Jes\u00fas um s\u00e1\u00f0l\u00f6nd \u00e1 hv\u00edldardegi. L\u00e6risveinar hans kenndu hungurs og t\u00f3ku a\u00f0 t\u00edna korn\u00f6x og eta.<a name=\"2\"><span class=\"versanumer\">2<\/span><\/a>\u00deegar far\u00edsear s\u00e1u \u00fea\u00f0, s\u00f6g\u00f0u \u00feeir vi\u00f0 hann: L\u00edt \u00e1, l\u00e6risveinar \u00fe\u00ednir gj\u00f6ra \u00fea\u00f0, sem ekki er leyft a\u00f0 gj\u00f6ra \u00e1 hv\u00edldardegi.<a name=\"3\"><span class=\"versanumer\">3<\/span><\/a>Hann svara\u00f0i \u00feeim: Hafi\u00f0 \u00fe\u00e9r eigi lesi\u00f0, hva\u00f0 Dav\u00ed\u00f0 gj\u00f6r\u00f0i, \u00feegar hann hungra\u00f0i og menn hans?<a name=\"4\"><span class=\"versanumer\">4<\/span><\/a>Hann f\u00f3r inn \u00ed Gu\u00f0s h\u00fas, og \u00feeir \u00e1tu sko\u00f0unarbrau\u00f0in, sem hvorki hann n\u00e9 menn hans og engir nema prestarnir m\u00e1ttu eta.<a name=\"5\"><span class=\"versanumer\">5<\/span><\/a>E\u00f0a hafi\u00f0 \u00fe\u00e9r ekki lesi\u00f0 \u00ed l\u00f6gm\u00e1linu, a\u00f0 prestar vanhelga hv\u00edldardaginn \u00ed musterinu \u00e1 hv\u00edldard\u00f6gum, og eru \u00fe\u00f3 \u00e1n saka?<a name=\"6\"><span class=\"versanumer\">6<\/span><\/a>En \u00e9g segi y\u00f0ur: H\u00e9r er meira en musteri\u00f0.<a name=\"7\"><span class=\"versanumer\">7<\/span><\/a>Ef \u00fe\u00e9r hef\u00f0u\u00f0 skili\u00f0, hva\u00f0 felst \u00ed or\u00f0unum: Miskunnsemi vil \u00e9g, ekki f\u00f3rnir, mundu\u00f0 \u00fe\u00e9r ekki hafa sakfellt saklausa menn.<a name=\"8\"><span class=\"versanumer\">8<\/span><\/a>\u00dev\u00ed a\u00f0 Mannssonurinn er herra hv\u00edldardagsins.<a name=\"9\"><span class=\"versanumer\">9<\/span><\/a>Hann f\u00f3r \u00fea\u00f0an og kom \u00ed samkundu \u00feeirra.<a name=\"10\"><span class=\"versanumer\">10<\/span><\/a>\u00dear var ma\u00f0ur me\u00f0 visna h\u00f6nd. Og \u00feeir spur\u00f0u Jes\u00fa: Er leyfilegt a\u00f0 l\u00e6kna \u00e1 hv\u00edldardegi? \u00deeir hug\u00f0ust k\u00e6ra hann.<a name=\"11\"><span class=\"versanumer\">11<\/span><\/a>Hann svarar \u00feeim: N\u00fa \u00e1 einhver y\u00f0ar eina sau\u00f0kind, og h\u00fan fellur \u00ed gryfju \u00e1 hv\u00edldardegi. Mundi hann ekki taka hana og draga upp \u00far?<a name=\"12\"><span class=\"versanumer\">12<\/span><\/a>Hve miklu er \u00fe\u00f3 ma\u00f0urinn sau\u00f0kindinni fremri! \u00dea\u00f0 er \u00fev\u00ed leyfilegt a\u00f0 gj\u00f6ra g\u00f3\u00f0verk \u00e1 hv\u00edldardegi.<a name=\"13\"><span class=\"versanumer\">13<\/span><\/a>S\u00ed\u00f0an segir hann vi\u00f0 manninn: R\u00e9ttu fram h\u00f6nd \u00fe\u00edna. Hann r\u00e9tti fram h\u00f6ndina, og h\u00fan var\u00f0 heil sem hin.<a name=\"14\"><span class=\"versanumer\">14<\/span><\/a>\u00de\u00e1 gengu far\u00edsearnir \u00fat og t\u00f3ku saman r\u00e1\u00f0 s\u00edn gegn honum, hvernig \u00feeir g\u00e6tu n\u00e1\u00f0 l\u00edfi hans.<a name=\"15\"><span class=\"versanumer\">15<\/span><\/a>\u00deegar Jes\u00fas var\u00f0 \u00feess v\u00eds, f\u00f3r hann \u00fea\u00f0an. Margir fylgdu honum, og alla l\u00e6kna\u00f0i hann.<a name=\"16\"><span class=\"versanumer\">16<\/span><\/a>En hann lag\u00f0i r\u00edkt \u00e1 vi\u00f0 \u00fe\u00e1, a\u00f0 \u00feeir gj\u00f6r\u00f0u hann eigi kunnan.<a name=\"17\"><span class=\"versanumer\">17<\/span><\/a>\u00deannig r\u00e6ttist \u00fea\u00f0, sem sagt er fyrir munn Jesaja sp\u00e1manns:<a name=\"18\"><span class=\"versanumer\">18<\/span><\/a>Sj\u00e1 \u00fej\u00f3n minn, sem \u00e9g hef \u00fatvali\u00f0, minn elska\u00f0a, sem s\u00e1l m\u00edn hefur \u00fe\u00f3knun \u00e1. \u00c9g mun l\u00e1ta anda minn koma yfir hann, og hann mun bo\u00f0a \u00fej\u00f3\u00f0unum r\u00e9tt.<a name=\"19\"><span class=\"versanumer\">19<\/span><\/a>Eigi mun hann \u00fer\u00e1tta n\u00e9 hr\u00f3pa, og eigi mun raust hans heyrast \u00e1 str\u00e6tum.<a name=\"20\"><span class=\"versanumer\">20<\/span><\/a>Br\u00e1ka\u00f0an reyr br\u00fdtur hann ekki, og rj\u00fakandi h\u00f6rkveik mun hann ekki sl\u00f6kkva, uns hann hefur leitt r\u00e9ttinn til sigurs.<a name=\"21\"><span class=\"versanumer\">21<\/span><\/a>\u00c1 nafn hans munu \u00fej\u00f3\u00f0irnar vona.<a name=\"22\"><span class=\"versanumer\">22<\/span><\/a>\u00de\u00e1 var f\u00e6r\u00f0ur til hans ma\u00f0ur haldinn illum anda, blindur og m\u00e1llaus. Hann l\u00e6kna\u00f0i hann, svo a\u00f0 hinn dumbi gat tala\u00f0 og s\u00e9\u00f0.<a name=\"23\"><span class=\"versanumer\">23<\/span><\/a>Allt f\u00f3lki\u00f0 var\u00f0 fur\u00f0u losti\u00f0 og sag\u00f0i: Hann er \u00fe\u00f3 ekki sonur Dav\u00ed\u00f0s?<a name=\"24\"><span class=\"versanumer\">24<\/span><\/a>\u00deegar far\u00edsear heyr\u00f0u \u00fea\u00f0, s\u00f6g\u00f0u \u00feeir: \u00deessi rekur ekki \u00fat illa anda nema me\u00f0 fulltingi Beelseb\u00fals, h\u00f6f\u00f0ingja illra anda.<a name=\"25\"><span class=\"versanumer\">25<\/span><\/a>En Jes\u00fas vissi hugsanir \u00feeirra og sag\u00f0i vi\u00f0 \u00fe\u00e1: Hvert \u00fea\u00f0 r\u00edki, sem er sj\u00e1lfu s\u00e9r sundur\u00feykkt, leggst \u00ed au\u00f0n, og hver s\u00fa borg e\u00f0a heimili, sem er sj\u00e1lfu s\u00e9r sundur\u00feykkt, f\u00e6r ekki sta\u00f0ist.<a name=\"26\"><span class=\"versanumer\">26<\/span><\/a>Ef Satan rekur Satan \u00fat, er hann sj\u00e1lfum s\u00e9r sundur\u00feykkur. Hvernig f\u00e6r r\u00edki hans \u00fe\u00e1 sta\u00f0ist?<a name=\"27\"><span class=\"versanumer\">27<\/span><\/a>Og ef \u00e9g rek illu andana \u00fat me\u00f0 fulltingi Beelseb\u00fals, me\u00f0 hverju reka \u00fe\u00e1 y\u00f0ar menn \u00fe\u00e1 \u00fat? \u00dev\u00ed skulu \u00feeir vera d\u00f3marar y\u00f0ar.<a name=\"28\"><span class=\"versanumer\">28<\/span><\/a>En ef \u00e9g rek illu andana \u00fat me\u00f0 Gu\u00f0s anda, \u00fe\u00e1 er Gu\u00f0s r\u00edki \u00feegar yfir y\u00f0ur komi\u00f0.<a name=\"29\"><span class=\"versanumer\">29<\/span><\/a>E\u00f0a hvernig f\u00e6r nokkur brotist inn \u00ed h\u00fas hins sterka og r\u00e6nt f\u00f6ngum hans, nema hann bindi \u00e1\u00f0ur hinn sterka, \u00fe\u00e1 getur hann r\u00e6nt h\u00fas hans.<a name=\"30\"><span class=\"versanumer\">30<\/span><\/a>Hver sem er ekki me\u00f0 m\u00e9r, er \u00e1 m\u00f3ti m\u00e9r, og hver sem safnar ekki saman me\u00f0 m\u00e9r, hann sundurdreifir.<a name=\"31\"><span class=\"versanumer\">31<\/span><\/a>\u00deess vegna segi \u00e9g y\u00f0ur: Hver synd og gu\u00f0l\u00f6stun ver\u00f0ur m\u00f6nnum fyrirgefin, en gu\u00f0last gegn andanum ver\u00f0ur ekki fyrirgefi\u00f0.<a name=\"32\"><span class=\"versanumer\">32<\/span><\/a>Hverjum sem m\u00e6lir gegn Mannssyninum, ver\u00f0ur \u00fea\u00f0 fyrirgefi\u00f0, en \u00feeim sem m\u00e6lir gegn heil\u00f6gum anda, ver\u00f0ur ekki fyrirgefi\u00f0, hvorki \u00ed \u00feessum heimi n\u00e9 \u00ed hinum komanda.<a name=\"33\"><span class=\"versanumer\">33<\/span><\/a>Anna\u00f0hvort er tr\u00e9\u00f0 gott og \u00e1v\u00f6xturinn g\u00f3\u00f0ur e\u00f0a tr\u00e9\u00f0 vont og \u00e1v\u00f6xturinn vondur. \u00dev\u00ed af \u00e1vextinum \u00feekkist tr\u00e9\u00f0.<a name=\"34\"><span class=\"versanumer\">34<\/span><\/a>\u00de\u00e9r n\u00f6\u00f0ru kyn, hvernig geti\u00f0 \u00fe\u00e9r, sem eru\u00f0 vondir, tala\u00f0 gott? Af gn\u00e6g\u00f0 hjartans m\u00e6lir munnurinn.<a name=\"35\"><span class=\"versanumer\">35<\/span><\/a>G\u00f3\u00f0ur ma\u00f0ur ber gott fram \u00far g\u00f3\u00f0um sj\u00f3\u00f0i, en vondur ma\u00f0ur ber vont fram \u00far vondum sj\u00f3\u00f0i.<a name=\"36\"><span class=\"versanumer\">36<\/span><\/a>En \u00e9g segi y\u00f0ur: Hvert \u00f3nytjuor\u00f0, sem menn m\u00e6la, munu \u00feeir ver\u00f0a a\u00f0 svara fyrir \u00e1 d\u00f3msdegi.<a name=\"37\"><span class=\"versanumer\">37<\/span><\/a>\u00dev\u00ed af or\u00f0um \u00fe\u00ednum muntu s\u00fdkna\u00f0ur, og af or\u00f0um \u00fe\u00ednum muntu sakfelldur ver\u00f0a.<a name=\"38\"><span class=\"versanumer\">38<\/span><\/a>\u00de\u00e1 s\u00f6g\u00f0u nokkrir fr\u00e6\u00f0imenn og far\u00edsear vi\u00f0 hann: Meistari, v\u00e9r viljum sj\u00e1 \u00feig gj\u00f6ra t\u00e1kn.<a name=\"39\"><span class=\"versanumer\">39<\/span><\/a>Hann svara\u00f0i \u00feeim: Vond og \u00f3tr\u00fa kynsl\u00f3\u00f0 heimtar t\u00e1kn, en eigi ver\u00f0ur henni anna\u00f0 t\u00e1kn gefi\u00f0 en t\u00e1kn J\u00f3nasar sp\u00e1manns.<a name=\"40\"><span class=\"versanumer\">40<\/span><\/a>J\u00f3nas var \u00ed kvi\u00f0i st\u00f3rhvelisins \u00ferj\u00e1 daga og \u00ferj\u00e1r n\u00e6tur, og eins mun Mannssonurinn vera \u00ferj\u00e1 daga og \u00ferj\u00e1r n\u00e6tur \u00ed skauti jar\u00f0ar.<a name=\"41\"><span class=\"versanumer\">41<\/span><\/a>N\u00edn\u00edvemenn munu koma fram \u00ed d\u00f3minum \u00e1samt kynsl\u00f3\u00f0 \u00feessari og sakfella hana, \u00fev\u00ed a\u00f0 \u00feeir gj\u00f6r\u00f0u i\u00f0run vi\u00f0 pr\u00e9dikun J\u00f3nasar, og h\u00e9r er meira en J\u00f3nas.<a name=\"42\"><span class=\"versanumer\">42<\/span><\/a>Drottning Su\u00f0urlanda mun r\u00edsa upp \u00ed d\u00f3minum \u00e1samt \u00feessari kynsl\u00f3\u00f0 og sakfella hana, \u00fev\u00ed a\u00f0 h\u00fan kom fr\u00e1 endim\u00f6rkum jar\u00f0ar a\u00f0 heyra speki Sal\u00f3mons, og h\u00e9r er meira en Sal\u00f3mon.<a name=\"43\"><span class=\"versanumer\">43<\/span><\/a>\u00deegar \u00f3hreinn andi fer \u00fat af manni, reikar hann um ey\u00f0ihrj\u00f3stur og leitar h\u00e6lis, en finnur ekki.<a name=\"44\"><span class=\"versanumer\">44<\/span><\/a>\u00de\u00e1 segir hann: \u00c9g vil hverfa aftur \u00ed h\u00fas mitt, \u00fea\u00f0an sem \u00e9g f\u00f3r. Og er hann kemur og finnur \u00fea\u00f0 t\u00f3mt, s\u00f3pa\u00f0 og pr\u00fdtt,<a name=\"45\"><span class=\"versanumer\">45<\/span><\/a>fer hann og tekur me\u00f0 s\u00e9r sj\u00f6 a\u00f0ra anda s\u00e9r verri, og \u00feeir fara inn og setjast \u00fear a\u00f0, og ver\u00f0ur svo hlutur \u00feess manns verri eftir en \u00e1\u00f0ur. Eins mun fara fyrir \u00feessari vondu kynsl\u00f3\u00f0.<a name=\"46\"><span class=\"versanumer\">46<\/span><\/a>Me\u00f0an hann var enn a\u00f0 tala vi\u00f0 f\u00f3lki\u00f0 kom m\u00f3\u00f0ir hans og br\u00e6\u00f0ur. \u00deau st\u00f3\u00f0u \u00fati og vildu tala vi\u00f0 hann.<a name=\"47\"><span class=\"versanumer\">47<\/span><\/a>Einhver sag\u00f0i vi\u00f0 hann: M\u00f3\u00f0ir \u00fe\u00edn og br\u00e6\u00f0ur standa h\u00e9r \u00fati og vilja tala vi\u00f0 \u00feig.<a name=\"48\"><span class=\"versanumer\">48<\/span><\/a>Jes\u00fas svara\u00f0i \u00feeim, er vi\u00f0 hann m\u00e6lti: Hver er m\u00f3\u00f0ir m\u00edn, og hverjir eru br\u00e6\u00f0ur m\u00ednir?<a name=\"49\"><span class=\"versanumer\">49<\/span><\/a>Og hann r\u00e9tti \u00fat h\u00f6ndina yfir l\u00e6risveina s\u00edna og sag\u00f0i: H\u00e9r er m\u00f3\u00f0ir m\u00edn og br\u00e6\u00f0ur m\u00ednir.<a name=\"50\"><span class=\"versanumer\">50<\/span><\/a>Hver sem gj\u00f6rir vilja f\u00f6\u00f0ur m\u00edns, sem er \u00e1 himnum, s\u00e1 er br\u00f3\u00f0ir minn, systir og m\u00f3\u00f0ir.<\/p>\n<div class=\"footnote1981\"><b>12.1-8<\/b> Hlst. Mrk 2.23-28; L\u00fak 6.1-5<br \/>\n<b>12.1<\/b> Deilur um hv\u00edldardaginn Matt 12.9-14; L\u00fak 13.10-17; 14.1-6; J\u00f3h 5.1-18; 7.19-24; sbr Matt 9.13<br \/>\n<b>12.2<\/b> Ekki leyft 2M\u00f3s 34.21<br \/>\n<b>12.4<\/b> Dav\u00ed\u00f0 og sko\u00f0unarbrau\u00f0in 1Sam 21.2-7; sbr 3M\u00f3s 24.5-9<br \/>\n<b>12.6<\/b> Meira en &#8230; Matt 12.41-42; L\u00fak 11.31-32<br \/>\n<b>12.7<\/b> Sbr H\u00f3s 6.6; Matt 9.13<br \/>\n<b>12.9-14<\/b> Hlst Mrk 3.1-6; L\u00fak 6.6-11<br \/>\n<b>12.10<\/b> Visna h\u00f6nd 1Kon 13.4 \u2013 er leyfilegt a\u00f0 l\u00e6kna? L\u00fak 14.3<br \/>\n<b>12.11<\/b> Fellur \u00ed gryfju L\u00fak 14.5<br \/>\n<b>12.12<\/b> Ma\u00f0urinn fremri Matt 6.26; 10.31; L\u00fak 12.7,24 \u2013 g\u00f3\u00f0verk \u00e1 hv\u00edldardegi L\u00fak 13.16; J\u00f3h 5.9; 7.23; 9.14<br \/>\n<b>12.14<\/b> R\u00e1\u00f0ager\u00f0ir gegn Jes\u00fa Matt 22.15; 27.1; 28.12; Mrk 11.18; L\u00fak 19.47; J\u00f3h 5.16,18<br \/>\n<b>12.15<\/b> Jes\u00fas fer burt Matt 14.13 \u2013 mikill mannfj\u00f6ldi  Matt 4.19+ ; Mrk 3.7-10; L\u00fak 6.17-19<br \/>\n<b>12.16<\/b> Halda leyndu Matt 8.4+<br \/>\n<b>12.17-21<\/b> Sbr Jes 42.1-4; Matt 1.22+<br \/>\n<b>12.22-32<\/b> Hlst. Mrk 3.20-30; L\u00fak 11.14-23; 12.10<br \/>\n<b>12.22<\/b> M\u00e1llaus Matt 9.27-33<br \/>\n<b>12.23<\/b> Sonur Dav\u00ed\u00f0s Matt 1.1+<br \/>\n<b>12.24<\/b> \u00c1greiningur um Jes\u00fa J\u00f3h 7.11-13; 10.19-21 \u2013 Beelseb\u00fal Matt 10.25+ &#8211; h\u00f6f\u00f0ingi illra anda Matt 9.34<br \/>\n<b>12.28<\/b> Me\u00f0 anda Gu\u00f0s Post 10.38 \u2013 Gu\u00f0s r\u00edki Matt 3.2+ ; 6.10 \u2013 Yfir y\u00f0ur komi\u00f0 Matt 10.7; Mrk 1.15; L\u00fak 17.21<br \/>\n<b>12.30<\/b> Me\u00f0 m\u00e9r Mrk 9.40; L\u00fak 9.50 \u2013 safna saman, sundurdreifa Matt 3.12; 13.30; 25.24<br \/>\n<b>12.31<\/b> Hver synd fyrirgefin 1T\u00edm 1.13<br \/>\n<b>12.33-37<\/b> Hlst. L\u00fak 6.43-45<br \/>\n<b>12.33<\/b> \u00c1 \u00e1vextinum \u00feekkist tr\u00e9\u00f0 Matt 7.16+<br \/>\n<b>12.34<\/b> N\u00f6\u00f0rukyn Matt 3.7+ &#8211; af gn\u00e6g\u00f0 hjartans Matt 15.18; Mrk 7.21<br \/>\n<b>12.38-42<\/b> Hlst. Mrk 8.11-12; L\u00fak 11.29-32<br \/>\n<b>12.38<\/b> T\u00e1kn Matt 16.1; 24.3,30; J\u00f3h 6.30; 1Kor 1.22<br \/>\n<b>12.39<\/b> \u00d3tr\u00fa kynsl\u00f3\u00f0 5M\u00f3s 32.5,20; Matt 11.16; 16.4; L\u00fak 11.29; Post 2.40; Fil 2.15<br \/>\n<b>12.40<\/b> Sbr J\u00f3n 2.1 \u2013 Manssonurinn Matt 8.20+<br \/>\n<b>12.41<\/b> N\u00edn\u00edvemenn taka sinnaskiptum J\u00f3n 3.5,8<br \/>\n<b>12.42<\/b> Drottning Su\u00f0urlanda 1Kon 10.1-10 \u2013 meira en Matt 12.6+<br \/>\n<b>12.43-45<\/b> Hlst. L\u00fak 11.24-26<br \/>\n<b>12.45<\/b> Verra en \u00e1\u00f0ur 2P\u00e9t 2.20<br \/>\n<b>12.46-50<\/b> Hlst. Mrk 3.31-35; L\u00fak 8.19-21<br \/>\n<b>12.46<\/b> M\u00f3\u00f0ir og br\u00e6\u00f0ur Jes\u00fa Matt 13.55; Mrk 6.3; J\u00f3h 2.12; Post 1.14<br \/>\n<b>12.50<\/b> Gera vilja Gu\u00f0s Matt 6.10+<\/div>\n","protected":false},"excerpt":{"rendered":"<p>1Um \u00feessar mundir f\u00f3r Jes\u00fas um s\u00e1\u00f0l\u00f6nd \u00e1 hv\u00edldardegi. L\u00e6risveinar hans kenndu hungurs og t\u00f3ku a\u00f0 t\u00edna korn\u00f6x og eta.2\u00deegar far\u00edsear s\u00e1u \u00fea\u00f0, s\u00f6g\u00f0u \u00feeir vi\u00f0 hann: L\u00edt \u00e1, l\u00e6risveinar \u00fe\u00ednir gj\u00f6ra \u00fea\u00f0, sem ekki er leyft a\u00f0 gj\u00f6ra \u00e1 hv\u00edldardegi.3Hann svara\u00f0i \u00feeim: Hafi\u00f0 \u00fe\u00e9r eigi lesi\u00f0, hva\u00f0 Dav\u00ed\u00f0 gj\u00f6r\u00f0i, \u00feegar hann hungra\u00f0i og menn hans?4Hann f\u00f3r inn \u00ed Gu\u00f0s h\u00fas, og \u00feeir \u00e1tu sko\u00f0unarbrau\u00f0in, sem hvorki hann n\u00e9 menn hans og engir nema prestarnir m\u00e1ttu eta.5E\u00f0a hafi\u00f0 \u00fe\u00e9r ekki lesi\u00f0 \u00ed l\u00f6gm\u00e1linu, a\u00f0 prestar vanhelga hv\u00edldardaginn \u00ed musterinu \u00e1 hv\u00edldard\u00f6gum, og eru \u00fe\u00f3 \u00e1n saka?6En \u00e9g segi y\u00f0ur: H\u00e9r <a href=\"https:\/\/biblian.is\/1981\/matteusargudspjall-12-kafli\/\"> [&#8230;]<\/a><\/p>\n","protected":false},"author":1,"featured_media":0,"parent":0,"menu_order":0,"comment_status":"open","ping_status":"open","template":"bibliukaflar.php","meta":{"footnotes":""},"class_list":["post-2288","page","type-page","status-publish","hentry"],"_links":{"self":[{"href":"https:\/\/biblian.is\/1981\/wp-json\/wp\/v2\/pages\/2288","targetHints":{"allow":["GET"]}}],"collection":[{"href":"https:\/\/biblian.is\/1981\/wp-json\/wp\/v2\/pages"}],"about":[{"href":"https:\/\/biblian.is\/1981\/wp-json\/wp\/v2\/types\/page"}],"author":[{"embeddable":true,"href":"https:\/\/biblian.is\/1981\/wp-json\/wp\/v2\/users\/1"}],"replies":[{"embeddable":true,"href":"https:\/\/biblian.is\/1981\/wp-json\/wp\/v2\/comments?post=2288"}],"version-history":[{"count":0,"href":"https:\/\/biblian.is\/1981\/wp-json\/wp\/v2\/pages\/2288\/revisions"}],"wp:attachment":[{"href":"https:\/\/biblian.is\/1981\/wp-json\/wp\/v2\/media?parent=2288"}],"curies":[{"name":"wp","href":"https:\/\/api.w.org\/{rel}","templated":true}]}}