{"id":2285,"date":"2017-11-18T20:21:05","date_gmt":"2017-11-18T20:21:05","guid":{"rendered":"http:\/\/biblian.is\/1981\/matteusargudspjall-9-kafli\/"},"modified":"2021-06-06T11:04:02","modified_gmt":"2021-06-06T11:04:02","slug":"matteusargudspjall-9-kafli","status":"publish","type":"page","link":"https:\/\/biblian.is\/1981\/matteusargudspjall-9-kafli\/","title":{"rendered":"Matteusargu\u00f0spjall 9. kafli"},"content":{"rendered":"<p><a name=\"1\"><span class=\"versanumer\">1<\/span><\/a>\u00de\u00e1 st\u00e9 Jes\u00fas \u00ed b\u00e1t og h\u00e9lt yfir um og kom til borgar sinnar.<a name=\"2\"><span class=\"versanumer\">2<\/span><\/a>\u00dear f\u00e6ra menn honum lama mann, sem l\u00e1 \u00ed rekkju. \u00deegar Jes\u00fas s\u00e1 tr\u00fa \u00feeirra, sag\u00f0i hann vi\u00f0 lama manninn: Vertu hughraustur, barni\u00f0 mitt, syndir \u00fe\u00ednar eru fyrirgefnar.<a name=\"3\"><span class=\"versanumer\">3<\/span><\/a>Nokkrir fr\u00e6\u00f0imenn s\u00f6g\u00f0u \u00fe\u00e1 me\u00f0 sj\u00e1lfum s\u00e9r: Hann gu\u00f0lastar!<a name=\"4\"><span class=\"versanumer\">4<\/span><\/a>En Jes\u00fas \u00feekkti hugsanir \u00feeirra og sag\u00f0i: Hv\u00ed hugsi\u00f0 \u00fe\u00e9r illt \u00ed hj\u00f6rtum y\u00f0ar?<a name=\"5\"><span class=\"versanumer\">5<\/span><\/a>Hvort er au\u00f0veldara a\u00f0 segja: Syndir \u00fe\u00ednar eru fyrirgefnar e\u00f0a: Statt upp og gakk?<a name=\"6\"><span class=\"versanumer\">6<\/span><\/a>En til \u00feess a\u00f0 \u00fe\u00e9r viti\u00f0, a\u00f0 Mannssonurinn hefur vald \u00e1 j\u00f6r\u00f0u a\u00f0 fyrirgefa syndir, \u00fe\u00e1 segi \u00e9g \u00fe\u00e9r og n\u00fa talar hann vi\u00f0 lama manninn: Statt upp, tak rekkju \u00fe\u00edna, og far heim til \u00fe\u00edn!<a name=\"7\"><span class=\"versanumer\">7<\/span><\/a>Og hann st\u00f3\u00f0 upp og f\u00f3r heim til s\u00edn.<a name=\"8\"><span class=\"versanumer\">8<\/span><\/a>En f\u00f3lki\u00f0, sem horf\u00f0i \u00e1 \u00feetta, var\u00f0 \u00f3tta slegi\u00f0 og lofa\u00f0i Gu\u00f0, sem gefi\u00f0 haf\u00f0i m\u00f6nnum sl\u00edkt vald.<a name=\"9\"><span class=\"versanumer\">9<\/span><\/a>\u00de\u00e1 er hann gekk \u00fea\u00f0an, s\u00e1 hann mann sitja hj\u00e1 tollb\u00fa\u00f0inni, Matteus a\u00f0 nafni, og hann segir vi\u00f0 hann: Fylg \u00fe\u00fa m\u00e9r! Og hann st\u00f3\u00f0 upp og fylgdi honum.<a name=\"10\"><span class=\"versanumer\">10<\/span><\/a>N\u00fa bar svo vi\u00f0, er Jes\u00fas sat a\u00f0 bor\u00f0i \u00ed h\u00fasi hans, a\u00f0 margir tollheimtumenn og bersyndugir komu og settust \u00fear me\u00f0 honum og l\u00e6risveinum hans.<a name=\"11\"><span class=\"versanumer\">11<\/span><\/a>\u00deegar far\u00edsear s\u00e1u \u00fea\u00f0, s\u00f6g\u00f0u \u00feeir vi\u00f0 l\u00e6risveina hans: Hvers vegna etur meistari y\u00f0ar me\u00f0 tollheimtum\u00f6nnum og bersyndugum?<a name=\"12\"><span class=\"versanumer\">12<\/span><\/a>Jes\u00fas heyr\u00f0i \u00feetta og sag\u00f0i: Ekki \u00feurfa heilbrig\u00f0ir l\u00e6knis vi\u00f0, heldur \u00feeir sem sj\u00fakir eru.<a name=\"13\"><span class=\"versanumer\">13<\/span><\/a>Fari\u00f0 og nemi\u00f0, hva\u00f0 \u00feetta merkir: Miskunnsemi vil \u00e9g, ekki f\u00f3rnir. \u00c9g er ekki kominn til a\u00f0 kalla r\u00e9ttl\u00e1ta, heldur syndara.<a name=\"14\"><span class=\"versanumer\">14<\/span><\/a>\u00de\u00e1 koma til hans l\u00e6risveinar J\u00f3hannesar og segja: Hv\u00ed f\u00f6stum v\u00e9r og far\u00edsear, en \u00fe\u00ednir l\u00e6risveinar fasta ekki?<a name=\"15\"><span class=\"versanumer\">15<\/span><\/a>Jes\u00fas svara\u00f0i \u00feeim: Hvort geta br\u00fa\u00f0kaupsgestir veri\u00f0 hryggir, me\u00f0an br\u00fa\u00f0guminn er hj\u00e1 \u00feeim? En koma munu \u00feeir dagar, er br\u00fa\u00f0guminn ver\u00f0ur fr\u00e1 \u00feeim tekinn. \u00de\u00e1 munu \u00feeir fasta.<a name=\"16\"><span class=\"versanumer\">16<\/span><\/a>Enginn l\u00e6tur b\u00f3t af \u00f3\u00fe\u00e6f\u00f0um d\u00fak \u00e1 gamalt fat, \u00fev\u00ed \u00fe\u00e1 r\u00edfur b\u00f3tin \u00fat fr\u00e1 s\u00e9r og ver\u00f0ur af verri rifa.<a name=\"17\"><span class=\"versanumer\">17<\/span><\/a>Ekki l\u00e1ta menn heldur n\u00fdtt v\u00edn \u00e1 gamla belgi, \u00fev\u00ed \u00fe\u00e1 springa belgirnir, og v\u00edni\u00f0 fer ni\u00f0ur, en belgirnir \u00f3n\u00fdtast. Menn l\u00e1ta n\u00fdtt v\u00edn \u00e1 n\u00fdja belgi, og var\u00f0veitist \u00fe\u00e1 hvort tveggja.<a name=\"18\"><span class=\"versanumer\">18<\/span><\/a>Me\u00f0an hann var a\u00f0 segja \u00feetta vi\u00f0 \u00fe\u00e1, kom forst\u00f6\u00f0uma\u00f0ur einn, laut honum og sag\u00f0i: D\u00f3ttir m\u00edn var a\u00f0 skilja vi\u00f0, kom og legg h\u00f6nd \u00fe\u00edna yfir hana, \u00fe\u00e1 mun h\u00fan lifna.<a name=\"19\"><span class=\"versanumer\">19<\/span><\/a>Jes\u00fas st\u00f3\u00f0 upp og f\u00f3r me\u00f0 honum og l\u00e6risveinar hans.<a name=\"20\"><span class=\"versanumer\">20<\/span><\/a>Kona, sem haf\u00f0i haft bl\u00f3\u00f0l\u00e1t \u00ed t\u00f3lf \u00e1r, kom \u00fe\u00e1 a\u00f0 baki honum og snart fald kl\u00e6\u00f0a hans.<a name=\"21\"><span class=\"versanumer\">21<\/span><\/a>H\u00fan hugsa\u00f0i me\u00f0 s\u00e9r: Ef \u00e9g f\u00e6 a\u00f0eins snert kl\u00e6\u00f0i hans, mun \u00e9g heil ver\u00f0a.<a name=\"22\"><span class=\"versanumer\">22<\/span><\/a>Jes\u00fas sneri s\u00e9r vi\u00f0, og er hann s\u00e1 hana, sag\u00f0i hann: Vertu hughraust, d\u00f3ttir, tr\u00fa \u00fe\u00edn hefur bjarga\u00f0 \u00fe\u00e9r. Og konan var\u00f0 heil fr\u00e1 \u00feeirri stundu.<a name=\"23\"><span class=\"versanumer\">23<\/span><\/a>\u00deegar Jes\u00fas kom a\u00f0 h\u00fasi forst\u00f6\u00f0umannsins og s\u00e1 p\u00edpuleikara og f\u00f3lki\u00f0 \u00ed uppn\u00e1mi,<a name=\"24\"><span class=\"versanumer\">24<\/span><\/a>sag\u00f0i hann: Fari\u00f0 burt! St\u00falkan er ekki d\u00e1in, h\u00fan sefur. En \u00feeir hl\u00f3gu a\u00f0 honum.<a name=\"25\"><span class=\"versanumer\">25<\/span><\/a>\u00deegar f\u00f3lki\u00f0 haf\u00f0i veri\u00f0 l\u00e1ti\u00f0 fara, gekk hann inn og t\u00f3k h\u00f6nd hennar, og reis \u00fe\u00e1 st\u00falkan upp.<a name=\"26\"><span class=\"versanumer\">26<\/span><\/a>Og \u00feessi t\u00ed\u00f0indi b\u00e1rust um allt \u00fea\u00f0 h\u00e9ra\u00f0.<a name=\"27\"><span class=\"versanumer\">27<\/span><\/a>\u00de\u00e1 er Jes\u00fas h\u00e9lt \u00fea\u00f0an, f\u00f3ru tveir blindir menn eftir honum og k\u00f6llu\u00f0u: Miskunna \u00fe\u00fa okkur, sonur Dav\u00ed\u00f0s.<a name=\"28\"><span class=\"versanumer\">28<\/span><\/a>\u00deegar hann kom heim, gengu blindu mennirnir til hans. Jes\u00fas spyr \u00fe\u00e1: Tr\u00fai\u00f0 \u00fei\u00f0, a\u00f0 \u00e9g geti gj\u00f6rt \u00feetta? \u00deeir s\u00f6g\u00f0u: J\u00e1, herra.<a name=\"29\"><span class=\"versanumer\">29<\/span><\/a>\u00de\u00e1 snart hann augu \u00feeirra og m\u00e6lti: Ver\u00f0i ykkur a\u00f0 tr\u00fa ykkar.<a name=\"30\"><span class=\"versanumer\">30<\/span><\/a>Og augu \u00feeirra lukust upp. Jes\u00fas lag\u00f0i r\u00edkt \u00e1 vi\u00f0 \u00fe\u00e1 og sag\u00f0i: G\u00e6ti\u00f0 \u00feess, a\u00f0 enginn f\u00e1i a\u00f0 vita \u00feetta.<a name=\"31\"><span class=\"versanumer\">31<\/span><\/a>En \u00feeir f\u00f3ru og v\u00ed\u00f0fr\u00e6g\u00f0u hann \u00ed \u00f6llu \u00fev\u00ed h\u00e9ra\u00f0i.<a name=\"32\"><span class=\"versanumer\">32<\/span><\/a>\u00deegar \u00feeir voru a\u00f0 fara, var komi\u00f0 til hans me\u00f0 m\u00e1llausan mann, haldinn illum anda.<a name=\"33\"><span class=\"versanumer\">33<\/span><\/a>Og er illi andinn var \u00fat rekinn, t\u00f3k m\u00e1lleysinginn a\u00f0 m\u00e6la. Mannfj\u00f6ldinn undra\u00f0ist og sag\u00f0i: Aldrei hefur \u00fev\u00edl\u00edkt s\u00e9st \u00ed \u00cdsrael.<a name=\"34\"><span class=\"versanumer\">34<\/span><\/a>En far\u00edsearnir s\u00f6g\u00f0u: Me\u00f0 fulltingi h\u00f6f\u00f0ingja illra anda rekur hann \u00fat illu andana.<a name=\"35\"><span class=\"versanumer\">35<\/span><\/a>Jes\u00fas f\u00f3r n\u00fa um allar borgir og \u00feorp og kenndi \u00ed samkundum \u00feeirra. Hann flutti fagna\u00f0arerindi\u00f0 um r\u00edki\u00f0 og l\u00e6kna\u00f0i hvers kyns sj\u00fakd\u00f3m og veikindi.<a name=\"36\"><span class=\"versanumer\">36<\/span><\/a>En er hann s\u00e1 mannfj\u00f6ldann, kenndi hann \u00ed brj\u00f3sti um \u00fe\u00e1, \u00fev\u00ed \u00feeir voru hrj\u00e1\u00f0ir og umkomulausir eins og sau\u00f0ir, er engan hir\u00f0i hafa.<a name=\"37\"><span class=\"versanumer\">37<\/span><\/a>\u00de\u00e1 sag\u00f0i hann vi\u00f0 l\u00e6risveina s\u00edna: Uppskeran er mikil, en verkamenn f\u00e1ir.<a name=\"38\"><span class=\"versanumer\">38<\/span><\/a>Bi\u00f0ji\u00f0 \u00fev\u00ed herra uppskerunnar a\u00f0 senda verkamenn til uppskeru sinnar.<\/p>\n<div class=\"footnote1981\"><b>9.1-8<\/b> Hlst. Mrk 2.1-12; L\u00fak 5.17-26<br \/>\n<b>9.2<\/b> Lami Matt 8.6; Post 9.33 \u2013 fyrirgefa L\u00fak 7.48<br \/>\n<b>9.3<\/b> Gu\u00f0lasta 3M\u00f3s 24.11,16; Matt 12.31; 26.65; Mrk 3.29; 14.64; L\u00fak 12.10; J\u00f3h 10.33; Post 6.11; 26.11; R\u00f3m 2.24; 1T\u00edm 1.13; Jak 2.7; Opb 13.1,5-6<br \/>\n<b>9.4<\/b> \u00deekkti hugsanir \u00feeirra Matt 12.25<br \/>\n<b>9.6<\/b> Statt upp J\u00f3h 5.8; Post 9.33-35<br \/>\n<b>9.8<\/b> Lofa Gu\u00f0 Matt 15.31; Mrk 2.12+ ; L\u00fak 5.26; 13.13; 17.15; 18.43; 23.47; Post 4.21; 11.18; 21.20; R\u00f3m 1.21 \u2013 sl\u00edkt vald Matt 16.19; 18.18; J\u00f3h 20.23<br \/>\n<b>9.9-13<\/b> Hlst. Mrk 2.13-17; L\u00fak 5.27-32<br \/>\n<b>9.9<\/b> Tollheimtumenn Matt 5.46+<br \/>\n<b>9.13<\/b> Sbr H\u00f3s 6.6; Matt 12.7<br \/>\n<b>9.14-17<\/b> Hlst. Mrk 2.18-22; L\u00fak 5.33-39<br \/>\n<b>9.14<\/b> L\u00e6risveinar J\u00f3hannesar sk\u00edrara Matt 11.2; 14.12; L\u00fak 11.1; J\u00f3h 3.25; 4.1; Post 18.25; 19.1 \u2013 fasta Matt 11.18; L\u00fak 18.12<br \/>\n<b>9.15<\/b> Br\u00fa\u00f0gumi Jes 62.4-5; Jer 2.2; Esk 16; H\u00f3s 1-3; Matt 25.1,5,10; J\u00f3h 3.29; Opb 18.23; sbr 2Kor 11.2; Opb 21.2<br \/>\n<b>9.18-26<\/b> Hlst. Mrk 5.21-43; L\u00fak 8.40-56<br \/>\n<b>9.18<\/b> Leggja hendur yfir 3M\u00f3s 9.22; 16.21; Matt 8.3; 19.15; Mrk 5.23; 6.5; 7.32; 8.23,25; L\u00fak 13.13<br \/>\n<b>9.20<\/b> Faldur 4M\u00f3s 15.38-41; 5M\u00f3s 22.12; Matt 14.36; 23.5; Mrk 6.56; L\u00fak 8.44<br \/>\n<b>9.22<\/b> Tr\u00fa \u00fe\u00edn Post 3.16 \u2013 bjarga, l\u00e6kna Matt 10.22; 24.13; Mrk 10.52; L\u00fak 7.50; 17.19; 18.42; Post 2.47; 4.12; 16.30<br \/>\n<b>9.24<\/b> H\u00fan sefur L\u00fak 8.52; J\u00f3h 11.11; Post 7.60; 13.36; 1Kor 15.18-20; 1\u00deess 4.13-15<br \/>\n<b>9.25<\/b> Vekja, reisa upp Mrk 1.31; 9.27; L\u00fak 7.14<br \/>\n<b>9.27<\/b> Sonur Dav\u00ed\u00f0s Matt 1.1+<br \/>\n<b>9.29<\/b> Snart augu \u00feeirra Matt 20.34 \u2013 ver\u00f0i y\u00f0ur a\u00f0 tr\u00fa ykkar Matt 8.13; 15.28<br \/>\n<b>9.30<\/b> Halda leyndu Matt 8.4+<br \/>\n<b>9.32<\/b> M\u00e1llaus Mrk 7.32,35; 9.17,25; L\u00fak 11.14<br \/>\n<b>9.33<\/b> Mannfj\u00f6ldinn undra\u00f0ist Mrk 2.12<br \/>\n<b>9.34<\/b> H\u00f6f\u00f0ingi illra anda Matt 12.24; Mrk 3.22; L\u00fak 11.15<br \/>\n<b>9.35<\/b> Jes\u00fas starfar Matt 4.23-25; Mrk 1.39 \u2013 fagna\u00f0arerindi\u00f0 um r\u00edki\u00f0 Matt 4.23+ &#8211; l\u00e6kning Matt 10.1; Mrk 1.34; L\u00fak 7.21<br \/>\n<b>9.36<\/b> Hrj\u00e1\u00f0ir og umkomulausir Esk 34.23; Sak 13.7; Matt 14.14 og hlst.; 15.32; Mrk 6.34 \u2013 sau\u00f0ir \u00e1n hir\u00f0is 4M\u00f3s 27.17; 1Kon 22.17; Esk 34.5; Mrk 6.34<br \/>\n<b>9.37<\/b> Uppskera Matt 3.12+ ; Mrk 4.29; J\u00f3h 4.35-37<\/div>\n","protected":false},"excerpt":{"rendered":"<p>1\u00de\u00e1 st\u00e9 Jes\u00fas \u00ed b\u00e1t og h\u00e9lt yfir um og kom til borgar sinnar.2\u00dear f\u00e6ra menn honum lama mann, sem l\u00e1 \u00ed rekkju. \u00deegar Jes\u00fas s\u00e1 tr\u00fa \u00feeirra, sag\u00f0i hann vi\u00f0 lama manninn: Vertu hughraustur, barni\u00f0 mitt, syndir \u00fe\u00ednar eru fyrirgefnar.3Nokkrir fr\u00e6\u00f0imenn s\u00f6g\u00f0u \u00fe\u00e1 me\u00f0 sj\u00e1lfum s\u00e9r: Hann gu\u00f0lastar!4En Jes\u00fas \u00feekkti hugsanir \u00feeirra og sag\u00f0i: Hv\u00ed hugsi\u00f0 \u00fe\u00e9r illt \u00ed hj\u00f6rtum y\u00f0ar?5Hvort er au\u00f0veldara a\u00f0 segja: Syndir \u00fe\u00ednar eru fyrirgefnar e\u00f0a: Statt upp og gakk?6En til \u00feess a\u00f0 \u00fe\u00e9r viti\u00f0, a\u00f0 Mannssonurinn hefur vald \u00e1 j\u00f6r\u00f0u a\u00f0 fyrirgefa syndir, \u00fe\u00e1 segi \u00e9g \u00fe\u00e9r og n\u00fa talar hann vi\u00f0 lama manninn: <a href=\"https:\/\/biblian.is\/1981\/matteusargudspjall-9-kafli\/\"> [&#8230;]<\/a><\/p>\n","protected":false},"author":1,"featured_media":0,"parent":0,"menu_order":0,"comment_status":"open","ping_status":"open","template":"bibliukaflar.php","meta":{"footnotes":""},"class_list":["post-2285","page","type-page","status-publish","hentry"],"_links":{"self":[{"href":"https:\/\/biblian.is\/1981\/wp-json\/wp\/v2\/pages\/2285","targetHints":{"allow":["GET"]}}],"collection":[{"href":"https:\/\/biblian.is\/1981\/wp-json\/wp\/v2\/pages"}],"about":[{"href":"https:\/\/biblian.is\/1981\/wp-json\/wp\/v2\/types\/page"}],"author":[{"embeddable":true,"href":"https:\/\/biblian.is\/1981\/wp-json\/wp\/v2\/users\/1"}],"replies":[{"embeddable":true,"href":"https:\/\/biblian.is\/1981\/wp-json\/wp\/v2\/comments?post=2285"}],"version-history":[{"count":0,"href":"https:\/\/biblian.is\/1981\/wp-json\/wp\/v2\/pages\/2285\/revisions"}],"wp:attachment":[{"href":"https:\/\/biblian.is\/1981\/wp-json\/wp\/v2\/media?parent=2285"}],"curies":[{"name":"wp","href":"https:\/\/api.w.org\/{rel}","templated":true}]}}