{"id":2283,"date":"2017-11-18T20:21:05","date_gmt":"2017-11-18T20:21:05","guid":{"rendered":"http:\/\/biblian.is\/1981\/matteusargudspjall-7-kafli\/"},"modified":"2021-06-06T11:04:01","modified_gmt":"2021-06-06T11:04:01","slug":"matteusargudspjall-7-kafli","status":"publish","type":"page","link":"https:\/\/biblian.is\/1981\/matteusargudspjall-7-kafli\/","title":{"rendered":"Matteusargu\u00f0spjall 7. kafli"},"content":{"rendered":"<p><a name=\"1\"><span class=\"versanumer\">1<\/span><\/a>D\u00e6mi\u00f0 ekki, svo a\u00f0 \u00fe\u00e9r ver\u00f0i\u00f0 ekki d\u00e6mdir.<a name=\"2\"><span class=\"versanumer\">2<\/span><\/a>\u00dev\u00ed a\u00f0 me\u00f0 \u00feeim d\u00f3mi, sem \u00fe\u00e9r d\u00e6mi\u00f0, munu\u00f0 \u00fe\u00e9r d\u00e6mdir, og me\u00f0 \u00feeim m\u00e6li, sem \u00fe\u00e9r m\u00e6li\u00f0, mun y\u00f0ur m\u00e6lt ver\u00f0a.<a name=\"3\"><span class=\"versanumer\">3<\/span><\/a>Hv\u00ed s\u00e9r \u00fe\u00fa fl\u00edsina \u00ed auga br\u00f3\u00f0ur \u00fe\u00edns, en tekur ekki eftir bj\u00e1lkanum \u00ed auga \u00fe\u00ednu?<a name=\"4\"><span class=\"versanumer\">4<\/span><\/a>E\u00f0a hvernig f\u00e6r \u00fe\u00fa sagt vi\u00f0 br\u00f3\u00f0ur \u00feinn: L\u00e1t mig draga fl\u00edsina \u00far auga \u00fe\u00e9r? Og \u00fe\u00f3 er bj\u00e1lki \u00ed auga sj\u00e1lfs \u00fe\u00edn.<a name=\"5\"><span class=\"versanumer\">5<\/span><\/a>Hr\u00e6snari, drag fyrst bj\u00e1lkann \u00far auga \u00fe\u00e9r, og \u00fe\u00e1 s\u00e9r\u00f0u gl\u00f6ggt til a\u00f0 draga fl\u00edsina \u00far auga br\u00f3\u00f0ur \u00fe\u00edns.<a name=\"6\"><span class=\"versanumer\">6<\/span><\/a>Gefi\u00f0 ekki hundum \u00fea\u00f0 sem heilagt er, og kasti\u00f0 eigi perlum y\u00f0ar fyrir sv\u00edn. \u00deau mundu tro\u00f0a \u00fe\u00e6r undir f\u00f3tum, og \u00feeir sn\u00faa s\u00e9r vi\u00f0 og r\u00edfa y\u00f0ur \u00ed sig.<a name=\"7\"><span class=\"versanumer\">7<\/span><\/a>Bi\u00f0ji\u00f0, og y\u00f0ur mun gefast, leiti\u00f0, og \u00fe\u00e9r munu\u00f0 finna, kn\u00fdi\u00f0 \u00e1, og fyrir y\u00f0ur mun upp loki\u00f0 ver\u00f0a.<a name=\"8\"><span class=\"versanumer\">8<\/span><\/a>\u00dev\u00ed a\u00f0 hver s\u00e1 \u00f6\u00f0last, sem bi\u00f0ur, s\u00e1 finnur, sem leitar, og fyrir \u00feeim, sem \u00e1 kn\u00fdr, mun upp loki\u00f0 ver\u00f0a.<a name=\"9\"><span class=\"versanumer\">9<\/span><\/a>E\u00f0a hver er s\u00e1 ma\u00f0ur me\u00f0al y\u00f0ar, sem gefur syni s\u00ednum stein, er hann bi\u00f0ur um brau\u00f0?<a name=\"10\"><span class=\"versanumer\">10<\/span><\/a>E\u00f0a h\u00f6ggorm, \u00feegar hann bi\u00f0ur um fisk?<a name=\"11\"><span class=\"versanumer\">11<\/span><\/a>Fyrst \u00fe\u00e9r, sem eru\u00f0 vondir, hafi\u00f0 vit \u00e1 a\u00f0 gefa b\u00f6rnum y\u00f0ar g\u00f3\u00f0ar gjafir, hve miklu fremur mun \u00fe\u00e1 fa\u00f0ir y\u00f0ar \u00e1 himnum gefa \u00feeim g\u00f3\u00f0ar gjafir, sem bi\u00f0ja hann?<a name=\"12\"><span class=\"versanumer\">12<\/span><\/a>Allt sem \u00fe\u00e9r vilji\u00f0, a\u00f0 a\u00f0rir menn gj\u00f6ri y\u00f0ur, \u00fea\u00f0 skulu\u00f0 \u00fe\u00e9r og \u00feeim gj\u00f6ra. \u00deetta er l\u00f6gm\u00e1li\u00f0 og sp\u00e1mennirnir.<a name=\"13\"><span class=\"versanumer\">13<\/span><\/a>Gangi\u00f0 inn um \u00fer\u00f6nga hli\u00f0i\u00f0. \u00dev\u00ed a\u00f0 v\u00edtt er hli\u00f0i\u00f0 og vegurinn brei\u00f0ur, sem liggur til gl\u00f6tunar, og margir \u00feeir, sem \u00fear fara inn.<a name=\"14\"><span class=\"versanumer\">14<\/span><\/a>Hve \u00fer\u00f6ngt er \u00fea\u00f0 hli\u00f0 og mj\u00f3r s\u00e1 vegur, er liggur til l\u00edfsins, og f\u00e1ir \u00feeir, sem finna hann.<a name=\"15\"><span class=\"versanumer\">15<\/span><\/a>Varist falssp\u00e1menn. \u00deeir koma til y\u00f0ar \u00ed sau\u00f0akl\u00e6\u00f0um, en innra eru \u00feeir gr\u00e1\u00f0ugir vargar.<a name=\"16\"><span class=\"versanumer\">16<\/span><\/a>Af \u00e1v\u00f6xtum \u00feeirra skulu\u00f0 \u00fe\u00e9r \u00feekkja \u00fe\u00e1. Hvort lesa menn v\u00ednber af \u00feyrnum e\u00f0a f\u00edkjur af \u00feistlum?<a name=\"17\"><span class=\"versanumer\">17<\/span><\/a>\u00deannig ber s\u00e9rhvert gott tr\u00e9 g\u00f3\u00f0a \u00e1v\u00f6xtu, en sl\u00e6mt tr\u00e9 vonda.<a name=\"18\"><span class=\"versanumer\">18<\/span><\/a>Gott tr\u00e9 getur ekki bori\u00f0 vonda \u00e1v\u00f6xtu, ekki heldur sl\u00e6mt tr\u00e9 g\u00f3\u00f0a \u00e1v\u00f6xtu.<a name=\"19\"><span class=\"versanumer\">19<\/span><\/a>Hvert \u00fea\u00f0 tr\u00e9, sem ber ekki g\u00f3\u00f0an \u00e1v\u00f6xt, ver\u00f0ur upp h\u00f6ggvi\u00f0 og \u00ed eld kasta\u00f0.<a name=\"20\"><span class=\"versanumer\">20<\/span><\/a>Af \u00e1v\u00f6xtum \u00feeirra skulu\u00f0 \u00fe\u00e9r \u00fev\u00ed \u00feekkja \u00fe\u00e1.<a name=\"21\"><span class=\"versanumer\">21<\/span><\/a>Ekki mun hver s\u00e1, sem vi\u00f0 mig segir: Herra, herra, ganga inn \u00ed himnar\u00edki, heldur s\u00e1 einn, er gj\u00f6rir vilja f\u00f6\u00f0ur m\u00edns, sem er \u00e1 himnum.<a name=\"22\"><span class=\"versanumer\">22<\/span><\/a>Margir munu segja vi\u00f0 mig \u00e1 \u00feeim degi: Herra, herra, h\u00f6fum v\u00e9r ekki kennt \u00ed \u00fe\u00ednu nafni, reki\u00f0 \u00fat illa anda \u00ed \u00fe\u00ednu nafni og gj\u00f6rt \u00ed \u00fe\u00ednu nafni m\u00f6rg kraftaverk?<a name=\"23\"><span class=\"versanumer\">23<\/span><\/a>\u00de\u00e1 mun \u00e9g votta \u00feetta: Aldrei \u00feekkti \u00e9g y\u00f0ur. Fari\u00f0 fr\u00e1 m\u00e9r, illgj\u00f6r\u00f0amenn.<a name=\"24\"><span class=\"versanumer\">24<\/span><\/a>Hver sem heyrir \u00feessi or\u00f0 m\u00edn og breytir eftir \u00feeim, s\u00e1 er l\u00edkur hyggnum manni, er bygg\u00f0i h\u00fas sitt \u00e1 bjargi.<a name=\"25\"><span class=\"versanumer\">25<\/span><\/a>N\u00fa skall \u00e1 steypiregn, vatni\u00f0 fl\u00e6ddi, stormar bl\u00e9su og buldu \u00e1 \u00fev\u00ed h\u00fasi, en \u00fea\u00f0 f\u00e9ll eigi, \u00fev\u00ed \u00fea\u00f0 var grundvalla\u00f0 \u00e1 bjargi.<a name=\"26\"><span class=\"versanumer\">26<\/span><\/a>En hver sem heyrir \u00feessi or\u00f0 m\u00edn og breytir ekki eftir \u00feeim, s\u00e1 er l\u00edkur heimskum manni, er bygg\u00f0i h\u00fas sitt \u00e1 sandi.<a name=\"27\"><span class=\"versanumer\">27<\/span><\/a>Steypiregn skall \u00e1, vatni\u00f0 fl\u00e6ddi, stormar bl\u00e9su og buldu \u00e1 \u00fev\u00ed h\u00fasi. \u00dea\u00f0 f\u00e9ll, og fall \u00feess var miki\u00f0.<a name=\"28\"><span class=\"versanumer\">28<\/span><\/a>\u00deegar Jes\u00fas haf\u00f0i loki\u00f0 \u00feessari r\u00e6\u00f0u, undra\u00f0ist mannfj\u00f6ldinn mj\u00f6g kenningu hans,<a name=\"29\"><span class=\"versanumer\">29<\/span><\/a>\u00fev\u00ed a\u00f0 hann kenndi \u00feeim eins og s\u00e1, er vald hefur, og ekki eins og fr\u00e6\u00f0imenn \u00feeirra.<\/p>\n<div class=\"footnote1981\"><b>7.1-6<\/b> Hlst. L\u00fak 6.37-38,41-42<br \/>\n<b>7.1<\/b> D\u00e6ma Slm 50.6; R\u00f3m 2.1; 14.10; 1Kor 5.12; Jak 4.11<br \/>\n<b>7.2<\/b> \u00deeim d\u00f3mi Mrk 4.24<br \/>\n<b>7.6<\/b> Hi\u00f0 heilaga 2M\u00f3s 29.3-34; 3M\u00f3s 2.3<br \/>\n<b>7.7-12<\/b> Hlst. L\u00fak 11.9-13<br \/>\n<b>7.7<\/b> Bi\u00f0ji\u00f0 Mrk 11.24; J\u00f3h 14.13-14; 15.7; 16.23-24; Jak 1.5; 1J\u00f3h 3.22; 5.14-15<br \/>\n<b>7.11<\/b> Fa\u00f0ir y\u00f0ar Matt 6.9+ ; Jak 1.17<br \/>\n<b>7.12<\/b> Gullna reglan R\u00f3m 13.8-10 \u2013 l\u00f6gm\u00e1li\u00f0 og sp\u00e1mennirnir Matt 5.17; 11.13; 22.40; L\u00fak 16.16; 24.44; J\u00f3h 1.45; Post 13.15; 24.14; 28.23; R\u00f3m 3.21<br \/>\n<b>7.13-14<\/b> Hlst L\u00fak 13.24<br \/>\n<b>7.14<\/b> \u00der\u00f6ngt hli\u00f0 Post 14.22<br \/>\n<b>7.15-20<\/b> Hlst. L\u00fak 6.43-44<br \/>\n<b>7.15<\/b> Falssp\u00e1menn Matt 24.11,24; L\u00fak 6.26; sbr Post 13.6; 2P\u00e9t 2.1; 1J\u00f3h 4.1; Opb 16.13; 19.20; 20.10 \u2013 vargar Esk 22.27; Matt 10.16; J\u00f3h 10.12; Post 20.29<br \/>\n<b>7.16<\/b> \u00c1vextir Matt 3.8+ &#8211; \u00feekkja Matt 11.27; 12.33; 14.35; 17.12<br \/>\n<b>7.17Gott<\/b> tr\u00e9, g\u00f3\u00f0ir \u00e1vextir Jak 3.11-12<br \/>\n<b>7.19<\/b> H\u00f6ggva upp Matt 3.10; L\u00fak 3.9; 13.6-9; J\u00f3h 15.6<br \/>\n<b>17.21-23<\/b> Hlst. L\u00fak 13.25-27<br \/>\n<b>7.21<\/b> Ganga inn \u00ed himnar\u00edki Matt 5.20+ &#8211; gera R\u00f3m 2.13; Jak 1.22,25; 1J\u00f3h 2.17 \u2013 vilja f\u00f6\u00f0urins Matt 6.10+<br \/>\n<b>7.22<\/b> \u00c1 \u00feeim degi Jes 2.11; 10.3; 49.8; Matt 24.36 \u2013 \u00ed \u00fe\u00ednu nafni Jer 14.14; 27.15; Mrk 9.38; L\u00fak 9.49<br \/>\n<b>7.23<\/b> Afneita Matt 10.33; 2T\u00edm 2.12 \u2013 fari\u00f0 fr\u00e1 m\u00e9r Matt 13.41-42; 25.41<br \/>\n<b>7.24-29<\/b> Hlst. L\u00fak 6.47-49<br \/>\n<b>7.24<\/b> Eftirbreytni Matt 5.19; 7.12,24; Jak 1.22-23<br \/>\n<b>7.27<\/b> Steypiregn og hrun Esk 13.11-12<br \/>\n<b>7.28<\/b> A\u00f0 r\u00e6\u00f0u lokinni Matt 11.1; 13.53; 19.1; 26.1; L\u00fak 7.1<\/div>\n","protected":false},"excerpt":{"rendered":"<p>1D\u00e6mi\u00f0 ekki, svo a\u00f0 \u00fe\u00e9r ver\u00f0i\u00f0 ekki d\u00e6mdir.2\u00dev\u00ed a\u00f0 me\u00f0 \u00feeim d\u00f3mi, sem \u00fe\u00e9r d\u00e6mi\u00f0, munu\u00f0 \u00fe\u00e9r d\u00e6mdir, og me\u00f0 \u00feeim m\u00e6li, sem \u00fe\u00e9r m\u00e6li\u00f0, mun y\u00f0ur m\u00e6lt ver\u00f0a.3Hv\u00ed s\u00e9r \u00fe\u00fa fl\u00edsina \u00ed auga br\u00f3\u00f0ur \u00fe\u00edns, en tekur ekki eftir bj\u00e1lkanum \u00ed auga \u00fe\u00ednu?4E\u00f0a hvernig f\u00e6r \u00fe\u00fa sagt vi\u00f0 br\u00f3\u00f0ur \u00feinn: L\u00e1t mig draga fl\u00edsina \u00far auga \u00fe\u00e9r? Og \u00fe\u00f3 er bj\u00e1lki \u00ed auga sj\u00e1lfs \u00fe\u00edn.5Hr\u00e6snari, drag fyrst bj\u00e1lkann \u00far auga \u00fe\u00e9r, og \u00fe\u00e1 s\u00e9r\u00f0u gl\u00f6ggt til a\u00f0 draga fl\u00edsina \u00far auga br\u00f3\u00f0ur \u00fe\u00edns.6Gefi\u00f0 ekki hundum \u00fea\u00f0 sem heilagt er, og kasti\u00f0 eigi perlum y\u00f0ar fyrir sv\u00edn. \u00deau mundu tro\u00f0a <a href=\"https:\/\/biblian.is\/1981\/matteusargudspjall-7-kafli\/\"> [&#8230;]<\/a><\/p>\n","protected":false},"author":1,"featured_media":0,"parent":0,"menu_order":0,"comment_status":"open","ping_status":"open","template":"bibliukaflar.php","meta":{"footnotes":""},"class_list":["post-2283","page","type-page","status-publish","hentry"],"_links":{"self":[{"href":"https:\/\/biblian.is\/1981\/wp-json\/wp\/v2\/pages\/2283","targetHints":{"allow":["GET"]}}],"collection":[{"href":"https:\/\/biblian.is\/1981\/wp-json\/wp\/v2\/pages"}],"about":[{"href":"https:\/\/biblian.is\/1981\/wp-json\/wp\/v2\/types\/page"}],"author":[{"embeddable":true,"href":"https:\/\/biblian.is\/1981\/wp-json\/wp\/v2\/users\/1"}],"replies":[{"embeddable":true,"href":"https:\/\/biblian.is\/1981\/wp-json\/wp\/v2\/comments?post=2283"}],"version-history":[{"count":0,"href":"https:\/\/biblian.is\/1981\/wp-json\/wp\/v2\/pages\/2283\/revisions"}],"wp:attachment":[{"href":"https:\/\/biblian.is\/1981\/wp-json\/wp\/v2\/media?parent=2283"}],"curies":[{"name":"wp","href":"https:\/\/api.w.org\/{rel}","templated":true}]}}