{"id":2273,"date":"2017-11-18T20:21:05","date_gmt":"2017-11-18T20:21:05","guid":{"rendered":"http:\/\/biblian.is\/1981\/malaki-1-kafli\/"},"modified":"2021-06-06T11:03:45","modified_gmt":"2021-06-06T11:03:45","slug":"malaki-1-kafli","status":"publish","type":"page","link":"https:\/\/biblian.is\/1981\/malaki-1-kafli\/","title":{"rendered":"Malak\u00ed 1. kafli"},"content":{"rendered":"<p><a name=\"1\"><span class=\"versanumer\">1<\/span><\/a>Sp\u00e1d\u00f3mur. Or\u00f0 Drottins til \u00cdsraels fyrir munn Malak\u00ed.<a name=\"2\"><span class=\"versanumer\">2<\/span><\/a>\u00c9g elska y\u00f0ur, segir Drottinn. Og ef \u00fe\u00e9r spyrji\u00f0: Me\u00f0 hverju hefir \u00fe\u00fa s\u00fdnt \u00e1 oss k\u00e6rleika \u00feinn? \u00fe\u00e1 svarar Drottinn: Var ekki Esa\u00fa br\u00f3\u00f0ir Jakobs? En \u00e9g elska\u00f0i Jakob<a name=\"3\"><span class=\"versanumer\">3<\/span><\/a>og haf\u00f0i \u00f3beit \u00e1 Esa\u00fa, svo a\u00f0 \u00e9g gj\u00f6r\u00f0i fjallbygg\u00f0ir hans a\u00f0 au\u00f0n og f\u00e9kk ey\u00f0imerkursjak\u00f6lunum arfleif\u00f0 hans til eignar.<a name=\"4\"><span class=\"versanumer\">4<\/span><\/a>Ef Ed\u00f3m\u00edtar segja: V\u00e9r h\u00f6fum a\u00f0 v\u00edsu or\u00f0i\u00f0 fyrir ey\u00f0ingu, en v\u00e9r munum byggja upp aftur rofin! \u00fe\u00e1 segir Drottinn allsherjar svo: Byggi \u00feeir, en \u00e9g mun r\u00edfa ni\u00f0ur, svo a\u00f0 menn munu kalla \u00fe\u00e1 Gl\u00e6paland og L\u00fd\u00f0inn sem Drottinn er eil\u00edflega rei\u00f0ur.<a name=\"5\"><span class=\"versanumer\">5<\/span><\/a>\u00de\u00e9r munu\u00f0 sj\u00e1 \u00fea\u00f0 me\u00f0 eigin augum og \u00fe\u00e9r munu\u00f0 segja: Mikill er Drottinn langt \u00fat fyrir landam\u00e6ri \u00cdsraels.<a name=\"6\"><span class=\"versanumer\">6<\/span><\/a>Sonurinn skal hei\u00f0ra f\u00f6\u00f0ur sinn og \u00fer\u00e6llinn h\u00fasb\u00f3nda sinn. En s\u00e9 \u00e9g n\u00fa fa\u00f0ir, hvar er \u00fe\u00e1 hei\u00f0urinn sem m\u00e9r ber, og s\u00e9 \u00e9g h\u00fasb\u00f3ndi, hvar er \u00fe\u00e1 lotningin sem m\u00e9r ber? segir Drottinn allsherjar vi\u00f0 y\u00f0ur, \u00fe\u00e9r prestar, sem \u00f3vir\u00f0i\u00f0 nafn mitt. \u00de\u00e9r spyrji\u00f0: Me\u00f0 hverju \u00f3vir\u00f0um v\u00e9r nafn \u00feitt?<a name=\"7\"><span class=\"versanumer\">7<\/span><\/a>\u00de\u00e9r beri\u00f0 fram \u00f3hreina f\u00e6\u00f0u \u00e1 altari mitt. Og enn geti\u00f0 \u00fe\u00e9r spurt: Me\u00f0 hverju \u00f3s\u00e6mum v\u00e9r \u00feig? \u00fear sem \u00fe\u00e9r \u00fe\u00f3 segi\u00f0: Bor\u00f0 Drottins er l\u00edtils metandi!<a name=\"8\"><span class=\"versanumer\">8<\/span><\/a>Og \u00feegar \u00fe\u00e9r f\u00e6ri\u00f0 fram blinda skepnu til f\u00f3rnar, \u00fe\u00e1 kalli\u00f0 \u00fe\u00e9r \u00fea\u00f0 ekki saka, og \u00feegar \u00fe\u00e9r f\u00e6ri\u00f0 fram halta e\u00f0a sj\u00faka skepnu, \u00fe\u00e1 kalli\u00f0 \u00fe\u00e9r \u00fea\u00f0 ekki saka. F\u00e6r landstj\u00f3ra \u00fe\u00ednum \u00fea\u00f0, vit hvort honum ge\u00f0jast \u00fe\u00e1 vel a\u00f0 \u00fe\u00e9r e\u00f0a hvort hann tekur \u00fe\u00e9r vel! segir Drottinn allsherjar.<a name=\"9\"><span class=\"versanumer\">9<\/span><\/a>Og n\u00fa, bl\u00ed\u00f0ki\u00f0 Gu\u00f0, til \u00feess a\u00f0 hann s\u00fdni oss l\u00edknsemi. Y\u00f0ur er um \u00feetta a\u00f0 kenna. Getur hann \u00fe\u00e1 teki\u00f0 nokkrum y\u00f0ar vel? segir Drottinn allsherjar.<a name=\"10\"><span class=\"versanumer\">10<\/span><\/a>S\u00e6mra v\u00e6ri, a\u00f0 einhver y\u00f0ar loka\u00f0i musterisdyrunum, svo a\u00f0 \u00fe\u00e9r tendru\u00f0u\u00f0 ekki eld til \u00f3n\u00fdtis \u00e1 altari m\u00ednu. \u00c9g hefi enga vel\u00fe\u00f3knun \u00e1 y\u00f0ur segir Drottinn allsherjar, og \u00e9g girnist enga f\u00f3rnargj\u00f6f af y\u00f0ar hendi.<a name=\"11\"><span class=\"versanumer\">11<\/span><\/a>Fr\u00e1 uppr\u00e1s s\u00f3lar allt til ni\u00f0urg\u00f6ngu hennar er nafn mitt miki\u00f0 me\u00f0al \u00fej\u00f3\u00f0anna, og alls sta\u00f0ar er nafni m\u00ednu f\u00f3rna\u00f0 reykelsi og hreinni matf\u00f3rn, \u00fev\u00ed a\u00f0 nafn mitt er miki\u00f0 me\u00f0al \u00fej\u00f3\u00f0anna segir Drottinn allsherjar.<a name=\"12\"><span class=\"versanumer\">12<\/span><\/a>En \u00fe\u00e9r vanhelgi\u00f0 \u00fea\u00f0, me\u00f0 \u00fev\u00ed a\u00f0 \u00fe\u00e9r segi\u00f0: Bor\u00f0 Drottins er \u00f3hreint, og \u00fea\u00f0 sem af \u00fev\u00ed fellur oss til f\u00e6\u00f0slu, er einskis vert.<a name=\"13\"><span class=\"versanumer\">13<\/span><\/a>Og \u00fe\u00e9r segi\u00f0: Sj\u00e1, hv\u00edl\u00edk fyrirh\u00f6fn! og fyrirl\u00edti\u00f0 \u00fea\u00f0, segir Drottinn allsherjar, og \u00fe\u00e9r f\u00e6ri\u00f0 fram \u00fea\u00f0 sem r\u00e6nt er og \u00fea\u00f0 sem halt er og \u00fea\u00f0 sem sj\u00fakt er og f\u00e6ri\u00f0 \u00fea\u00f0 \u00ed f\u00f3rn. \u00c6tti \u00e9g a\u00f0 girnast sl\u00edkt af y\u00f0ar hendi? segir Drottinn.<a name=\"14\"><span class=\"versanumer\">14<\/span><\/a>B\u00f6lva\u00f0ir veri \u00feeir svikarar, er eiga hvatan f\u00e9na\u00f0 \u00ed hj\u00f6r\u00f0 sinni og gj\u00f6ra heit, en f\u00f3rna s\u00ed\u00f0an Drottni g\u00f6llu\u00f0u berf\u00e9! \u00dev\u00ed a\u00f0 \u00e9g er mikill konungur, segir Drottinn allsherjar, og menn \u00f3ttast nafn mitt me\u00f0al hei\u00f0ingjanna.<\/p>\n<div class=\"footnote1981\"><b>1.1<\/b> Bo\u00f0skapur Jes 13.1+<br \/>\n<b>1.2<\/b> \u00c9g elska ykkur 5M\u00f3s 4.37 \u2013 Esa\u00fa (Ed\u00f3m) og Jakob (\u00cdsrael) 1M\u00f3s 25.29-34; 36.8; 1Kon 11.15; Jer 49.17; Esk 25.12-14; Jl 4.19; Am 1.11-12; \u00d3b 21; Slm 137.7<br \/>\n<b>1.3<\/b> Jakob \u00fatvalinn 1M\u00f3s 27; R\u00f3m 9.13 (sj\u00e1 vers 6-16)<br \/>\n<b>1.4<\/b> Byggja upp aftur Jes 9.9-10<br \/>\n<b>1.6<\/b> Hei\u00f0ra f\u00f6\u00f0ur sinn 2M\u00f3s 20.12<br \/>\n<b>1.9<\/b> Milda Gu\u00f0 Sak 7.2+<br \/>\n<b>1.10<\/b> F\u00e1n\u00fdti f\u00f3rna Jer 6.20, Am 5.21-25+<br \/>\n<b>1.11<\/b> F\u00f3rnir \u00fej\u00f3\u00f0anna Sef 3.9-10<br \/>\n<b>1.12<\/b> \u00dei\u00f0 vanhelgi\u00f0 Esk 36.22<br \/>\n<b>1.13<\/b> Hv\u00edl\u00edk fyrirh\u00f6fn sbr 5M\u00f3s 14.26; 16.14-15<br \/>\n<b>1.14<\/b> Drottinn, mikill konungur Slm 47.3+ &#8211; nafn Drottins mikilsvirt me\u00f0al \u00fej\u00f3\u00f0anna Jes 59.19+ ; Slm 102.16<\/div>\n","protected":false},"excerpt":{"rendered":"<p>1Sp\u00e1d\u00f3mur. Or\u00f0 Drottins til \u00cdsraels fyrir munn Malak\u00ed.2\u00c9g elska y\u00f0ur, segir Drottinn. Og ef \u00fe\u00e9r spyrji\u00f0: Me\u00f0 hverju hefir \u00fe\u00fa s\u00fdnt \u00e1 oss k\u00e6rleika \u00feinn? \u00fe\u00e1 svarar Drottinn: Var ekki Esa\u00fa br\u00f3\u00f0ir Jakobs? En \u00e9g elska\u00f0i Jakob3og haf\u00f0i \u00f3beit \u00e1 Esa\u00fa, svo a\u00f0 \u00e9g gj\u00f6r\u00f0i fjallbygg\u00f0ir hans a\u00f0 au\u00f0n og f\u00e9kk ey\u00f0imerkursjak\u00f6lunum arfleif\u00f0 hans til eignar.4Ef Ed\u00f3m\u00edtar segja: V\u00e9r h\u00f6fum a\u00f0 v\u00edsu or\u00f0i\u00f0 fyrir ey\u00f0ingu, en v\u00e9r munum byggja upp aftur rofin! \u00fe\u00e1 segir Drottinn allsherjar svo: Byggi \u00feeir, en \u00e9g mun r\u00edfa ni\u00f0ur, svo a\u00f0 menn munu kalla \u00fe\u00e1 Gl\u00e6paland og L\u00fd\u00f0inn sem Drottinn er eil\u00edflega rei\u00f0ur.5\u00de\u00e9r munu\u00f0 sj\u00e1 <a href=\"https:\/\/biblian.is\/1981\/malaki-1-kafli\/\"> [&#8230;]<\/a><\/p>\n","protected":false},"author":1,"featured_media":0,"parent":0,"menu_order":0,"comment_status":"open","ping_status":"open","template":"bibliukaflar.php","meta":{"footnotes":""},"class_list":["post-2273","page","type-page","status-publish","hentry"],"_links":{"self":[{"href":"https:\/\/biblian.is\/1981\/wp-json\/wp\/v2\/pages\/2273","targetHints":{"allow":["GET"]}}],"collection":[{"href":"https:\/\/biblian.is\/1981\/wp-json\/wp\/v2\/pages"}],"about":[{"href":"https:\/\/biblian.is\/1981\/wp-json\/wp\/v2\/types\/page"}],"author":[{"embeddable":true,"href":"https:\/\/biblian.is\/1981\/wp-json\/wp\/v2\/users\/1"}],"replies":[{"embeddable":true,"href":"https:\/\/biblian.is\/1981\/wp-json\/wp\/v2\/comments?post=2273"}],"version-history":[{"count":0,"href":"https:\/\/biblian.is\/1981\/wp-json\/wp\/v2\/pages\/2273\/revisions"}],"wp:attachment":[{"href":"https:\/\/biblian.is\/1981\/wp-json\/wp\/v2\/media?parent=2273"}],"curies":[{"name":"wp","href":"https:\/\/api.w.org\/{rel}","templated":true}]}}