{"id":2262,"date":"2017-11-18T20:20:58","date_gmt":"2017-11-18T20:20:58","guid":{"rendered":"http:\/\/biblian.is\/1981\/sakaria-4-kafli\/"},"modified":"2021-06-06T11:05:47","modified_gmt":"2021-06-06T11:05:47","slug":"sakaria-4-kafli","status":"publish","type":"page","link":"https:\/\/biblian.is\/1981\/sakaria-4-kafli\/","title":{"rendered":"Sakar\u00eda 4. kafli"},"content":{"rendered":"<p><a name=\"1\"><span class=\"versanumer\">1<\/span><\/a>\u00de\u00e1 vakti engillinn, er vi\u00f0 mig tala\u00f0i, mig aftur, eins og \u00feegar ma\u00f0ur er vakinn af svefni,<a name=\"2\"><span class=\"versanumer\">2<\/span><\/a>og sag\u00f0i vi\u00f0 mig: Hva\u00f0 s\u00e9r \u00fe\u00fa? \u00c9g svara\u00f0i: \u00c9g s\u00e9 lj\u00f3sastiku, og er \u00f6ll af gulli. Ofan \u00e1 henni er ol\u00edusk\u00e1l og \u00e1 henni eru sj\u00f6 lampar og sj\u00f6 p\u00edpur fyrir lampana.<a name=\"3\"><span class=\"versanumer\">3<\/span><\/a>Og hj\u00e1 lj\u00f3sastikunni standa tv\u00f6 ol\u00edutr\u00e9, anna\u00f0 h\u00e6gra megin vi\u00f0 ol\u00edusk\u00e1lina, hitt vinstra megin.<a name=\"4\"><span class=\"versanumer\">4<\/span><\/a>\u00de\u00e1 t\u00f3k \u00e9g til m\u00e1ls og sag\u00f0i vi\u00f0 engilinn, sem vi\u00f0 mig tala\u00f0i: Hva\u00f0 merkir \u00feetta, herra minn?<a name=\"5\"><span class=\"versanumer\">5<\/span><\/a>Og engillinn, sem vi\u00f0 mig tala\u00f0i, svara\u00f0i og sag\u00f0i vi\u00f0 mig: Veistu ekki, hva\u00f0 \u00feetta merkir? \u00c9g svara\u00f0i: Nei, herra minn!<a name=\"6\"><span class=\"versanumer\">6<\/span><\/a>\u00de\u00e1 t\u00f3k hann til m\u00e1ls og sag\u00f0i vi\u00f0 mig: \u00deetta eru or\u00f0 Drottins til Ser\u00fababels: Ekki me\u00f0 valdi n\u00e9 krafti, heldur fyrir anda minn! segir Drottinn allsherjar.<a name=\"7\"><span class=\"versanumer\">7<\/span><\/a>Hver ert \u00fe\u00fa, st\u00f3ra fjall? Fyrir Ser\u00fababel skalt \u00fe\u00fa ver\u00f0a a\u00f0 sl\u00e9ttu. Og hann mun f\u00e6ra \u00fat hornsteininn, og \u00fe\u00e1 munu kve\u00f0a vi\u00f0 fagna\u00f0ar\u00f3p: D\u00fdrlegur, d\u00fdrlegur er hann!<a name=\"8\"><span class=\"versanumer\">8<\/span><\/a>Og or\u00f0 Drottins kom til m\u00edn, svo hlj\u00f3\u00f0andi:<a name=\"9\"><span class=\"versanumer\">9<\/span><\/a>Hendur Ser\u00fababels hafa lagt grundv\u00f6ll \u00feessa h\u00fass, hendur hans munu og fullgj\u00f6ra \u00fea\u00f0. Og \u00fe\u00e1 skaltu vi\u00f0urkenna, a\u00f0 Drottinn allsherjar hefir sent mig til y\u00f0ar.<a name=\"10\"><span class=\"versanumer\">10<\/span><\/a>\u00dev\u00ed a\u00f0 allir \u00feeir, sem l\u00edtilsvir\u00f0a \u00feessa litlu byrjun, munu horfa fagnandi \u00e1 bl\u00fdl\u00f3\u00f0i\u00f0 \u00ed hendi Ser\u00fababels. \u00deessir sj\u00f6 lampar eru augu Drottins, sem l\u00edta yfir gj\u00f6rvalla j\u00f6r\u00f0ina.<a name=\"11\"><span class=\"versanumer\">11<\/span><\/a>\u00de\u00e1 t\u00f3k \u00e9g til m\u00e1ls og sag\u00f0i vi\u00f0 hann: Hva\u00f0 merkja \u00feessi tv\u00f6 ol\u00edutr\u00e9, h\u00e6gra og vinstra megin lj\u00f3sastikunnar?<a name=\"12\"><span class=\"versanumer\">12<\/span><\/a>Og \u00e9g t\u00f3k anna\u00f0 sinn til m\u00e1ls og sag\u00f0i vi\u00f0 hann: Hva\u00f0 merkja \u00fe\u00e6r tv\u00e6r ol\u00eduvi\u00f0argreinar, sem eru vi\u00f0 hli\u00f0ina \u00e1 \u00feeim tveimur gullp\u00edpum, sem l\u00e1ta ol\u00edfuol\u00edu streyma \u00fat \u00far s\u00e9r?<a name=\"13\"><span class=\"versanumer\">13<\/span><\/a>\u00de\u00e1 sag\u00f0i hann vi\u00f0 mig: Veistu ekki, hva\u00f0 \u00fe\u00e6r merkja? \u00c9g svara\u00f0i: Nei, herra minn!<a name=\"14\"><span class=\"versanumer\">14<\/span><\/a>\u00de\u00e1 sag\u00f0i hann: \u00dea\u00f0 eru \u00feeir tveir smur\u00f0u, er standa frammi fyrir Drottni gj\u00f6rvallrar jar\u00f0arinnar.<\/p>\n<div class=\"footnote1981\"><b>4.2<\/b> Hva\u00f0 s\u00e9r\u00f0u? Sak 5.2; Jer 1.11-13; Am 7.8; 8.2 \u2013 lj\u00f3sastika 2M\u00f3s 25.31; 1Kon 7.49; Opb 2.1<br \/>\n<b>4.6<\/b> Ser\u00fababel Hag 1.1+ &#8211; ekki me\u00f0 valdi n\u00e9 krafti 1Sam 17.47; Jes 31.1; H\u00f3s 1.7; Slm 20.8; 33.16<br \/>\n<b>4.7<\/b> Hornsteinn Jes 28.16; 1P\u00e9t 2.4<br \/>\n<b>4.9<\/b> Hlutverk Sakar\u00eda Sak 2.12+<br \/>\n<b>4.10<\/b> Sm\u00e1 verk Hag 2.3-5<br \/>\n<b>4.14<\/b> Drottinn gj\u00f6rvallrar jar\u00f0ar Sak 6.5; Opb 11.4<\/div>\n","protected":false},"excerpt":{"rendered":"<p>1\u00de\u00e1 vakti engillinn, er vi\u00f0 mig tala\u00f0i, mig aftur, eins og \u00feegar ma\u00f0ur er vakinn af svefni,2og sag\u00f0i vi\u00f0 mig: Hva\u00f0 s\u00e9r \u00fe\u00fa? \u00c9g svara\u00f0i: \u00c9g s\u00e9 lj\u00f3sastiku, og er \u00f6ll af gulli. Ofan \u00e1 henni er ol\u00edusk\u00e1l og \u00e1 henni eru sj\u00f6 lampar og sj\u00f6 p\u00edpur fyrir lampana.3Og hj\u00e1 lj\u00f3sastikunni standa tv\u00f6 ol\u00edutr\u00e9, anna\u00f0 h\u00e6gra megin vi\u00f0 ol\u00edusk\u00e1lina, hitt vinstra megin.4\u00de\u00e1 t\u00f3k \u00e9g til m\u00e1ls og sag\u00f0i vi\u00f0 engilinn, sem vi\u00f0 mig tala\u00f0i: Hva\u00f0 merkir \u00feetta, herra minn?5Og engillinn, sem vi\u00f0 mig tala\u00f0i, svara\u00f0i og sag\u00f0i vi\u00f0 mig: Veistu ekki, hva\u00f0 \u00feetta merkir? \u00c9g svara\u00f0i: Nei, herra minn!6\u00de\u00e1 t\u00f3k <a href=\"https:\/\/biblian.is\/1981\/sakaria-4-kafli\/\"> [&#8230;]<\/a><\/p>\n","protected":false},"author":1,"featured_media":0,"parent":0,"menu_order":0,"comment_status":"open","ping_status":"open","template":"bibliukaflar.php","meta":{"footnotes":""},"class_list":["post-2262","page","type-page","status-publish","hentry"],"_links":{"self":[{"href":"https:\/\/biblian.is\/1981\/wp-json\/wp\/v2\/pages\/2262","targetHints":{"allow":["GET"]}}],"collection":[{"href":"https:\/\/biblian.is\/1981\/wp-json\/wp\/v2\/pages"}],"about":[{"href":"https:\/\/biblian.is\/1981\/wp-json\/wp\/v2\/types\/page"}],"author":[{"embeddable":true,"href":"https:\/\/biblian.is\/1981\/wp-json\/wp\/v2\/users\/1"}],"replies":[{"embeddable":true,"href":"https:\/\/biblian.is\/1981\/wp-json\/wp\/v2\/comments?post=2262"}],"version-history":[{"count":0,"href":"https:\/\/biblian.is\/1981\/wp-json\/wp\/v2\/pages\/2262\/revisions"}],"wp:attachment":[{"href":"https:\/\/biblian.is\/1981\/wp-json\/wp\/v2\/media?parent=2262"}],"curies":[{"name":"wp","href":"https:\/\/api.w.org\/{rel}","templated":true}]}}