{"id":2250,"date":"2017-11-18T20:20:58","date_gmt":"2017-11-18T20:20:58","guid":{"rendered":"http:\/\/biblian.is\/1981\/nahum-3-kafli\/"},"modified":"2021-06-06T11:04:05","modified_gmt":"2021-06-06T11:04:05","slug":"nahum-3-kafli","status":"publish","type":"page","link":"https:\/\/biblian.is\/1981\/nahum-3-kafli\/","title":{"rendered":"Nah\u00fam 3. kafli"},"content":{"rendered":"<p><a name=\"1\"><span class=\"versanumer\">1<\/span><\/a>Vei hinni bl\u00f3\u00f0seku borg, sem \u00f6ll er full af lygum og ofr\u00edki og aldrei h\u00e6ttir a\u00f0 r\u00e6na.<a name=\"2\"><span class=\"versanumer\">2<\/span><\/a>Heyr, svipusmellir! Heyr, hj\u00f3laskr\u00f6lt! Hestar st\u00f6kkva, vagnar \u00fej\u00f3ta!<a name=\"3\"><span class=\"versanumer\">3<\/span><\/a>Riddarar geisa fram! Blikandi sver\u00f0, leiftrandi spj\u00f3t! Fj\u00f6ldi valfallinna manna og aragr\u00fai af l\u00edkum, mannab\u00fakarnir eru \u00f3teljandi, \u00feeir hrasa um b\u00fakana.<a name=\"4\"><span class=\"versanumer\">4<\/span><\/a>Vegna hins mikla lausl\u00e6tis sk\u00e6kjunnar, hinnar f\u00f6gru og fj\u00f6lkunnugu, sem v\u00e9la\u00f0i \u00fej\u00f3\u00f0ir me\u00f0 lausl\u00e6ti s\u00ednu og kynstofna me\u00f0 t\u00f6frum s\u00ednum,<a name=\"5\"><span class=\"versanumer\">5<\/span><\/a>sj\u00e1, \u00e9g r\u00eds \u00ed gegn \u00fe\u00e9r segir Drottinn allsherjar og \u00e9g vil breg\u00f0a kl\u00e6\u00f0afaldi \u00fe\u00ednum upp a\u00f0 framan og s\u00fdna \u00fej\u00f3\u00f0unum nekt \u00fe\u00edna og konungsr\u00edkjunum blyg\u00f0an \u00fe\u00edna.<a name=\"6\"><span class=\"versanumer\">6<\/span><\/a>\u00c9g skal kasta \u00e1 \u00feig saur og sv\u00edvir\u00f0a \u00feig og l\u00e1ta \u00feig ver\u00f0a \u00f6\u00f0rum a\u00f0 varna\u00f0arv\u00edti,<a name=\"7\"><span class=\"versanumer\">7<\/span><\/a>svo a\u00f0 allir sem sj\u00e1 \u00feig, skulu fl\u00fdja fr\u00e1 \u00fe\u00e9r og segja: N\u00edn\u00edve er \u00ed ey\u00f0i l\u00f6g\u00f0! Hver mun aumka hana? Hvar \u00e1 \u00e9g a\u00f0 leita \u00feeirra, sem vilji hugga \u00feig?<a name=\"8\"><span class=\"versanumer\">8<\/span><\/a>Ert \u00fe\u00fa, N\u00edn\u00edve, betri en N\u00f3-Ammon, sem l\u00e1 vi\u00f0 N\u00edlkv\u00edslarnar, umkringd af v\u00f6tnum, sem haf\u00f0i flj\u00f3t a\u00f0 varnarvirki, flj\u00f3t a\u00f0 m\u00farvegg?<a name=\"9\"><span class=\"versanumer\">9<\/span><\/a>Bl\u00e1lendingar voru styrkur hennar og \u00f3teljandi Egyptar, P\u00fatmenn og L\u00edb\u00fdumenn voru hj\u00e1lparli\u00f0 hennar.<a name=\"10\"><span class=\"versanumer\">10<\/span><\/a>Og \u00fe\u00f3 var\u00f0 h\u00fan a\u00f0 fara \u00ed \u00fatleg\u00f0, fara burt hernumin. Ungb\u00f6rn hennar voru og rotu\u00f0 til dau\u00f0a \u00e1 \u00f6llum str\u00e6tam\u00f3tum. Hlutum var kasta\u00f0 um hina g\u00f6fugustu menn \u00ed borginni og \u00f6ll st\u00f3rmenni hennar voru fj\u00f6trum reyr\u00f0.<a name=\"11\"><span class=\"versanumer\">11<\/span><\/a>Einnig \u00fe\u00fa skalt drukkin ver\u00f0a og \u00fe\u00e9r sortna fyrir augum, \u00fe\u00fa skalt og leita h\u00e6lis fyrir \u00f3vinunum.<a name=\"12\"><span class=\"versanumer\">12<\/span><\/a>\u00d6ll varnarvirki \u00fe\u00edn eru sem f\u00edkjutr\u00e9 me\u00f0 \u00e1rf\u00edkjum. S\u00e9u \u00feau skekin, falla f\u00edkjurnar \u00feeim \u00ed munn, sem \u00fe\u00e6r vill eta.<a name=\"13\"><span class=\"versanumer\">13<\/span><\/a>Sj\u00e1, hermenn \u00fe\u00ednir eru or\u00f0nir a\u00f0 konum landshli\u00f0um \u00fe\u00ednum hefir veri\u00f0 loki\u00f0 upp fyrir \u00f3vinum \u00fe\u00ednum, eldur ey\u00f0ir slagbr\u00f6ndum \u00fe\u00ednum.<a name=\"14\"><span class=\"versanumer\">14<\/span><\/a>Aus vatni til \u00feess a\u00f0 hafa me\u00f0an \u00e1 ums\u00e1tinni stendur! Umb\u00e6t varnarvirki \u00fe\u00edn! Gakk \u00fat \u00ed deigulm\u00f3inn og tro\u00f0 leirinn, gr\u00edp til tiglm\u00f3tanna!<a name=\"15\"><span class=\"versanumer\">15<\/span><\/a>\u00dear skal eldurinn ey\u00f0a \u00fe\u00e9r, sver\u00f0i\u00f0 uppr\u00e6ta \u00feig. Hann skal ey\u00f0a \u00fe\u00e9r eins og engisprettur, og \u00fea\u00f0 \u00fe\u00f3tt \u00fe\u00e9r fj\u00f6lgi eins og grasv\u00f6rgum, \u00fe\u00f3tt \u00fe\u00e9r fj\u00f6lgi eins og \u00e1tv\u00f6rgum.<a name=\"16\"><span class=\"versanumer\">16<\/span><\/a>Kaupmenn \u00fe\u00ednir eru fleiri en stj\u00f6rnurnar \u00e1 himninum, en grasvargarnir skipta h\u00f6mum og flj\u00faga burt.<a name=\"17\"><span class=\"versanumer\">17<\/span><\/a>H\u00f6f\u00f0ingjar \u00fe\u00ednir eru eins og \u00e1tvargar, herforingjar \u00fe\u00ednir eins og s\u00e6gur af engisprettum, er liggja \u00e1 akurger\u00f0unum \u00feegar kalt er. \u00deegar s\u00f3lin kemur upp, flj\u00faga \u00fe\u00e6r burt, enginn veit hva\u00f0 af \u00feeim ver\u00f0ur.<a name=\"18\"><span class=\"versanumer\">18<\/span><\/a>Hir\u00f0ar \u00fe\u00ednir blunda, Ass\u00fdr\u00edukonungur, tignarmenn \u00fe\u00ednir sofa. Menn \u00fe\u00ednir eru \u00e1 v\u00ed\u00f0 og dreif um fj\u00f6llin, og enginn safnar \u00feeim saman.<a name=\"19\"><span class=\"versanumer\">19<\/span><\/a>Engin sv\u00edun f\u00e6st vi\u00f0 meini \u00fe\u00ednu, s\u00e1r \u00feitt er \u00f3l\u00e6knandi. Allir \u00feeir sem heyra fregnina um \u00feig, klappa lof \u00ed l\u00f3fa, \u00fev\u00ed a\u00f0 hver er s\u00e1, a\u00f0 eigi hafi vonska \u00fe\u00edn gengi\u00f0 yfir hann \u00e1n afl\u00e1ts?<\/p>\n<div class=\"footnote1981\"><b>3.1<\/b> Bl\u00f3\u00f0sek borg Esk 22.2-3; 24.6-9; Hab 2.12<br \/>\n<b>3.4<\/b> Sk\u00e6kja Opb 17.1-18.3 \u2013 v\u00e9la\u00f0i \u00fej\u00f3\u00f0ir Opb 19.2<br \/>\n<b>3.5<\/b> Vitja \u00fe\u00edn Neh 2.14+ &#8211; s\u00fdna nekt s\u00edna Jes 47.2-3; Jer 13.22,26; Esk 16.37-39; H\u00f3s 2.5; Opb 17.16<br \/>\n<b>3.7<\/b> N\u00edn\u00edve \u00ed ey\u00f0i Nah 2.4+ &#8211; hver aumkar hana? Jer 15.5 \u2013 enginn vill hugga Jes 51.19; Sl 69.21; Hlj 1.2,9<br \/>\n<b>3.9<\/b> E\u00fe\u00ed\u00f3p\u00edumenn og Egyptar Jes 20.5 \u2013 P\u00fatmenn Jer 46.9; Esk 27.10; 30.5 \u2013 L\u00edb\u00fdumenn Dan 11.43; 2Kro 16.8<br \/>\n<b>3.10<\/b> \u00datleg\u00f0 Egypta Jes 20.4 hlutkesti varpa\u00f0 um fanga Jl 4.3, \u00d3b 11<br \/>\n<b>3.11<\/b> \u00d6lvun Jer 25.15+<br \/>\n<b>3.15<\/b> Eins og engisprettufaraldur D\u00f3m 7.12; Jer 46.23; Jl 2.2<br \/>\n<b>3.18<\/b> Tv\u00edstrast 4M\u00f3s 27.17; Sak 13.7; Matt 18.12<br \/>\n<b>3.19<\/b> \u00d3l\u00e6knandi s\u00e1r Jer 10.19; 30.12<\/div>\n","protected":false},"excerpt":{"rendered":"<p>1Vei hinni bl\u00f3\u00f0seku borg, sem \u00f6ll er full af lygum og ofr\u00edki og aldrei h\u00e6ttir a\u00f0 r\u00e6na.2Heyr, svipusmellir! Heyr, hj\u00f3laskr\u00f6lt! Hestar st\u00f6kkva, vagnar \u00fej\u00f3ta!3Riddarar geisa fram! Blikandi sver\u00f0, leiftrandi spj\u00f3t! Fj\u00f6ldi valfallinna manna og aragr\u00fai af l\u00edkum, mannab\u00fakarnir eru \u00f3teljandi, \u00feeir hrasa um b\u00fakana.4Vegna hins mikla lausl\u00e6tis sk\u00e6kjunnar, hinnar f\u00f6gru og fj\u00f6lkunnugu, sem v\u00e9la\u00f0i \u00fej\u00f3\u00f0ir me\u00f0 lausl\u00e6ti s\u00ednu og kynstofna me\u00f0 t\u00f6frum s\u00ednum,5sj\u00e1, \u00e9g r\u00eds \u00ed gegn \u00fe\u00e9r segir Drottinn allsherjar og \u00e9g vil breg\u00f0a kl\u00e6\u00f0afaldi \u00fe\u00ednum upp a\u00f0 framan og s\u00fdna \u00fej\u00f3\u00f0unum nekt \u00fe\u00edna og konungsr\u00edkjunum blyg\u00f0an \u00fe\u00edna.6\u00c9g skal kasta \u00e1 \u00feig saur og sv\u00edvir\u00f0a \u00feig og l\u00e1ta \u00feig <a href=\"https:\/\/biblian.is\/1981\/nahum-3-kafli\/\"> [&#8230;]<\/a><\/p>\n","protected":false},"author":1,"featured_media":0,"parent":0,"menu_order":0,"comment_status":"open","ping_status":"open","template":"bibliukaflar.php","meta":{"footnotes":""},"class_list":["post-2250","page","type-page","status-publish","hentry"],"_links":{"self":[{"href":"https:\/\/biblian.is\/1981\/wp-json\/wp\/v2\/pages\/2250","targetHints":{"allow":["GET"]}}],"collection":[{"href":"https:\/\/biblian.is\/1981\/wp-json\/wp\/v2\/pages"}],"about":[{"href":"https:\/\/biblian.is\/1981\/wp-json\/wp\/v2\/types\/page"}],"author":[{"embeddable":true,"href":"https:\/\/biblian.is\/1981\/wp-json\/wp\/v2\/users\/1"}],"replies":[{"embeddable":true,"href":"https:\/\/biblian.is\/1981\/wp-json\/wp\/v2\/comments?post=2250"}],"version-history":[{"count":0,"href":"https:\/\/biblian.is\/1981\/wp-json\/wp\/v2\/pages\/2250\/revisions"}],"wp:attachment":[{"href":"https:\/\/biblian.is\/1981\/wp-json\/wp\/v2\/media?parent=2250"}],"curies":[{"name":"wp","href":"https:\/\/api.w.org\/{rel}","templated":true}]}}