{"id":2249,"date":"2017-11-18T20:20:58","date_gmt":"2017-11-18T20:20:58","guid":{"rendered":"http:\/\/biblian.is\/1981\/nahum-2-kafli\/"},"modified":"2021-06-06T11:04:05","modified_gmt":"2021-06-06T11:04:05","slug":"nahum-2-kafli","status":"publish","type":"page","link":"https:\/\/biblian.is\/1981\/nahum-2-kafli\/","title":{"rendered":"Nah\u00fam 2. kafli"},"content":{"rendered":"<p><a name=\"1\"><span class=\"versanumer\">1<\/span><\/a>\u00d3fri\u00f0arma\u00f0urinn fer \u00ed m\u00f3ti \u00fe\u00e9r, N\u00edn\u00edve: G\u00e6t v\u00edgisins! Horf nj\u00f3snaraugum \u00fat \u00e1 veginn, styrk lendarnar, safna \u00f6llum styrkleika \u00fe\u00ednum,<a name=\"2\"><span class=\"versanumer\">2<\/span><\/a>\u00fev\u00ed a\u00f0 Drottinn reisir aftur vi\u00f0 tign Jakobs eins og tign \u00cdsraels, \u00fev\u00ed a\u00f0 r\u00e6ningjar hafa r\u00e6nt \u00fe\u00e1 og skemmt gr\u00f3\u00f0urkvistu \u00feeirra.<a name=\"3\"><span class=\"versanumer\">3<\/span><\/a>Skildir kappa hans eru rau\u00f0lita\u00f0ir, hermennirnir kl\u00e6ddir skarlatskl\u00e6\u00f0um. Vagnarnir gl\u00f3a af st\u00e1li \u00feann dag, er hann \u00fatb\u00fdr \u00fe\u00e1, og lensunum ver\u00f0ur sveifla\u00f0.<a name=\"4\"><span class=\"versanumer\">4<\/span><\/a>Vagnarnir geisa \u00e1 str\u00e6tunum, \u00feeytast um torgin, \u00feeir eru til a\u00f0 sj\u00e1 sem blys, \u00feeir \u00fej\u00f3ta \u00e1fram sem eldingar.<a name=\"5\"><span class=\"versanumer\">5<\/span><\/a>Konungurinn heitir \u00fe\u00e1 \u00e1 tignarmenn s\u00edna: \u00deeir hrasa \u00e1 g\u00f6ngu sinni, \u00feeir fl\u00fdta s\u00e9r a\u00f0 m\u00farnum, en \u00feegar er v\u00edg\u00feak reist.<a name=\"6\"><span class=\"versanumer\">6<\/span><\/a>Hli\u00f0unum vi\u00f0 flj\u00f3ti\u00f0 er loki\u00f0 upp og konungsh\u00f6llin kemst \u00ed uppn\u00e1m.<a name=\"7\"><span class=\"versanumer\">7<\/span><\/a>Og drottningin ver\u00f0ur flett kl\u00e6\u00f0um og flutt burt, og \u00feernur hennar munu andvarpa, l\u00edkast \u00fev\u00ed sem d\u00fafur kurri, og berja s\u00e9r \u00e1 brj\u00f3st.<a name=\"8\"><span class=\"versanumer\">8<\/span><\/a>N\u00edn\u00edve hefir veri\u00f0 sem vatnstj\u00f6rn fr\u00e1 upphafi vega sinna. En \u00feeir fl\u00fdja. Standi\u00f0 vi\u00f0, standi\u00f0 vi\u00f0! en enginn l\u00edtur vi\u00f0.<a name=\"9\"><span class=\"versanumer\">9<\/span><\/a>R\u00e6ni\u00f0 silfri, r\u00e6ni\u00f0 gulli! \u00dev\u00ed a\u00f0 h\u00e9r er \u00f3\u00ferj\u00f3tandi for\u00f0i, \u00f3grynni af alls konar d\u00fdrum munum.<a name=\"10\"><span class=\"versanumer\">10<\/span><\/a>Au\u00f0n, gj\u00f6rau\u00f0n og aley\u00f0ing, huglaus hj\u00f6rtu, ri\u00f0andi kn\u00e9 og skj\u00e1lfti \u00ed \u00f6llum mj\u00f6\u00f0mum, og allra andlit blikna.<a name=\"11\"><span class=\"versanumer\">11<\/span><\/a>Hvar er n\u00fa b\u00e6li lj\u00f3nanna, \u00e1tthagar unglj\u00f3nanna, \u00fear sem lj\u00f3ni\u00f0 gekk og lj\u00f3nynjan og lj\u00f3nshvolpurinn, \u00e1n \u00feess a\u00f0 nokkur stygg\u00f0i \u00feau?<a name=\"12\"><span class=\"versanumer\">12<\/span><\/a>Lj\u00f3ni\u00f0 reif sundur, \u00fear til er hvolpar \u00feess h\u00f6f\u00f0u fengi\u00f0 n\u00e6gju s\u00edna, og drap ni\u00f0ur handa lj\u00f3nynjum s\u00ednum, fyllti hella s\u00edna br\u00e1\u00f0 og b\u00e6li s\u00edn r\u00e1nsfeng.<a name=\"13\"><span class=\"versanumer\">13<\/span><\/a>Sj\u00e1, \u00e9g r\u00eds \u00ed gegn \u00fe\u00e9r segir Drottinn allsherjar og l\u00e6t vagna \u00fe\u00edna b\u00e1last upp \u00ed reyk, og sver\u00f0i\u00f0 skal eta unglj\u00f3n \u00fe\u00edn. Og \u00e9g ey\u00f0i herfangi \u00fe\u00ednu af j\u00f6r\u00f0inni, og raust sendibo\u00f0a \u00feinna skal ekki framar heyrast.<\/p>\n<div class=\"footnote1981\"><b>2.1<\/b> Fagna\u00f0arbo\u00f0i Jes 52.7 \u2013 efna heit 4M\u00f3s 30.3<br \/>\n<b>2.2<\/b> \u00c1r\u00e1s Jes 21.2<br \/>\n<b>2.3<\/b> Drottinn reisir vi\u00f0 Sef 3.14-20; Slm 80.15; 90.13; T\u00f3b 13.6 \u2013 s\u00e6md Jakobs sbr Jes 4.2; R\u00f3m 2.17 \u2013 v\u00ednvi\u00f0ur Jes 5.1-7 \u2013 r\u00e6ndir Slm 80.13-17<br \/>\n<b>2.4<\/b> Fall N\u00edn\u00edve Sef 2.13-15<br \/>\n<b>2.14<\/b> \u00de\u00edn vitja \u00e9g Nah 3.5; Jer 21.13; Esk 26.3; 28.22 \u2013 ey\u00f0i r\u00e1nsfeng Jer 51.13; Esk 19.8-9<\/div>\n","protected":false},"excerpt":{"rendered":"<p>1\u00d3fri\u00f0arma\u00f0urinn fer \u00ed m\u00f3ti \u00fe\u00e9r, N\u00edn\u00edve: G\u00e6t v\u00edgisins! Horf nj\u00f3snaraugum \u00fat \u00e1 veginn, styrk lendarnar, safna \u00f6llum styrkleika \u00fe\u00ednum,2\u00fev\u00ed a\u00f0 Drottinn reisir aftur vi\u00f0 tign Jakobs eins og tign \u00cdsraels, \u00fev\u00ed a\u00f0 r\u00e6ningjar hafa r\u00e6nt \u00fe\u00e1 og skemmt gr\u00f3\u00f0urkvistu \u00feeirra.3Skildir kappa hans eru rau\u00f0lita\u00f0ir, hermennirnir kl\u00e6ddir skarlatskl\u00e6\u00f0um. Vagnarnir gl\u00f3a af st\u00e1li \u00feann dag, er hann \u00fatb\u00fdr \u00fe\u00e1, og lensunum ver\u00f0ur sveifla\u00f0.4Vagnarnir geisa \u00e1 str\u00e6tunum, \u00feeytast um torgin, \u00feeir eru til a\u00f0 sj\u00e1 sem blys, \u00feeir \u00fej\u00f3ta \u00e1fram sem eldingar.5Konungurinn heitir \u00fe\u00e1 \u00e1 tignarmenn s\u00edna: \u00deeir hrasa \u00e1 g\u00f6ngu sinni, \u00feeir fl\u00fdta s\u00e9r a\u00f0 m\u00farnum, en \u00feegar er v\u00edg\u00feak reist.6Hli\u00f0unum vi\u00f0 <a href=\"https:\/\/biblian.is\/1981\/nahum-2-kafli\/\"> [&#8230;]<\/a><\/p>\n","protected":false},"author":1,"featured_media":0,"parent":0,"menu_order":0,"comment_status":"open","ping_status":"open","template":"bibliukaflar.php","meta":{"footnotes":""},"class_list":["post-2249","page","type-page","status-publish","hentry"],"_links":{"self":[{"href":"https:\/\/biblian.is\/1981\/wp-json\/wp\/v2\/pages\/2249","targetHints":{"allow":["GET"]}}],"collection":[{"href":"https:\/\/biblian.is\/1981\/wp-json\/wp\/v2\/pages"}],"about":[{"href":"https:\/\/biblian.is\/1981\/wp-json\/wp\/v2\/types\/page"}],"author":[{"embeddable":true,"href":"https:\/\/biblian.is\/1981\/wp-json\/wp\/v2\/users\/1"}],"replies":[{"embeddable":true,"href":"https:\/\/biblian.is\/1981\/wp-json\/wp\/v2\/comments?post=2249"}],"version-history":[{"count":0,"href":"https:\/\/biblian.is\/1981\/wp-json\/wp\/v2\/pages\/2249\/revisions"}],"wp:attachment":[{"href":"https:\/\/biblian.is\/1981\/wp-json\/wp\/v2\/media?parent=2249"}],"curies":[{"name":"wp","href":"https:\/\/api.w.org\/{rel}","templated":true}]}}