{"id":2247,"date":"2017-11-18T20:20:52","date_gmt":"2017-11-18T20:20:52","guid":{"rendered":"http:\/\/biblian.is\/1981\/mika-7-kafli\/"},"modified":"2021-06-06T11:04:04","modified_gmt":"2021-06-06T11:04:04","slug":"mika-7-kafli","status":"publish","type":"page","link":"https:\/\/biblian.is\/1981\/mika-7-kafli\/","title":{"rendered":"M\u00edka 7. kafli"},"content":{"rendered":"<p><a name=\"1\"><span class=\"versanumer\">1<\/span><\/a>Vei m\u00e9r, \u00fev\u00ed a\u00f0 \u00fea\u00f0 hefir fari\u00f0 fyrir m\u00e9r eins og \u00feegar \u00e1v\u00f6xtum er safna\u00f0, eins og vi\u00f0 eftirt\u00edning v\u00ednberjatekju: ekkert v\u00ednber eftir til a\u00f0 eta, engin \u00e1rf\u00edkja, er mig langa\u00f0i \u00ed.<a name=\"2\"><span class=\"versanumer\">2<\/span><\/a>Gu\u00f0hr\u00e6ddir menn eru horfnir \u00far landinu, og r\u00e1\u00f0vandir eru ekki til me\u00f0al mannanna, \u00feeir sitja allir um a\u00f0 fremja mor\u00f0 og reyna a\u00f0 vei\u00f0a hver annan \u00ed net.<a name=\"3\"><span class=\"versanumer\">3<\/span><\/a>Til ills eru b\u00e1\u00f0ar hendur fram r\u00e9ttar. H\u00f6f\u00f0inginn heimtar og d\u00f3marinn d\u00e6mir gegn endurgjaldi. Og st\u00f3rmenni\u00f0 er berm\u00e1lt um \u00fea\u00f0, sem hjarta hans girnist, og \u00feeir fl\u00e6kja m\u00e1lin.<a name=\"4\"><span class=\"versanumer\">4<\/span><\/a>Hinn besti me\u00f0al \u00feeirra er sem \u00feyrnir og hinn r\u00e1\u00f0vandasti verri en \u00feyrniger\u00f0i. Dagurinn sem var\u00f0menn \u00fe\u00ednir hafa tala\u00f0 um, hegningardagur \u00feinn, kemur. \u00de\u00e1 ver\u00f0a \u00feeir \u00farr\u00e6\u00f0alausir.<a name=\"5\"><span class=\"versanumer\">5<\/span><\/a>Tr\u00fai\u00f0 eigi kunningja y\u00f0ar, treysti\u00f0 eigi vini, g\u00e6t dyra munns \u00fe\u00edns fyrir henni, sem hv\u00edlir \u00ed fa\u00f0mi \u00fe\u00ednum.<a name=\"6\"><span class=\"versanumer\">6<\/span><\/a>\u00dev\u00ed a\u00f0 sonurinn fyrirl\u00edtur f\u00f6\u00f0ur sinn, d\u00f3ttirin setur sig upp \u00e1 m\u00f3ti m\u00f3\u00f0ur sinni, tengdad\u00f3ttirin \u00e1 m\u00f3ti tengdam\u00f3\u00f0ur sinni, heimilismennirnir eru \u00f3vinir h\u00fasb\u00f3nda s\u00edns.<a name=\"7\"><span class=\"versanumer\">7<\/span><\/a>\u00c9g vil m\u00e6na til Drottins, b\u00ed\u00f0a eftir Gu\u00f0i hj\u00e1lpr\u00e6\u00f0is m\u00edns! Gu\u00f0 minn mun heyra mig!<a name=\"8\"><span class=\"versanumer\">8<\/span><\/a>Hlakka eigi yfir m\u00e9r, fjandkona m\u00edn, \u00fev\u00ed \u00fe\u00f3tt \u00e9g s\u00e9 fallin, r\u00eds \u00e9g aftur \u00e1 f\u00e6tur, \u00fe\u00f3tt \u00e9g sitji \u00ed myrkri, \u00fe\u00e1 er Drottinn mitt lj\u00f3s.<a name=\"9\"><span class=\"versanumer\">9<\/span><\/a>Rei\u00f0i Drottins vil \u00e9g \u00feola \u00fev\u00ed a\u00f0 \u00e9g hefi syndga\u00f0 \u00e1 m\u00f3ti honum \u00fear til er hann s\u00e6kir s\u00f6k m\u00edna og l\u00e6tur mig n\u00e1 r\u00e9tti m\u00ednum. Hann mun lei\u00f0a mig \u00fat til lj\u00f3ssins, \u00e9g mun horfa \u00e1n\u00e6g\u00f0 \u00e1 r\u00e9ttl\u00e6ti hans.<a name=\"10\"><span class=\"versanumer\">10<\/span><\/a>Fjandkona m\u00edn mun sj\u00e1 \u00fea\u00f0, og sm\u00e1n mun hylja hana, h\u00fan sem n\u00fa segir vi\u00f0 mig: Hvar er Drottinn, Gu\u00f0 \u00feinn? Augu m\u00edn munu horfa hlakkandi \u00e1 hana, \u00fe\u00e1 mun h\u00fan ver\u00f0a tro\u00f0in ni\u00f0ur eins og saur \u00e1 str\u00e6tum.<a name=\"11\"><span class=\"versanumer\">11<\/span><\/a>S\u00e1 dagur kemur, a\u00f0 m\u00farar \u00fe\u00ednir ver\u00f0a endurreistir, \u00feann dag munu landamerki \u00fe\u00edn f\u00e6rast miki\u00f0 \u00fat.<a name=\"12\"><span class=\"versanumer\">12<\/span><\/a>\u00c1 \u00feeim degi munu menn koma til \u00fe\u00edn fr\u00e1 Ass\u00fdr\u00edu allt til Egyptalands og fr\u00e1 Egyptalandi allt til Efrats, fr\u00e1 hafi til hafs og fr\u00e1 fjalli til fjalls.<a name=\"13\"><span class=\"versanumer\">13<\/span><\/a>En j\u00f6r\u00f0in mun ver\u00f0a a\u00f0 au\u00f0n vegna \u00edb\u00faa hennar, s\u00f6kum \u00e1vaxtarins af gj\u00f6r\u00f0um \u00feeirra.<a name=\"14\"><span class=\"versanumer\">14<\/span><\/a>G\u00e6t \u00fe\u00fa \u00fej\u00f3\u00f0ar \u00feinnar me\u00f0 staf \u00fe\u00ednum, sau\u00f0a arfleif\u00f0ar \u00feinnar, \u00feeirra sem byggja einir s\u00e9r kjarrsk\u00f3ginn innan um aldingar\u00f0ana. L\u00e1t \u00fe\u00e1 ganga \u00ed Basanshaglendi og \u00ed G\u00edlea\u00f0 eins og for\u00f0um daga.<a name=\"15\"><span class=\"versanumer\">15<\/span><\/a>L\u00e1t hana sj\u00e1 undur, eins og \u00feegar \u00fe\u00fa f\u00f3rst af Egyptalandi.<a name=\"16\"><span class=\"versanumer\">16<\/span><\/a>\u00dej\u00f3\u00f0irnar skulu sj\u00e1 \u00fea\u00f0 og ver\u00f0a til skammar, \u00fer\u00e1tt fyrir allan styrkleika sinn. \u00de\u00e6r munu leggja h\u00f6ndina \u00e1 munninn, eyru \u00feeirra munu ver\u00f0a heyrnarlaus.<a name=\"17\"><span class=\"versanumer\">17<\/span><\/a>\u00de\u00e6r munu sleikja duft eins og h\u00f6ggormur, eins og kvikindi, sem skr\u00ed\u00f0a \u00e1 j\u00f6r\u00f0inni, skj\u00e1lfandi skulu \u00fe\u00e6r koma fram \u00far fylgsnum s\u00ednum, l\u00edta hr\u00e6ddar til Drottins, Gu\u00f0s vors, og \u00f3ttast \u00feig.<a name=\"18\"><span class=\"versanumer\">18<\/span><\/a>Hver er sl\u00edkur Gu\u00f0 sem \u00fe\u00fa, s\u00e1 er fyrirgefur leifum arfleif\u00f0ar sinnar misgj\u00f6r\u00f0 \u00feeirra og umber fr\u00e1hvarf \u00feeirra, sem eigi heldur fast vi\u00f0 rei\u00f0i s\u00edna eil\u00edflega, heldur hefir unun af a\u00f0 vera miskunnsamur?<a name=\"19\"><span class=\"versanumer\">19<\/span><\/a>\u00de\u00fa munt aftur miskunna oss, tro\u00f0a ni\u00f0ur misgj\u00f6r\u00f0ir vorar. J\u00e1, \u00fe\u00fa munt varpa \u00f6llum syndum vorum \u00ed dj\u00fap hafsins.<a name=\"20\"><span class=\"versanumer\">20<\/span><\/a>\u00de\u00fa munt au\u00f0s\u00fdna Jakob tr\u00fafesti og Abraham miskunnsemi, eins og \u00fe\u00fa s\u00f3rst fe\u00f0rum vorum for\u00f0um daga.<\/p>\n<div class=\"footnote1981\"><b>7.2<\/b> Enginn gu\u00f0hr\u00e6ddur Jer 5.1; Slm 14.2-3 \u2013 \u00fathella bl\u00f3\u00f0i Jer 5.26; H\u00f3s 6.9; Slm 10.9; 59.4<br \/>\n<b>7.3<\/b> M\u00fatu\u00fe\u00e6gni h\u00f6f\u00f0ingja M\u00edk 3.11+<br \/>\n<b>7.6<\/b> Sbr Matt 10.35-36 og hlst.<br \/>\n<b>7.7<\/b> M\u00e6na til Drottins Hab 2.1<br \/>\n<b>7.8<\/b> Hlakka ekki \u00d3b 12 \u2013 \u00ed myrkri Jes 42.7; 49.9; Slm 88.7; 107.10; 143.3; Pr\u00e9d 5.16; L\u00fak 1.79; J\u00f3h 8.12; 12.46 \u2013 Drottinn er lj\u00f3s mitt Slm 18.29; 27.1; 36.10<br \/>\n<b>7.10<\/b> Hvar er Gu\u00f0 \u00feinn? Slm 42.4,11<br \/>\n<b>7.11<\/b> M\u00farar endurreistir Neh 2.17; 6.15; Slm 51.20 \u2013 land st\u00e6kka 5M\u00f3s 19.8; Jes 54.2<br \/>\n<b>7.14<\/b> Drottinn er hir\u00f0ir M\u00edk 5.3; Jer 23.3; Esk 34.11-16; Slm 180.2; 95.7 \u2013 eigin hj\u00f6r\u00f0 5M\u00f3s 9.26,29; 1Kon 8.53; Jer 10.16; Slm 28.9; 74.2 \u2013 eins og for\u00f0um Am 9.11; Slm 143.5<br \/>\n<b>7.15<\/b> Fr\u00e1 Egyptalandi 2M\u00f3s 12.41-42; 13.3; 20.2; J\u00f3s 24.17; Jer 32.21; Post 13.17<br \/>\n<b>7.16-17<\/b> Hei\u00f0ingjarnir til skammar Jes 26.11<br \/>\n<b>7.18<\/b> Enginn er sem Gu\u00f0 Jes 40.18; Sl 89.7 \u2013 Gu\u00f0 fyrirgefur Jer 50.20; Slm 32.1-2 \u2013 rei\u00f0in varir ekki 4M\u00f3s 14.18; Jl 2.13+ ; Nah 1.3+ ; Slm 203.9<br \/>\n<b>7.19<\/b> Miskunnsamur Gu\u00f0 Jes 30.18; sbr 2M\u00f3s 33.19<br \/>\n<b>7.20<\/b> Fyrirheit Drottins 1M\u00f3s 22.16-18; sbr 28.13-15; L\u00fak 1.73<\/div>\n","protected":false},"excerpt":{"rendered":"<p>1Vei m\u00e9r, \u00fev\u00ed a\u00f0 \u00fea\u00f0 hefir fari\u00f0 fyrir m\u00e9r eins og \u00feegar \u00e1v\u00f6xtum er safna\u00f0, eins og vi\u00f0 eftirt\u00edning v\u00ednberjatekju: ekkert v\u00ednber eftir til a\u00f0 eta, engin \u00e1rf\u00edkja, er mig langa\u00f0i \u00ed.2Gu\u00f0hr\u00e6ddir menn eru horfnir \u00far landinu, og r\u00e1\u00f0vandir eru ekki til me\u00f0al mannanna, \u00feeir sitja allir um a\u00f0 fremja mor\u00f0 og reyna a\u00f0 vei\u00f0a hver annan \u00ed net.3Til ills eru b\u00e1\u00f0ar hendur fram r\u00e9ttar. H\u00f6f\u00f0inginn heimtar og d\u00f3marinn d\u00e6mir gegn endurgjaldi. Og st\u00f3rmenni\u00f0 er berm\u00e1lt um \u00fea\u00f0, sem hjarta hans girnist, og \u00feeir fl\u00e6kja m\u00e1lin.4Hinn besti me\u00f0al \u00feeirra er sem \u00feyrnir og hinn r\u00e1\u00f0vandasti verri en \u00feyrniger\u00f0i. Dagurinn sem <a href=\"https:\/\/biblian.is\/1981\/mika-7-kafli\/\"> [&#8230;]<\/a><\/p>\n","protected":false},"author":1,"featured_media":0,"parent":0,"menu_order":0,"comment_status":"open","ping_status":"open","template":"bibliukaflar.php","meta":{"footnotes":""},"class_list":["post-2247","page","type-page","status-publish","hentry"],"_links":{"self":[{"href":"https:\/\/biblian.is\/1981\/wp-json\/wp\/v2\/pages\/2247","targetHints":{"allow":["GET"]}}],"collection":[{"href":"https:\/\/biblian.is\/1981\/wp-json\/wp\/v2\/pages"}],"about":[{"href":"https:\/\/biblian.is\/1981\/wp-json\/wp\/v2\/types\/page"}],"author":[{"embeddable":true,"href":"https:\/\/biblian.is\/1981\/wp-json\/wp\/v2\/users\/1"}],"replies":[{"embeddable":true,"href":"https:\/\/biblian.is\/1981\/wp-json\/wp\/v2\/comments?post=2247"}],"version-history":[{"count":0,"href":"https:\/\/biblian.is\/1981\/wp-json\/wp\/v2\/pages\/2247\/revisions"}],"wp:attachment":[{"href":"https:\/\/biblian.is\/1981\/wp-json\/wp\/v2\/media?parent=2247"}],"curies":[{"name":"wp","href":"https:\/\/api.w.org\/{rel}","templated":true}]}}