{"id":2244,"date":"2017-11-18T20:20:52","date_gmt":"2017-11-18T20:20:52","guid":{"rendered":"http:\/\/biblian.is\/1981\/mika-4-kafli\/"},"modified":"2021-06-06T11:04:03","modified_gmt":"2021-06-06T11:04:03","slug":"mika-4-kafli","status":"publish","type":"page","link":"https:\/\/biblian.is\/1981\/mika-4-kafli\/","title":{"rendered":"M\u00edka 4. kafli"},"content":{"rendered":"<p><a name=\"1\"><span class=\"versanumer\">1<\/span><\/a>Og \u00fea\u00f0 skal ver\u00f0a \u00e1 hinum s\u00ed\u00f0ustu d\u00f6gum, a\u00f0 fjall \u00fea\u00f0, er h\u00fas Drottins stendur \u00e1, mun grundvalla\u00f0 ver\u00f0a \u00e1 fjallatindi og gn\u00e6fa upp yfir h\u00e6\u00f0irnar, og \u00feanga\u00f0 munu l\u00fd\u00f0irnir streyma.<a name=\"2\"><span class=\"versanumer\">2<\/span><\/a>Og margar \u00fej\u00f3\u00f0ir munu b\u00faast til fer\u00f0ar og segja: Komi\u00f0, f\u00f6rum upp \u00e1 fjall Drottins og til h\u00fass Jakobs Gu\u00f0s, svo a\u00f0 hann kenni oss s\u00edna vegu og v\u00e9r megum ganga \u00e1 hans stigum. \u00dev\u00ed a\u00f0 fr\u00e1 S\u00edon mun kenning \u00fat ganga og or\u00f0 Drottins fr\u00e1 Jer\u00fasalem.<a name=\"3\"><span class=\"versanumer\">3<\/span><\/a>Og hann mun d\u00e6ma me\u00f0al margra l\u00fd\u00f0a og skera \u00far m\u00e1lum voldugra \u00fej\u00f3\u00f0a langt \u00ed burtu. Og \u00fe\u00e6r munu sm\u00ed\u00f0a pl\u00f3gj\u00e1rn \u00far sver\u00f0um s\u00ednum og sni\u00f0la \u00far spj\u00f3tum s\u00ednum. Engin \u00fej\u00f3\u00f0 skal sver\u00f0 rei\u00f0a a\u00f0 annarri \u00fej\u00f3\u00f0, og ekki skulu \u00fe\u00e6r temja s\u00e9r herna\u00f0 framar.<a name=\"4\"><span class=\"versanumer\">4<\/span><\/a>Hver mun b\u00faa undir s\u00ednu v\u00edntr\u00e9 og undir s\u00ednu f\u00edkjutr\u00e9 og enginn hr\u00e6\u00f0a \u00fe\u00e1. \u00dev\u00ed a\u00f0 munnur Drottins allsherjar hefir tala\u00f0 \u00fea\u00f0.<a name=\"5\"><span class=\"versanumer\">5<\/span><\/a>\u00dev\u00ed a\u00f0 allar \u00fej\u00f3\u00f0irnar ganga hver \u00ed nafni s\u00edns gu\u00f0s, en v\u00e9r g\u00f6ngum \u00ed nafni Drottins, Gu\u00f0s vors, \u00e6 og \u00e6vinlega.<a name=\"6\"><span class=\"versanumer\">6<\/span><\/a>\u00c1 \u00feeim degi segir Drottinn vil \u00e9g saman safna \u00fev\u00ed halta og smala saman \u00fev\u00ed tv\u00edstra\u00f0a og \u00feeim er \u00e9g hefi tj\u00f3n unni\u00f0,<a name=\"7\"><span class=\"versanumer\">7<\/span><\/a>og \u00e9g vil gj\u00f6ra hi\u00f0 halta a\u00f0 n\u00fdjum kynstofni og hi\u00f0 burtfl\u00e6mda a\u00f0 voldugri \u00fej\u00f3\u00f0. Og Drottinn sj\u00e1lfur mun ver\u00f0a konungur yfir \u00feeim \u00e1 S\u00edonfjalli h\u00e9\u00f0an \u00ed fr\u00e1 og a\u00f0 eil\u00edfu.<a name=\"8\"><span class=\"versanumer\">8<\/span><\/a>En \u00fe\u00fa, var\u00f0turn hjar\u00f0mannsins, h\u00e6\u00f0 d\u00f3tturinnar S\u00edon, til \u00fe\u00edn mun koma og aftur til \u00fe\u00edn hverfa hi\u00f0 forna veldi, konungd\u00f3mur d\u00f3tturinnar Jer\u00fasalem.<a name=\"9\"><span class=\"versanumer\">9<\/span><\/a>N\u00fa, hv\u00ed hlj\u00f3\u00f0ar \u00fe\u00fa svo h\u00e1st\u00f6fum? Hefir \u00fe\u00fa engan konung, e\u00f0a er r\u00e1\u00f0gjafi \u00feinn horfinn, \u00far \u00fev\u00ed a\u00f0 kvalir gr\u00edpa \u00feig eins og j\u00f3\u00f0sj\u00faka konu?<a name=\"10\"><span class=\"versanumer\">10<\/span><\/a>F\u00e1 \u00fe\u00fa hr\u00ed\u00f0ir og hlj\u00f3\u00f0a \u00fe\u00fa, d\u00f3ttirin S\u00edon, eins og j\u00f3\u00f0sj\u00fak kona. \u00dev\u00ed a\u00f0 n\u00fa ver\u00f0ur \u00fe\u00fa a\u00f0 fara \u00fat \u00far borginni og b\u00faa \u00e1 v\u00ed\u00f0avangi og fara alla lei\u00f0 til Bab\u00fdlon. \u00dear munt \u00fe\u00fa frelsu\u00f0 ver\u00f0a, \u00fear mun Drottinn leysa \u00feig undan valdi \u00f3vina \u00feinna.<a name=\"11\"><span class=\"versanumer\">11<\/span><\/a>En n\u00fa hafa margar \u00fej\u00f3\u00f0ir safnast \u00ed m\u00f3ti \u00fe\u00e9r, \u00fe\u00e6r er segja: Ver\u00f0i h\u00fan vanhelgu\u00f0, svo a\u00f0 v\u00e9r megum horfa hlakkandi \u00e1 S\u00edon!<a name=\"12\"><span class=\"versanumer\">12<\/span><\/a>En \u00fe\u00e6r \u00feekkja ekki hugsanir Drottins og skilja ekki r\u00e1\u00f0s\u00e1lyktun hans, a\u00f0 hann hefir safna\u00f0 \u00feeim saman eins og kerfum \u00e1 kornl\u00e1fa.<a name=\"13\"><span class=\"versanumer\">13<\/span><\/a>R\u00eds upp og \u00feresk, d\u00f3ttirin S\u00edon, \u00fev\u00ed a\u00f0 \u00e9g gj\u00f6ri \u00fe\u00e9r horn af j\u00e1rni og klaufir af eiri, svo a\u00f0 \u00fe\u00fa skalt sundur merja margar \u00fej\u00f3\u00f0ir. Og \u00fe\u00fa munt helga Drottni r\u00e1nsfeng \u00feeirra og fj\u00e1rafla \u00feeirra honum, sem er Drottinn allrar jar\u00f0arinnar.<\/p>\n<div class=\"footnote1981\"><b>4.1-3<\/b> Sbr Jes 2.2-4<br \/>\n<b>4.1<\/b> \u00dej\u00f3\u00f0irnar streyma til Jer\u00fasalem Jes 56.6-8; 60; 66.18-20; Jer 3.17; Sak 8.20-23; 14.16; sbr Hag 2.7<br \/>\n<b>4.2<\/b> Or\u00f0 Drottins J\u00f3h 4.22<br \/>\n<b>4.3<\/b> Sm\u00ed\u00f0a pl\u00f3gj\u00e1rn \u00far sver\u00f0um sbr H\u00f3s 2.20+ ; Jl 4.10<br \/>\n<b>4.4<\/b> V\u00edntr\u00e9, f\u00edkjutr\u00e9 1Kon 5.5; Sak 3.10<br \/>\n<b>4.5<\/b> \u00cd nafni Gu\u00f0s vor sbr Jes 2.5<br \/>\n<b>4.6-7<\/b> \u00c9g safna saman M\u00edk 2.12-13+<br \/>\n<b>4.9-10<\/b> Kvalir j\u00f3\u00f0sj\u00fakrar konu Jes 66.7-9; Jer 4.31; 6.24; 22.23; 30.6; sbr Matt 24.8+<br \/>\n<b>4.11<\/b> Safnist gegn  Esk 38-39; Opb 19.11-21; 20.7-10<br \/>\n<b>4.12<\/b> Hugur Drottins Jes 5.12; 55.8-9; Slm 28.5<br \/>\n<b>4.13<\/b> Horn af j\u00e1rni 1Kon 22.11- helga Drottni herfang Jes 60.3-5; Slm 72.10-11; Opb 21.24<\/div>\n","protected":false},"excerpt":{"rendered":"<p>1Og \u00fea\u00f0 skal ver\u00f0a \u00e1 hinum s\u00ed\u00f0ustu d\u00f6gum, a\u00f0 fjall \u00fea\u00f0, er h\u00fas Drottins stendur \u00e1, mun grundvalla\u00f0 ver\u00f0a \u00e1 fjallatindi og gn\u00e6fa upp yfir h\u00e6\u00f0irnar, og \u00feanga\u00f0 munu l\u00fd\u00f0irnir streyma.2Og margar \u00fej\u00f3\u00f0ir munu b\u00faast til fer\u00f0ar og segja: Komi\u00f0, f\u00f6rum upp \u00e1 fjall Drottins og til h\u00fass Jakobs Gu\u00f0s, svo a\u00f0 hann kenni oss s\u00edna vegu og v\u00e9r megum ganga \u00e1 hans stigum. \u00dev\u00ed a\u00f0 fr\u00e1 S\u00edon mun kenning \u00fat ganga og or\u00f0 Drottins fr\u00e1 Jer\u00fasalem.3Og hann mun d\u00e6ma me\u00f0al margra l\u00fd\u00f0a og skera \u00far m\u00e1lum voldugra \u00fej\u00f3\u00f0a langt \u00ed burtu. Og \u00fe\u00e6r munu sm\u00ed\u00f0a pl\u00f3gj\u00e1rn \u00far sver\u00f0um s\u00ednum <a href=\"https:\/\/biblian.is\/1981\/mika-4-kafli\/\"> [&#8230;]<\/a><\/p>\n","protected":false},"author":1,"featured_media":0,"parent":0,"menu_order":0,"comment_status":"open","ping_status":"open","template":"bibliukaflar.php","meta":{"footnotes":""},"class_list":["post-2244","page","type-page","status-publish","hentry"],"_links":{"self":[{"href":"https:\/\/biblian.is\/1981\/wp-json\/wp\/v2\/pages\/2244","targetHints":{"allow":["GET"]}}],"collection":[{"href":"https:\/\/biblian.is\/1981\/wp-json\/wp\/v2\/pages"}],"about":[{"href":"https:\/\/biblian.is\/1981\/wp-json\/wp\/v2\/types\/page"}],"author":[{"embeddable":true,"href":"https:\/\/biblian.is\/1981\/wp-json\/wp\/v2\/users\/1"}],"replies":[{"embeddable":true,"href":"https:\/\/biblian.is\/1981\/wp-json\/wp\/v2\/comments?post=2244"}],"version-history":[{"count":0,"href":"https:\/\/biblian.is\/1981\/wp-json\/wp\/v2\/pages\/2244\/revisions"}],"wp:attachment":[{"href":"https:\/\/biblian.is\/1981\/wp-json\/wp\/v2\/media?parent=2244"}],"curies":[{"name":"wp","href":"https:\/\/api.w.org\/{rel}","templated":true}]}}