{"id":2240,"date":"2017-11-18T20:20:52","date_gmt":"2017-11-18T20:20:52","guid":{"rendered":"http:\/\/biblian.is\/1981\/jonas-4-kafli\/"},"modified":"2017-11-18T20:20:52","modified_gmt":"2017-11-18T20:20:52","slug":"jonas-4-kafli","status":"publish","type":"page","link":"https:\/\/biblian.is\/1981\/jonas-4-kafli\/","title":{"rendered":"J\u00f3nas 4. kafli"},"content":{"rendered":"<p><a name=\"1\"><span class=\"versanumer\">1<\/span><\/a>J\u00f3nasi misl\u00edka\u00f0i \u00feetta mj\u00f6g, og hann var\u00f0 rei\u00f0ur.<a name=\"2\"><span class=\"versanumer\">2<\/span><\/a>Og hann ba\u00f0 til Drottins og sag\u00f0i: \u00c6, Drottinn! Kemur n\u00fa ekki a\u00f0 \u00fev\u00ed sem \u00e9g hugsa\u00f0i, me\u00f0an \u00e9g enn var heima \u00ed m\u00ednu landi? \u00deess vegna \u00e6tla\u00f0i \u00e9g \u00e1\u00f0ur fyrr a\u00f0 fl\u00fdja til Tarsis, \u00fev\u00ed a\u00f0 \u00e9g vissi, a\u00f0 \u00fe\u00fa ert l\u00edknsamur og miskunnsamur Gu\u00f0, \u00feolinm\u00f3\u00f0ur og g\u00e6skur\u00edkur og l\u00e6tur \u00feig angra hins vonda.<a name=\"3\"><span class=\"versanumer\">3<\/span><\/a>Tak n\u00fa, Drottinn, \u00f6nd m\u00edna fr\u00e1 m\u00e9r, \u00fev\u00ed a\u00f0 m\u00e9r er betra a\u00f0 deyja en lifa.<a name=\"4\"><span class=\"versanumer\">4<\/span><\/a>En Drottinn sag\u00f0i: Er \u00fea\u00f0 r\u00e9tt gj\u00f6rt af \u00fe\u00e9r a\u00f0 rei\u00f0ast svo?<a name=\"5\"><span class=\"versanumer\">5<\/span><\/a>\u00dev\u00ed n\u00e6st f\u00f3r J\u00f3nas \u00fat \u00far borginni og bj\u00f3st um fyrir austan borgina. \u00dear gj\u00f6r\u00f0i hann s\u00e9r laufsk\u00e1la og settist undir hann \u00ed fors\u00e6lunni og bei\u00f0 \u00feess a\u00f0 hann s\u00e6i, hvernig borginni reiddi af.<a name=\"6\"><span class=\"versanumer\">6<\/span><\/a>\u00de\u00e1 l\u00e9t Drottinn Gu\u00f0 r\u00eds\u00ednusrunn upp spretta yfir J\u00f3nas til \u00feess a\u00f0 bera skugga \u00e1 h\u00f6fu\u00f0 hans og til \u00feess a\u00f0 hafa af honum \u00f3huginn, og var\u00f0 J\u00f3nas st\u00f3rlega feginn r\u00eds\u00ednusrunninum.<a name=\"7\"><span class=\"versanumer\">7<\/span><\/a>En n\u00e6sta dag, \u00feegar morgunro\u00f0inn var \u00e1 loft kominn, sendi Gu\u00f0 orm, sem stakk r\u00eds\u00ednusrunninn, svo a\u00f0 hann visna\u00f0i.<a name=\"8\"><span class=\"versanumer\">8<\/span><\/a>Og er s\u00f3l var upp komin, sendi Gu\u00f0 brennheitan austanvind, og skein s\u00f3lin svo heitt \u00e1 h\u00f6fu\u00f0 J\u00f3nasi, a\u00f0 hann \u00f6rmagna\u00f0ist. \u00de\u00e1 \u00f3ska\u00f0i hann s\u00e9r dau\u00f0a og sag\u00f0i: M\u00e9r er betra a\u00f0 deyja en lifa!<a name=\"9\"><span class=\"versanumer\">9<\/span><\/a>\u00de\u00e1 sag\u00f0i Gu\u00f0 vi\u00f0 J\u00f3nas: Er \u00fea\u00f0 r\u00e9tt gj\u00f6rt af \u00fe\u00e9r a\u00f0 rei\u00f0ast svo vegna r\u00eds\u00ednusrunnsins? Hann svara\u00f0i: \u00dea\u00f0 er r\u00e9tt a\u00f0 \u00e9g rei\u00f0ist til dau\u00f0a!<a name=\"10\"><span class=\"versanumer\">10<\/span><\/a>En Drottinn sag\u00f0i: \u00deig tekur s\u00e1rt til r\u00eds\u00ednusrunnsins, sem \u00fe\u00fa hefir ekkert fyrir haft og ekki upp klaki\u00f0, sem \u00f3x \u00e1 einni n\u00f3ttu og hvarf \u00e1 einni n\u00f3ttu.<a name=\"11\"><span class=\"versanumer\">11<\/span><\/a>Og mig skyldi ekki taka s\u00e1rt til N\u00edn\u00edve, hinnar miklu borgar, \u00fear sem eru meira en hundra\u00f0 og tuttugu \u00fe\u00fasundir manna, er ekki \u00feekkja h\u00e6gri h\u00f6nd s\u00edna fr\u00e1 hinni vinstri, og fj\u00f6ldi af skepnum? skepnum?<\/p>\n<div class=\"footnote1981\"><b>4.1<\/b> J\u00f3nasi misl\u00edkar sbr L\u00fak 15.28<br \/>\n<b>4.2<\/b> L\u00edknsamur og miskunnsamur 2M\u00f3s 34.6+; sbr 5M\u00f3s 5.10; Jer 32.18<br \/>\n<b>4.3<\/b> Taktu l\u00edf mitt J\u00f3n 4.8; 1Kon 19.4; sbr Job 7.15<br \/>\n<b>4.11<\/b> 120.000; J\u00fadt 2.5,15; sbr Opb 7.4<\/div>\n","protected":false},"excerpt":{"rendered":"<p>1J\u00f3nasi misl\u00edka\u00f0i \u00feetta mj\u00f6g, og hann var\u00f0 rei\u00f0ur.2Og hann ba\u00f0 til Drottins og sag\u00f0i: \u00c6, Drottinn! Kemur n\u00fa ekki a\u00f0 \u00fev\u00ed sem \u00e9g hugsa\u00f0i, me\u00f0an \u00e9g enn var heima \u00ed m\u00ednu landi? \u00deess vegna \u00e6tla\u00f0i \u00e9g \u00e1\u00f0ur fyrr a\u00f0 fl\u00fdja til Tarsis, \u00fev\u00ed a\u00f0 \u00e9g vissi, a\u00f0 \u00fe\u00fa ert l\u00edknsamur og miskunnsamur Gu\u00f0, \u00feolinm\u00f3\u00f0ur og g\u00e6skur\u00edkur og l\u00e6tur \u00feig angra hins vonda.3Tak n\u00fa, Drottinn, \u00f6nd m\u00edna fr\u00e1 m\u00e9r, \u00fev\u00ed a\u00f0 m\u00e9r er betra a\u00f0 deyja en lifa.4En Drottinn sag\u00f0i: Er \u00fea\u00f0 r\u00e9tt gj\u00f6rt af \u00fe\u00e9r a\u00f0 rei\u00f0ast svo?5\u00dev\u00ed n\u00e6st f\u00f3r J\u00f3nas \u00fat \u00far borginni og bj\u00f3st um fyrir austan borgina. <a href=\"https:\/\/biblian.is\/1981\/jonas-4-kafli\/\"> [&#8230;]<\/a><\/p>\n","protected":false},"author":1,"featured_media":0,"parent":0,"menu_order":0,"comment_status":"open","ping_status":"open","template":"bibliukaflar.php","meta":{"footnotes":""},"class_list":["post-2240","page","type-page","status-publish","hentry"],"_links":{"self":[{"href":"https:\/\/biblian.is\/1981\/wp-json\/wp\/v2\/pages\/2240","targetHints":{"allow":["GET"]}}],"collection":[{"href":"https:\/\/biblian.is\/1981\/wp-json\/wp\/v2\/pages"}],"about":[{"href":"https:\/\/biblian.is\/1981\/wp-json\/wp\/v2\/types\/page"}],"author":[{"embeddable":true,"href":"https:\/\/biblian.is\/1981\/wp-json\/wp\/v2\/users\/1"}],"replies":[{"embeddable":true,"href":"https:\/\/biblian.is\/1981\/wp-json\/wp\/v2\/comments?post=2240"}],"version-history":[{"count":0,"href":"https:\/\/biblian.is\/1981\/wp-json\/wp\/v2\/pages\/2240\/revisions"}],"wp:attachment":[{"href":"https:\/\/biblian.is\/1981\/wp-json\/wp\/v2\/media?parent=2240"}],"curies":[{"name":"wp","href":"https:\/\/api.w.org\/{rel}","templated":true}]}}