{"id":2239,"date":"2017-11-18T20:20:52","date_gmt":"2017-11-18T20:20:52","guid":{"rendered":"http:\/\/biblian.is\/1981\/jonas-3-kafli\/"},"modified":"2017-11-18T20:20:52","modified_gmt":"2017-11-18T20:20:52","slug":"jonas-3-kafli","status":"publish","type":"page","link":"https:\/\/biblian.is\/1981\/jonas-3-kafli\/","title":{"rendered":"J\u00f3nas 3. kafli"},"content":{"rendered":"<p><a name=\"1\"><span class=\"versanumer\">1<\/span><\/a>Og or\u00f0 Drottins kom til J\u00f3nasar anna\u00f0 sinn, svo hlj\u00f3\u00f0andi:<a name=\"2\"><span class=\"versanumer\">2<\/span><\/a>Legg af sta\u00f0 og far til N\u00edn\u00edve, hinnar miklu borgar, og flyt henni \u00feann bo\u00f0skap, er \u00e9g b\u00fd\u00f0 \u00fe\u00e9r.<a name=\"3\"><span class=\"versanumer\">3<\/span><\/a>\u00de\u00e1 lag\u00f0i J\u00f3nas af sta\u00f0 og f\u00f3r til N\u00edn\u00edve, eins og Drottinn haf\u00f0i bo\u00f0i\u00f0 honum. En N\u00edn\u00edve var geysimikil borg, \u00ferj\u00e1r daglei\u00f0ir \u00e1 lengd.<a name=\"4\"><span class=\"versanumer\">4<\/span><\/a>Og J\u00f3nas h\u00f3f g\u00f6ngu s\u00edna inn \u00ed borgina eina daglei\u00f0, pr\u00e9dika\u00f0i og sag\u00f0i: A\u00f0 fj\u00f6rut\u00edu d\u00f6gum li\u00f0num skal N\u00edn\u00edve ver\u00f0a \u00ed ey\u00f0i l\u00f6g\u00f0.<a name=\"5\"><span class=\"versanumer\">5<\/span><\/a>En N\u00edn\u00edvemenn tr\u00fa\u00f0u Gu\u00f0i og bo\u00f0u\u00f0u f\u00f6stu og kl\u00e6ddust h\u00e6rusekk, b\u00e6\u00f0i ungir og gamlir.<a name=\"6\"><span class=\"versanumer\">6<\/span><\/a>Og er \u00feetta barst til konungsins \u00ed N\u00edn\u00edve, \u00fe\u00e1 st\u00f3\u00f0 hann upp \u00far h\u00e1s\u00e6ti s\u00ednu, lag\u00f0i af s\u00e9r skikkju s\u00edna, huldi sig h\u00e6rusekk og settist \u00ed \u00f6sku.<a name=\"7\"><span class=\"versanumer\">7<\/span><\/a>Og hann l\u00e9t gj\u00f6ra heyrinkunna \u00ed N\u00edn\u00edve svol\u00e1tandi skipun: Samkv\u00e6mt bo\u00f0i konungs og vildarmanna hans er svo fyrir m\u00e6lt: Hvorki menn n\u00e9 skepnur, hvorki naut n\u00e9 sau\u00f0ir skulu nokkurs neyta. \u00deeir skulu hvorki \u00e1 gras ganga n\u00e9 vatn drekka,<a name=\"8\"><span class=\"versanumer\">8<\/span><\/a>heldur skulu \u00feeir hylja sig h\u00e6rusekk, b\u00e6\u00f0i menn og skepnur, og hr\u00f3pa til Gu\u00f0s \u00e1kaflega og l\u00e1ta hver og einn af sinni vondu breytni og af \u00feeim rangindum, er \u00feeir hafa um h\u00f6nd haft.<a name=\"9\"><span class=\"versanumer\">9<\/span><\/a>Hver veit nema Gu\u00f0i kunni a\u00f0 sn\u00faast hugur og hann l\u00e1ti sig i\u00f0ra \u00feessa og l\u00e1ti af sinni brennandi rei\u00f0i, svo a\u00f0 v\u00e9r f\u00f6rumst ekki.<a name=\"10\"><span class=\"versanumer\">10<\/span><\/a>En er Gu\u00f0 s\u00e1 gj\u00f6r\u00f0ir \u00feeirra, a\u00f0 \u00feeir l\u00e9tu af illri breytni sinni, \u00fe\u00e1 i\u00f0ra\u00f0ist Gu\u00f0 \u00feeirrar \u00f3g\u00e6fu, er hann haf\u00f0i h\u00f3ta\u00f0 a\u00f0 l\u00e1ta yfir \u00fe\u00e1 koma, og l\u00e9t hana ekki fram koma.<\/p>\n<div class=\"footnote1981\"><b>3.2<\/b> Til N\u00edn\u00edve J\u00f3n 1.2+<br \/>\n<b>3.4<\/b> Gu\u00f0 h\u00f3tar Jer 36.7 \u2013 fj\u00f6rut\u00edu dagar Post 1.3+<br \/>\n<b>3.5<\/b> Bo\u00f0a f\u00f6stu 1Kon 21.9; Jer 36.9; Jl 1.14+; sbr Slm 35.13 \u2013 kl\u00e6\u00f0ast h\u00e6rusekk Est 4.1 \u2013 N\u00edn\u00edveb\u00faar i\u00f0rast L\u00fak 11.30-32<br \/>\n<b>3.6<\/b> \u00dar skrautkl\u00e6\u00f0um  Esk 26.16 \u2013 h\u00e6rusekkur, aska Esk 27.30-31<br \/>\n<b>3.8<\/b> L\u00e1ta af illri breytni Jer 26.3; 35.15; 36.7; Esk 36.31 \u2013 ofbeldi Job 16.17; 31.7<br \/>\n<b>3.9<\/b> Hver veit? Jer 36.3,7; Jl 2.14; Am 5.15; sbr L\u00fak 20.13 \u2013 Gu\u00f0 i\u00f0rast Am 7.3+<br \/>\n<b>3.10<\/b> Gj\u00f6r\u00f0ir N\u00edn\u00edveb\u00faa Matt 12.41; sbr Ef 3.6<\/div>\n","protected":false},"excerpt":{"rendered":"<p>1Og or\u00f0 Drottins kom til J\u00f3nasar anna\u00f0 sinn, svo hlj\u00f3\u00f0andi:2Legg af sta\u00f0 og far til N\u00edn\u00edve, hinnar miklu borgar, og flyt henni \u00feann bo\u00f0skap, er \u00e9g b\u00fd\u00f0 \u00fe\u00e9r.3\u00de\u00e1 lag\u00f0i J\u00f3nas af sta\u00f0 og f\u00f3r til N\u00edn\u00edve, eins og Drottinn haf\u00f0i bo\u00f0i\u00f0 honum. En N\u00edn\u00edve var geysimikil borg, \u00ferj\u00e1r daglei\u00f0ir \u00e1 lengd.4Og J\u00f3nas h\u00f3f g\u00f6ngu s\u00edna inn \u00ed borgina eina daglei\u00f0, pr\u00e9dika\u00f0i og sag\u00f0i: A\u00f0 fj\u00f6rut\u00edu d\u00f6gum li\u00f0num skal N\u00edn\u00edve ver\u00f0a \u00ed ey\u00f0i l\u00f6g\u00f0.5En N\u00edn\u00edvemenn tr\u00fa\u00f0u Gu\u00f0i og bo\u00f0u\u00f0u f\u00f6stu og kl\u00e6ddust h\u00e6rusekk, b\u00e6\u00f0i ungir og gamlir.6Og er \u00feetta barst til konungsins \u00ed N\u00edn\u00edve, \u00fe\u00e1 st\u00f3\u00f0 hann upp \u00far h\u00e1s\u00e6ti s\u00ednu, <a href=\"https:\/\/biblian.is\/1981\/jonas-3-kafli\/\"> [&#8230;]<\/a><\/p>\n","protected":false},"author":1,"featured_media":0,"parent":0,"menu_order":0,"comment_status":"open","ping_status":"open","template":"bibliukaflar.php","meta":{"footnotes":""},"class_list":["post-2239","page","type-page","status-publish","hentry"],"_links":{"self":[{"href":"https:\/\/biblian.is\/1981\/wp-json\/wp\/v2\/pages\/2239","targetHints":{"allow":["GET"]}}],"collection":[{"href":"https:\/\/biblian.is\/1981\/wp-json\/wp\/v2\/pages"}],"about":[{"href":"https:\/\/biblian.is\/1981\/wp-json\/wp\/v2\/types\/page"}],"author":[{"embeddable":true,"href":"https:\/\/biblian.is\/1981\/wp-json\/wp\/v2\/users\/1"}],"replies":[{"embeddable":true,"href":"https:\/\/biblian.is\/1981\/wp-json\/wp\/v2\/comments?post=2239"}],"version-history":[{"count":0,"href":"https:\/\/biblian.is\/1981\/wp-json\/wp\/v2\/pages\/2239\/revisions"}],"wp:attachment":[{"href":"https:\/\/biblian.is\/1981\/wp-json\/wp\/v2\/media?parent=2239"}],"curies":[{"name":"wp","href":"https:\/\/api.w.org\/{rel}","templated":true}]}}