{"id":2235,"date":"2017-11-18T20:20:52","date_gmt":"2017-11-18T20:20:52","guid":{"rendered":"http:\/\/biblian.is\/1981\/amos-9-kafli\/"},"modified":"2021-06-06T10:50:30","modified_gmt":"2021-06-06T10:50:30","slug":"amos-9-kafli","status":"publish","type":"page","link":"https:\/\/biblian.is\/1981\/amos-9-kafli\/","title":{"rendered":"Amos 9. kafli"},"content":{"rendered":"<p><a name=\"1\"><span class=\"versanumer\">1<\/span><\/a>\u00c9g s\u00e1 Drottin standa vi\u00f0 altari\u00f0, og hann sag\u00f0i: Sl\u00e1 \u00fe\u00fa \u00e1 s\u00faluh\u00f6fu\u00f0i\u00f0, svo a\u00f0 \u00fer\u00f6skuldarnir skj\u00e1lfi. Brj\u00f3t \u00fe\u00e1 sundur og kasta \u00ed h\u00f6fu\u00f0 \u00feeim \u00f6llum. Og s\u00ed\u00f0ustu leifar \u00feeirra vil \u00e9g dey\u00f0a me\u00f0 sver\u00f0i, enginn \u00feeirra skal komast undan \u00e1 fl\u00f3tta og enginn \u00feeirra bjargast.<a name=\"2\"><span class=\"versanumer\">2<\/span><\/a>\u00de\u00f3tt \u00feeir brj\u00f3tist ni\u00f0ur \u00ed undirheima, \u00fe\u00e1 skal h\u00f6nd m\u00edn s\u00e6kja \u00fe\u00e1 \u00feanga\u00f0, \u00fe\u00f3tt \u00feeir st\u00edgi upp til himins, \u00fe\u00e1 skal \u00e9g steypa \u00feeim ofan \u00fea\u00f0an.<a name=\"3\"><span class=\"versanumer\">3<\/span><\/a>\u00de\u00f3tt \u00feeir feli sig \u00e1 Karmeltindi, \u00fe\u00e1 skal \u00e9g leita \u00fe\u00e1 \u00fear uppi og s\u00e6kja \u00fe\u00e1 \u00feanga\u00f0, og \u00fe\u00f3tt \u00feeir vilji leynast fyrir augum m\u00ednum \u00e1 mararbotni, skal \u00e9g \u00fear bj\u00f3\u00f0a h\u00f6ggorminum a\u00f0 b\u00edta \u00fe\u00e1.<a name=\"4\"><span class=\"versanumer\">4<\/span><\/a>Og \u00fe\u00f3tt \u00feeir fari \u00e1 undan \u00f3vinum s\u00ednum \u00ed \u00fatleg\u00f0, skal \u00e9g \u00fear bj\u00f3\u00f0a sver\u00f0inu a\u00f0 dey\u00f0a \u00fe\u00e1, og \u00e9g vil beina augum m\u00ednum \u00e1 \u00fe\u00e1, \u00feeim til \u00f3hamingju, en ekki til hamingju.<a name=\"5\"><span class=\"versanumer\">5<\/span><\/a>Drottinn, Gu\u00f0 allsherjar, hann sem snertir j\u00f6r\u00f0ina, svo a\u00f0 h\u00fan ri\u00f0ar, og allir \u00feeir, sem \u00e1 henni b\u00faa, ver\u00f0a sorgbitnir, svo a\u00f0 h\u00fan hefst upp alls sta\u00f0ar eins og N\u00edl-flj\u00f3ti\u00f0 og l\u00e6kkar eins og flj\u00f3ti\u00f0 \u00e1 Egyptalandi,<a name=\"6\"><span class=\"versanumer\">6<\/span><\/a>hann sem reist hefir \u00e1 himnum sali s\u00edna og grundvalla\u00f0 hvelfing s\u00edna \u00e1 j\u00f6r\u00f0inni, hann sem kalla\u00f0i \u00e1 v\u00f6tn sj\u00e1varins og j\u00f3s \u00feeim yfir j\u00f6r\u00f0ina Drottinn er nafn hans.<a name=\"7\"><span class=\"versanumer\">7<\/span><\/a>Eru\u00f0 \u00fe\u00e9r, \u00cdsraelsmenn, m\u00e9r m\u00e6tari en Bl\u00e1lendingar? segir Drottinn. Hefi \u00e9g eigi flutt \u00cdsrael af Egyptalandi og Filista fr\u00e1 Kaft\u00f3r og S\u00fdrlendinga fr\u00e1 K\u00edr?<a name=\"8\"><span class=\"versanumer\">8<\/span><\/a>Sj\u00e1, auga Drottins Gu\u00f0s hv\u00edlir \u00e1 \u00feessu gl\u00e6pafulla konungsr\u00edki. \u00c9g skal afm\u00e1 \u00fea\u00f0 af j\u00f6r\u00f0inni, og \u00fe\u00f3 vil \u00e9g ekki me\u00f0 \u00f6llu afm\u00e1 Jakobs ni\u00f0ja segir Drottinn.<a name=\"9\"><span class=\"versanumer\">9<\/span><\/a>Nei, \u00e9g skal svo um bj\u00f3\u00f0a, a\u00f0 \u00cdsraels h\u00fas ver\u00f0i hrist \u00fat \u00e1 me\u00f0al allra \u00fej\u00f3\u00f0a, eins og korn er hrist \u00ed s\u00e1ldi, \u00e1n \u00feess a\u00f0 nokkur steinvala falli til jar\u00f0ar.<a name=\"10\"><span class=\"versanumer\">10<\/span><\/a>Allir syndarar \u00fej\u00f3\u00f0ar minnar skulu falla fyrir sver\u00f0i, \u00feeir sem segja: \u00d3g\u00e6fan mun eigi n\u00e1 oss n\u00e9 yfir oss koma!<a name=\"11\"><span class=\"versanumer\">11<\/span><\/a>\u00c1 \u00feeim degi mun \u00e9g endurreisa hina f\u00f6llnu tjaldb\u00fa\u00f0 Dav\u00ed\u00f0s. \u00c9g mun hla\u00f0a upp \u00ed veggsk\u00f6r\u00f0in og reisa hana \u00far r\u00fastum og gj\u00f6ra hana upp aftur, eins og h\u00fan var fyrr meir,<a name=\"12\"><span class=\"versanumer\">12<\/span><\/a>til \u00feess a\u00f0 \u00feeir n\u00e1i undir sig leifum Ed\u00f3ms og \u00f6llum \u00feeim \u00fej\u00f3\u00f0um, sem nafn mitt hefir veri\u00f0 nefnt yfir segir Drottinn, s\u00e1 er \u00feessu mun til vegar koma.<a name=\"13\"><span class=\"versanumer\">13<\/span><\/a>Sj\u00e1, \u00feeir dagar munu koma, segir Drottinn a\u00f0 erjandinn skal n\u00e1 kornskur\u00f0armanninum og v\u00edntro\u00f0sluma\u00f0urinn s\u00e1\u00f0manninum. \u00de\u00e1 munu fj\u00f6llin l\u00f6\u00f0ra \u00ed v\u00ednberjalegi og h\u00e1lsarnir ver\u00f0a \u00ed einu fl\u00f3\u00f0i.<a name=\"14\"><span class=\"versanumer\">14<\/span><\/a>\u00de\u00e1 mun \u00e9g sn\u00faa vi\u00f0 h\u00f6gum l\u00fd\u00f0s m\u00edns \u00cdsraels. \u00deeir munu byggja upp hinar eyddu borgir og b\u00faa \u00ed \u00feeim, planta v\u00edngar\u00f0a og drekka v\u00edn \u00far \u00feeim, b\u00faa til aldingar\u00f0a og eta \u00e1v\u00f6xtu \u00feeirra.<a name=\"15\"><span class=\"versanumer\">15<\/span><\/a>Og \u00e9g vil gr\u00f3\u00f0ursetja \u00fe\u00e1 \u00ed landi \u00feeirra, svo a\u00f0 \u00feeir skulu ekki framar uppr\u00e6ttir ver\u00f0a \u00far landi s\u00ednu, \u00fev\u00ed er \u00e9g hefi gefi\u00f0 \u00feeim segir Drottinn, Gu\u00f0 \u00feinn.<\/p>\n<div class=\"footnote1981\"><b>9.1<\/b> Drottinn vi\u00f0 altari\u00f0 sbr D\u00f3m 13.20; Jes 6.1 \u2013 helgista\u00f0ir ey\u00f0ilag\u00f0ir Am 3.14; 7.9 \u2013 enginn bjargast Am 2.13-16; 5.19<br \/>\n<b>9.2-4<\/b> \u00c9g leita \u00fe\u00e1 uppi Jer 23.23-24; \u00d3b 4; sbr Slm 139.7-12<br \/>\n<b>9.3<\/b> Ormurinn Job 41<br \/>\n<b>9.4<\/b> \u00d3gnvekjandi a\u00f0g\u00e6tni Gu\u00f0s Job 7.17-19; 14.16; Jer 21.10; sbr Slm 139.16<br \/>\n<b>9.5<\/b> Lofs\u00f6ngur Am 4.13+ &#8211; j\u00f6r\u00f0in gengur \u00ed bylgjum Slm 104.32; sbr Am 1.1; 8.8<br \/>\n<b>9.7<\/b> Fr\u00e1 Egyptalandi Am 2.10+ ; sbr 5M\u00f3s 32.8-9 \u2013 Filistear, Kaft\u00f3r Am 1.6-8; 5M\u00f3s 2.23; Jer 47.4 \u2013 Aramea, K\u00edr Am 1.3-5<br \/>\n<b>9.8<\/b> Ekki a\u00f0 fullu Am 5.15; Jer 30.11<br \/>\n<b>9.9<\/b> Sigti Jes 30.28; L\u00fak 22.31<br \/>\n<b>9.10<\/b> Ekki yfir oss Jes 28.15; Jer 5.12; M\u00edk 3.11; Sef 1.12; sbr 2P\u00e9t 3.9-10<br \/>\n<b>9.11-12<\/b> Sbr Post 15.16-17<br \/>\n<b>9.11<\/b> Tjaldb\u00fa\u00f0 Dav\u00ed\u00f0s endurreist Jes 9.2-7; 11.1-9<br \/>\n<b>9.12<\/b> Yfirr\u00e1\u00f0 1M\u00f3s 22.17; 4M\u00f3s 24.17-19; \u00d3b 19<br \/>\n<b>9.13<\/b> Allsn\u00e6gtir 3M\u00f3s 26.5; Jl 4.18<br \/>\n<b>9.14<\/b> Sn\u00faa vi\u00f0 h\u00f6gum H\u00f3s 6.11+ &#8211; endurreisn Jes 61.4; Esk 36.33-36 \u2013 vels\u00e6ld Jes 62.8-9; Esk 36.33; sbr Am 5.11<br \/>\n<b>9.15<\/b> Ekki uppr\u00e6ttir Jes 60.21; Jer 24.6; 31.28<\/div>\n","protected":false},"excerpt":{"rendered":"<p>1\u00c9g s\u00e1 Drottin standa vi\u00f0 altari\u00f0, og hann sag\u00f0i: Sl\u00e1 \u00fe\u00fa \u00e1 s\u00faluh\u00f6fu\u00f0i\u00f0, svo a\u00f0 \u00fer\u00f6skuldarnir skj\u00e1lfi. Brj\u00f3t \u00fe\u00e1 sundur og kasta \u00ed h\u00f6fu\u00f0 \u00feeim \u00f6llum. Og s\u00ed\u00f0ustu leifar \u00feeirra vil \u00e9g dey\u00f0a me\u00f0 sver\u00f0i, enginn \u00feeirra skal komast undan \u00e1 fl\u00f3tta og enginn \u00feeirra bjargast.2\u00de\u00f3tt \u00feeir brj\u00f3tist ni\u00f0ur \u00ed undirheima, \u00fe\u00e1 skal h\u00f6nd m\u00edn s\u00e6kja \u00fe\u00e1 \u00feanga\u00f0, \u00fe\u00f3tt \u00feeir st\u00edgi upp til himins, \u00fe\u00e1 skal \u00e9g steypa \u00feeim ofan \u00fea\u00f0an.3\u00de\u00f3tt \u00feeir feli sig \u00e1 Karmeltindi, \u00fe\u00e1 skal \u00e9g leita \u00fe\u00e1 \u00fear uppi og s\u00e6kja \u00fe\u00e1 \u00feanga\u00f0, og \u00fe\u00f3tt \u00feeir vilji leynast fyrir augum m\u00ednum \u00e1 mararbotni, skal \u00e9g \u00fear <a href=\"https:\/\/biblian.is\/1981\/amos-9-kafli\/\"> [&#8230;]<\/a><\/p>\n","protected":false},"author":1,"featured_media":0,"parent":0,"menu_order":0,"comment_status":"open","ping_status":"open","template":"bibliukaflar.php","meta":{"footnotes":""},"class_list":["post-2235","page","type-page","status-publish","hentry"],"_links":{"self":[{"href":"https:\/\/biblian.is\/1981\/wp-json\/wp\/v2\/pages\/2235","targetHints":{"allow":["GET"]}}],"collection":[{"href":"https:\/\/biblian.is\/1981\/wp-json\/wp\/v2\/pages"}],"about":[{"href":"https:\/\/biblian.is\/1981\/wp-json\/wp\/v2\/types\/page"}],"author":[{"embeddable":true,"href":"https:\/\/biblian.is\/1981\/wp-json\/wp\/v2\/users\/1"}],"replies":[{"embeddable":true,"href":"https:\/\/biblian.is\/1981\/wp-json\/wp\/v2\/comments?post=2235"}],"version-history":[{"count":0,"href":"https:\/\/biblian.is\/1981\/wp-json\/wp\/v2\/pages\/2235\/revisions"}],"wp:attachment":[{"href":"https:\/\/biblian.is\/1981\/wp-json\/wp\/v2\/media?parent=2235"}],"curies":[{"name":"wp","href":"https:\/\/api.w.org\/{rel}","templated":true}]}}