{"id":2233,"date":"2017-11-18T20:20:52","date_gmt":"2017-11-18T20:20:52","guid":{"rendered":"http:\/\/biblian.is\/1981\/amos-7-kafli\/"},"modified":"2021-06-06T10:50:29","modified_gmt":"2021-06-06T10:50:29","slug":"amos-7-kafli","status":"publish","type":"page","link":"https:\/\/biblian.is\/1981\/amos-7-kafli\/","title":{"rendered":"Amos 7. kafli"},"content":{"rendered":"<p><a name=\"1\"><span class=\"versanumer\">1<\/span><\/a>Drottinn Gu\u00f0 l\u00e9t \u00feessa s\u00fdn bera fyrir mig: \u00dea\u00f0 voru komnar engisprettulirfur, \u00fe\u00e1 er h\u00e1in t\u00f3k til a\u00f0 spretta eftir konungssl\u00e1tt.<a name=\"2\"><span class=\"versanumer\">2<\/span><\/a>En er \u00fe\u00e6r h\u00f6f\u00f0u gj\u00f6reti\u00f0 grasi\u00f0 af j\u00f6r\u00f0inni, sag\u00f0i \u00e9g: Drottinn Gu\u00f0, \u00e6 fyrirgef! Hversu m\u00e1 Jakob standast? Hann er svo vesall!<a name=\"3\"><span class=\"versanumer\">3<\/span><\/a>\u00de\u00e1 i\u00f0ra\u00f0i Drottin \u00feessa. \u00dea\u00f0 skal ekki ver\u00f0a! sag\u00f0i Drottinn.<a name=\"4\"><span class=\"versanumer\">4<\/span><\/a>Drottinn Gu\u00f0 l\u00e9t \u00feessa s\u00fdn bera fyrir mig: Drottinn Gu\u00f0 kom til \u00feess a\u00f0 hegna me\u00f0 eldi, og hann svalg hi\u00f0 mikla dj\u00fap og eyddi landi\u00f0.<a name=\"5\"><span class=\"versanumer\">5<\/span><\/a>\u00de\u00e1 sag\u00f0i \u00e9g: \u00c6, Drottinn Gu\u00f0, l\u00e1t af! Hversu m\u00e1 Jakob standast? Hann er svo vesall!<a name=\"6\"><span class=\"versanumer\">6<\/span><\/a>\u00de\u00e1 i\u00f0ra\u00f0i Drottin \u00feessa. \u00deetta skal ekki heldur ver\u00f0a! sag\u00f0i Drottinn.<a name=\"7\"><span class=\"versanumer\">7<\/span><\/a>Hann l\u00e9t \u00feessa s\u00fdn bera fyrir mig: Sj\u00e1, Drottinn st\u00f3\u00f0 uppi \u00e1 l\u00f3\u00f0r\u00e9ttum m\u00farvegg og h\u00e9lt \u00e1 l\u00f3\u00f0i.<a name=\"8\"><span class=\"versanumer\">8<\/span><\/a>Og Drottinn sag\u00f0i vi\u00f0 mig: Hva\u00f0 s\u00e9r \u00fe\u00fa, Amos? \u00c9g svara\u00f0i: L\u00f3\u00f0. \u00de\u00e1 sag\u00f0i Drottinn: Sj\u00e1, \u00e9g mun l\u00f3\u00f0 nota mitt \u00e1 me\u00f0al l\u00fd\u00f0s m\u00edns \u00cdsraels, \u00e9g vil eigi lengur umbera hann.<a name=\"9\"><span class=\"versanumer\">9<\/span><\/a>H\u00e6\u00f0ir \u00cdsaks skulu \u00ed ey\u00f0i lag\u00f0ar ver\u00f0a og helgid\u00f3mar \u00cdsraels eyddir ver\u00f0a, og \u00e9g vil r\u00edsa gegn Jer\u00f3b\u00f3ams \u00e6tt me\u00f0 reiddu sver\u00f0i.<a name=\"10\"><span class=\"versanumer\">10<\/span><\/a>Amas\u00eda prestur \u00ed Betel sendi bo\u00f0 til Jer\u00f3b\u00f3ams \u00cdsraelskonungs og l\u00e9t segja: Amos kveikir uppreisn gegn \u00fe\u00e9r mitt \u00ed \u00cdsraelsr\u00edki. Landi\u00f0 f\u00e6r eigi \u00feola\u00f0 \u00f6ll or\u00f0 hans.<a name=\"11\"><span class=\"versanumer\">11<\/span><\/a>\u00dev\u00ed a\u00f0 svo hefir Amos sagt: Jer\u00f3b\u00f3am mun fyrir sver\u00f0i falla og \u00cdsrael mun herleiddur ver\u00f0a burt \u00far landi s\u00ednu.<a name=\"12\"><span class=\"versanumer\">12<\/span><\/a>S\u00ed\u00f0an sag\u00f0i Amas\u00eda vi\u00f0 Amos: Haf \u00feig \u00e1 burt, vitranama\u00f0ur, fl\u00fd til J\u00fadalands! Afla \u00fe\u00e9r \u00fear vi\u00f0urv\u00e6ris og sp\u00e1 \u00fe\u00fa \u00fear!<a name=\"13\"><span class=\"versanumer\">13<\/span><\/a>En \u00ed Betel m\u00e1tt \u00fe\u00fa eigi framar koma fram sem sp\u00e1ma\u00f0ur, \u00fev\u00ed a\u00f0 h\u00e9r er konunglegur helgid\u00f3mur og r\u00edkismusteri.<a name=\"14\"><span class=\"versanumer\">14<\/span><\/a>\u00de\u00e1 svara\u00f0i Amos og sag\u00f0i vi\u00f0 Amas\u00eda: \u00c9g er enginn sp\u00e1ma\u00f0ur, og \u00e9g er ekki af sp\u00e1mannaflokki, heldur er \u00e9g hjar\u00f0ma\u00f0ur og r\u00e6kta m\u00f3rber.<a name=\"15\"><span class=\"versanumer\">15<\/span><\/a>En Drottinn t\u00f3k mig fr\u00e1 hjar\u00f0mennskunni og sag\u00f0i vi\u00f0 mig: Far \u00fe\u00fa og sp\u00e1 \u00fe\u00fa hj\u00e1 l\u00fd\u00f0 m\u00ednum \u00cdsrael.<a name=\"16\"><span class=\"versanumer\">16<\/span><\/a>Og heyr \u00fev\u00ed or\u00f0 Drottins: \u00de\u00fa segir: \u00de\u00fa m\u00e1tt eigi sp\u00e1 gegn \u00cdsrael n\u00e9 l\u00e1ta or\u00f0 \u00fe\u00edn streyma yfir \u00cdsaks ni\u00f0ja.<a name=\"17\"><span class=\"versanumer\">17<\/span><\/a>Fyrir \u00fev\u00ed segir Drottinn svo: Konan \u00fe\u00edn skal ver\u00f0a sk\u00e6kja h\u00e9r \u00ed borginni, og synir \u00fe\u00ednir og d\u00e6tur skulu fyrir sver\u00f0i falla. J\u00f6r\u00f0 \u00feinni skal sundur skipt ver\u00f0a me\u00f0 m\u00e6liva\u00f0, og \u00fe\u00fa sj\u00e1lfur skalt deyja \u00ed \u00f3hreinu landi. Og \u00cdsraelsmenn skulu fara herleiddir af landi s\u00ednu.<\/p>\n<div class=\"footnote1981\"><b>7.1<\/b> Engisprettur 5M\u00f3s 28.38; Jl 1.4-7<br \/>\n<b>7.2<\/b> Me\u00f0alganga fyrir \u00cdsrael 2M\u00f3s 32.11-13; 4M\u00f3s 14.13-19 \u2013 sp\u00e1ma\u00f0urinn er me\u00f0algangari 1Kon 18.42; Jes 37.4; Jer 14.7-12; sbr 1M\u00f3s 20.7; 4M\u00f3s 11.2; 21.7; Jak 5.16-18<br \/>\n<b>7.3<\/b> Drottin i\u00f0rast Am 7.6,8; Jer 18.8; 26.3; J\u00f3n 3.10<br \/>\n<b>7.4<\/b> Eldur Jes 66.16; Esk 21.1-4<br \/>\n<b>7.7-8<\/b> \u00cdsrael, hrynjandi m\u00far Esk 13.8-12; Hlj 2.8; sbr 2Kon 21.13<br \/>\n<b>7.9<\/b> H\u00e6\u00f0ir H\u00f3s 4.13 \u2013 ey\u00f0a 2Kon 23.15-16; H\u00f3s 10.8<br \/>\n<b>7.10<\/b> Betel Am 3.14; 4.4+ &#8211; gerir uppreisn 1Kon 18.17; Jer 26.8-11 \u2013 Jer\u00f3b\u00f3am Am 1.1+<br \/>\n<b>7.11<\/b> Falla fyrir sver\u00f0i Am 7.9; 9.4,10 \u2013 \u00fatleg\u00f0 Am 5.27+<br \/>\n<b>7.13<\/b> Banna\u00f0 a\u00f0 sp\u00e1 Am 2.12+<br \/>\n<b>7.14<\/b> Ekki l\u00e6risveinn sp\u00e1manns 1Sam 10.10; 1Kon 20.35; 2Kon 2.3 \u2013 fj\u00e1rhir\u00f0ir sbr Am 1.1<br \/>\n<b>7.15<\/b> S\u00f3tti mig til hjar\u00f0arinnar 2Sam 7.8; Slm 78.71 \u2013 k\u00f6llun Amosar sbr Am 3.8<br \/>\n<b>7.17<\/b> Hirting Amas\u00eda sbr 5M\u00f3s 28.30-33; H\u00f3s 9.3; M\u00edk 2.4<\/div>\n","protected":false},"excerpt":{"rendered":"<p>1Drottinn Gu\u00f0 l\u00e9t \u00feessa s\u00fdn bera fyrir mig: \u00dea\u00f0 voru komnar engisprettulirfur, \u00fe\u00e1 er h\u00e1in t\u00f3k til a\u00f0 spretta eftir konungssl\u00e1tt.2En er \u00fe\u00e6r h\u00f6f\u00f0u gj\u00f6reti\u00f0 grasi\u00f0 af j\u00f6r\u00f0inni, sag\u00f0i \u00e9g: Drottinn Gu\u00f0, \u00e6 fyrirgef! Hversu m\u00e1 Jakob standast? Hann er svo vesall!3\u00de\u00e1 i\u00f0ra\u00f0i Drottin \u00feessa. \u00dea\u00f0 skal ekki ver\u00f0a! sag\u00f0i Drottinn.4Drottinn Gu\u00f0 l\u00e9t \u00feessa s\u00fdn bera fyrir mig: Drottinn Gu\u00f0 kom til \u00feess a\u00f0 hegna me\u00f0 eldi, og hann svalg hi\u00f0 mikla dj\u00fap og eyddi landi\u00f0.5\u00de\u00e1 sag\u00f0i \u00e9g: \u00c6, Drottinn Gu\u00f0, l\u00e1t af! Hversu m\u00e1 Jakob standast? Hann er svo vesall!6\u00de\u00e1 i\u00f0ra\u00f0i Drottin \u00feessa. \u00deetta skal ekki heldur ver\u00f0a! sag\u00f0i <a href=\"https:\/\/biblian.is\/1981\/amos-7-kafli\/\"> [&#8230;]<\/a><\/p>\n","protected":false},"author":1,"featured_media":0,"parent":0,"menu_order":0,"comment_status":"open","ping_status":"open","template":"bibliukaflar.php","meta":{"footnotes":""},"class_list":["post-2233","page","type-page","status-publish","hentry"],"_links":{"self":[{"href":"https:\/\/biblian.is\/1981\/wp-json\/wp\/v2\/pages\/2233","targetHints":{"allow":["GET"]}}],"collection":[{"href":"https:\/\/biblian.is\/1981\/wp-json\/wp\/v2\/pages"}],"about":[{"href":"https:\/\/biblian.is\/1981\/wp-json\/wp\/v2\/types\/page"}],"author":[{"embeddable":true,"href":"https:\/\/biblian.is\/1981\/wp-json\/wp\/v2\/users\/1"}],"replies":[{"embeddable":true,"href":"https:\/\/biblian.is\/1981\/wp-json\/wp\/v2\/comments?post=2233"}],"version-history":[{"count":0,"href":"https:\/\/biblian.is\/1981\/wp-json\/wp\/v2\/pages\/2233\/revisions"}],"wp:attachment":[{"href":"https:\/\/biblian.is\/1981\/wp-json\/wp\/v2\/media?parent=2233"}],"curies":[{"name":"wp","href":"https:\/\/api.w.org\/{rel}","templated":true}]}}