{"id":2224,"date":"2017-11-18T20:20:46","date_gmt":"2017-11-18T20:20:46","guid":{"rendered":"http:\/\/biblian.is\/1981\/joel-1-kafli\/"},"modified":"2018-01-13T23:18:12","modified_gmt":"2018-01-13T23:18:12","slug":"joel-1-kafli","status":"publish","type":"page","link":"https:\/\/biblian.is\/1981\/joel-1-kafli\/","title":{"rendered":"J\u00f3el 1. kafli"},"content":{"rendered":"<p><a name=\"1\"><span class=\"versanumer\">1<\/span><\/a>Or\u00f0 Drottins, sem kom til J\u00f3els Pet\u00faelssonar.<a name=\"2\"><span class=\"versanumer\">2<\/span><\/a>Heyri\u00f0 \u00feetta, \u00fe\u00e9r \u00f6ldungar, og hlusti\u00f0, allir \u00edb\u00faar landsins! Hefir sl\u00edkt nokkurn t\u00edma til bori\u00f0 \u00e1 y\u00f0ar d\u00f6gum e\u00f0a \u00e1 d\u00f6gum fe\u00f0ra y\u00f0ar?<a name=\"3\"><span class=\"versanumer\">3<\/span><\/a>Segi\u00f0 b\u00f6rnum y\u00f0ar fr\u00e1 \u00fev\u00ed og b\u00f6rn y\u00f0ar s\u00ednum b\u00f6rnum og b\u00f6rn \u00feeirra komandi kynsl\u00f3\u00f0.<a name=\"4\"><span class=\"versanumer\">4<\/span><\/a>\u00dea\u00f0 sem nagarinn leif\u00f0i, \u00fea\u00f0 \u00e1t \u00e1tvargurinn, \u00fea\u00f0 sem \u00e1tvargurinn leif\u00f0i, upp \u00e1t flysjarinn, og \u00fea\u00f0 sem flysjarinn leif\u00f0i, upp \u00e1t jar\u00f0vargurinn.<a name=\"5\"><span class=\"versanumer\">5<\/span><\/a>Vakni\u00f0, \u00fe\u00e9r ofdrykkjumenn, og gr\u00e1ti\u00f0! Kveini\u00f0 allir \u00fe\u00e9r, sem v\u00edn drekki\u00f0, yfir \u00fev\u00ed a\u00f0 v\u00ednberjaleginum er kippt burt fr\u00e1 munni y\u00f0ar.<a name=\"6\"><span class=\"versanumer\">6<\/span><\/a>\u00dev\u00ed a\u00f0 voldug \u00fej\u00f3\u00f0 og \u00f3t\u00f6luleg hefir fari\u00f0 yfir land mitt, tennur hennar eru sem lj\u00f3nstennur og jaxlar hennar sem d\u00fdrsins \u00f3arga.<a name=\"7\"><span class=\"versanumer\">7<\/span><\/a>H\u00fan hefir eytt v\u00edntr\u00e9 m\u00edn og broti\u00f0 f\u00edkjutr\u00e9 m\u00edn, h\u00fan hefir flegi\u00f0 allan b\u00f6rk af \u00feeim og varpa\u00f0 \u00feeim um koll, greinar \u00feeirra ur\u00f0u hv\u00edtar.<a name=\"8\"><span class=\"versanumer\">8<\/span><\/a>Kveina \u00fe\u00fa eins og m\u00e6r, sem kl\u00e6\u00f0ist sorgarb\u00faningi vegna unnusta \u00e6sku sinnar.<a name=\"9\"><span class=\"versanumer\">9<\/span><\/a>Matf\u00f3rnir og dreypif\u00f3rnir eru numdar burt \u00far h\u00fasi Drottins, prestarnir, \u00fej\u00f3nar Drottins, eru hryggir.<a name=\"10\"><span class=\"versanumer\">10<\/span><\/a>Vellirnir eru eyddir, akurlendi\u00f0 dr\u00fapir, \u00fev\u00ed a\u00f0 korni\u00f0 er eytt, v\u00ednberjal\u00f6gurinn hefir brug\u00f0ist og ol\u00edan er \u00feornu\u00f0.<a name=\"11\"><span class=\"versanumer\">11<\/span><\/a>Akurmennirnir eru sneyptir, v\u00ednyrkjumennirnir kveina, vegna hveitisins og byggsins, \u00fev\u00ed a\u00f0 \u00fats\u00e9\u00f0 er um nokkra uppskeru af akrinum.<a name=\"12\"><span class=\"versanumer\">12<\/span><\/a>V\u00ednvi\u00f0urinn er uppskr\u00e6lna\u00f0ur, f\u00edkjutr\u00e9n f\u00f6lnu\u00f0, granateplatr\u00e9n, p\u00e1lmavi\u00f0urinn og apaldurinn, \u00f6ll tr\u00e9 merkurinnar eru upp\u00feornu\u00f0, j\u00e1, \u00f6ll gle\u00f0i er horfin fr\u00e1 mannanna b\u00f6rnum.<a name=\"13\"><span class=\"versanumer\">13<\/span><\/a>Gyr\u00f0ist h\u00e6rusekk og harmi\u00f0, \u00fe\u00e9r prestar! Kveini\u00f0, \u00fe\u00e9r altaris\u00fej\u00f3nar! Komi\u00f0, veri\u00f0 \u00e1 n\u00e6turnar \u00ed h\u00e6rusekk, \u00fe\u00e9r \u00fej\u00f3nar Gu\u00f0s m\u00edns, \u00fev\u00ed a\u00f0 matf\u00f3rn og dreypif\u00f3rn eru burt numdar \u00far h\u00fasi Gu\u00f0s y\u00f0ar.<a name=\"14\"><span class=\"versanumer\">14<\/span><\/a>Stofni\u00f0 til helgrar f\u00f6stu, bo\u00f0i\u00f0 h\u00e1t\u00ed\u00f0arstefnu. Kalli\u00f0 saman \u00f6ldungana, alla \u00edb\u00faa landsins \u00ed h\u00fasi Drottins, Gu\u00f0s y\u00f0ar, og hr\u00f3pi\u00f0 til Drottins.<a name=\"15\"><span class=\"versanumer\">15<\/span><\/a>\u00c6, s\u00e1 dagur! \u00dev\u00ed a\u00f0 dagur Drottins er n\u00e1l\u00e6gur, og hann kemur sem ey\u00f0ing fr\u00e1 hinum Alm\u00e1ttka.<a name=\"16\"><span class=\"versanumer\">16<\/span><\/a>Hefir ekki f\u00e6\u00f0an veri\u00f0 hrifin burt fyrir augum vorum og er ekki gle\u00f0i og f\u00f6gnu\u00f0ur horfinn \u00far h\u00fasi Gu\u00f0s vors?<a name=\"17\"><span class=\"versanumer\">17<\/span><\/a>Fr\u00e6kornin liggja skorpnu\u00f0 undir moldark\u00f6kkunum, for\u00f0ab\u00farin eru eydd, kornhl\u00f6\u00f0urnar ni\u00f0urrifnar, \u00fev\u00ed a\u00f0 korni\u00f0 er uppskr\u00e6lna\u00f0.<a name=\"18\"><span class=\"versanumer\">18<\/span><\/a>\u00d3, hversu skepnurnar stynja, nautahjar\u00f0irnar r\u00e1sa \u00e6r\u00f0ar, af \u00fev\u00ed a\u00f0 \u00fe\u00e6r hafa engan haga, sau\u00f0ahjar\u00f0irnar \u00feola og nau\u00f0.<a name=\"19\"><span class=\"versanumer\">19<\/span><\/a>Til \u00fe\u00edn, Drottinn, kalla \u00e9g, \u00fev\u00ed a\u00f0 eldur hefir eytt hagaspildum ey\u00f0imerkurinnar og logi svi\u00f0i\u00f0 \u00f6ll tr\u00e9 merkurinnar.<a name=\"20\"><span class=\"versanumer\">20<\/span><\/a>Jafnvel d\u00fdr merkurinnar m\u00e6na til \u00fe\u00edn, \u00fev\u00ed a\u00f0 vatnsl\u00e6kirnir eru upp\u00feorna\u00f0ir og eldur hefir eytt hagaspildum ey\u00f0imerkurinnar.<\/p>\n<div class=\"footnote1981\"><b>1.4<\/b> Engisprettur 2M\u00f3s 10.1-15; 5M\u00f3s 28.32; 1Kon 8.37; Am 7.1-2, Mal 3.11; Slm 105.34-35; Opb 9.3-9<br \/>\n<b>1.5<\/b> Drykkjusvolar Jes 5.11; 28.7-8, 56.12; Am 4.1; SSal 2.7-9<br \/>\n<b>1.6<\/b> Lj\u00f3nstennur Opb 9.8<br \/>\n<b>1.7<\/b> V\u00ednvi\u00f0ur og f\u00edkjutr\u00e9 1Kon 5.5; M\u00edk 4.4; Sak 3.10; sbr Jes 5.1, Slm 80.9-19<br \/>\n<b>1.10<\/b> Engin eydd H\u00f3s 4.3 \u2013 korn, v\u00ednl\u00f6gur, ol\u00eda Jl 2.19; 1M\u00f3s 27.28; 4M\u00f3s 18.12; 5M\u00f3s 7.13; 2Kon 18.32; Jes 36.17, H\u00f3s 2.7,24<br \/>\n<b>1.12<\/b> Skr\u00e6lna\u00f0, visi\u00f0 Am 4.7-9 \u2013 gle\u00f0in horfin Jes 16.10; Jer 25.10<br \/>\n<b>1.14<\/b> Fasta Jl 2.12-13,15-17; J\u00f3n 3.5-9; sbr 1Kon 21.9; Esr 8.21; Neh 9.1 \u2013 hr\u00f3pa til Drottins Jl 1.19-20; 2M\u00f3s 14.10; 5M\u00f3s 26.7; D\u00f3m 3.9,15, 10.12; 1Sam 7.8, Jes 19.20, J\u00f3n 3.8; M\u00edk 3.4; Slm 3.5, 4.2,4 o.\u00e1fr.; L\u00fak 18.7<br \/>\n<b>1.15<\/b> Dagur Drottins Jl 2.1-2,11; 3.4,19; Jes 13.6,9; Esk 30.2-3; Am 5.18; \u00d3b 15; Sef 1.7,14-15; Sak 14.1; Mal 3.2-5,19-21; sbr H\u00f3s 1.5+<br \/>\n<b>1.16<\/b> Gle\u00f0i og f\u00f6gnu\u00f0ur Jes 35.10; 51.11; Slm 14.7; Matt 5.12 \u2013 svipt burt Jes 16.10; Jer 48.33<br \/>\n<b>1.18<\/b> D\u00fdrin barma s\u00e9r H\u00f3s 4.3+ ; Jer 14.3-6, J\u00f3n 3.7; Slm 135.8<br \/>\n<b>1.19<\/b> Kalla til Drottins Jl 1.14+ ; Slm 28.1; 30.9; 86.3 \u2013 eldur, t\u00e1kn ey\u00f0ingar Jl 2.3; Am 1.4,7,10,14; 2.2,5<\/div>\n","protected":false},"excerpt":{"rendered":"<p>1Or\u00f0 Drottins, sem kom til J\u00f3els Pet\u00faelssonar.2Heyri\u00f0 \u00feetta, \u00fe\u00e9r \u00f6ldungar, og hlusti\u00f0, allir \u00edb\u00faar landsins! Hefir sl\u00edkt nokkurn t\u00edma til bori\u00f0 \u00e1 y\u00f0ar d\u00f6gum e\u00f0a \u00e1 d\u00f6gum fe\u00f0ra y\u00f0ar?3Segi\u00f0 b\u00f6rnum y\u00f0ar fr\u00e1 \u00fev\u00ed og b\u00f6rn y\u00f0ar s\u00ednum b\u00f6rnum og b\u00f6rn \u00feeirra komandi kynsl\u00f3\u00f0.4\u00dea\u00f0 sem nagarinn leif\u00f0i, \u00fea\u00f0 \u00e1t \u00e1tvargurinn, \u00fea\u00f0 sem \u00e1tvargurinn leif\u00f0i, upp \u00e1t flysjarinn, og \u00fea\u00f0 sem flysjarinn leif\u00f0i, upp \u00e1t jar\u00f0vargurinn.5Vakni\u00f0, \u00fe\u00e9r ofdrykkjumenn, og gr\u00e1ti\u00f0! Kveini\u00f0 allir \u00fe\u00e9r, sem v\u00edn drekki\u00f0, yfir \u00fev\u00ed a\u00f0 v\u00ednberjaleginum er kippt burt fr\u00e1 munni y\u00f0ar.6\u00dev\u00ed a\u00f0 voldug \u00fej\u00f3\u00f0 og \u00f3t\u00f6luleg hefir fari\u00f0 yfir land mitt, tennur hennar eru sem lj\u00f3nstennur og <a href=\"https:\/\/biblian.is\/1981\/joel-1-kafli\/\"> [&#8230;]<\/a><\/p>\n","protected":false},"author":1,"featured_media":0,"parent":0,"menu_order":0,"comment_status":"open","ping_status":"open","template":"bibliukaflar.php","meta":{"footnotes":""},"class_list":["post-2224","page","type-page","status-publish","hentry"],"_links":{"self":[{"href":"https:\/\/biblian.is\/1981\/wp-json\/wp\/v2\/pages\/2224","targetHints":{"allow":["GET"]}}],"collection":[{"href":"https:\/\/biblian.is\/1981\/wp-json\/wp\/v2\/pages"}],"about":[{"href":"https:\/\/biblian.is\/1981\/wp-json\/wp\/v2\/types\/page"}],"author":[{"embeddable":true,"href":"https:\/\/biblian.is\/1981\/wp-json\/wp\/v2\/users\/1"}],"replies":[{"embeddable":true,"href":"https:\/\/biblian.is\/1981\/wp-json\/wp\/v2\/comments?post=2224"}],"version-history":[{"count":0,"href":"https:\/\/biblian.is\/1981\/wp-json\/wp\/v2\/pages\/2224\/revisions"}],"wp:attachment":[{"href":"https:\/\/biblian.is\/1981\/wp-json\/wp\/v2\/media?parent=2224"}],"curies":[{"name":"wp","href":"https:\/\/api.w.org\/{rel}","templated":true}]}}