{"id":2213,"date":"2017-11-18T20:20:46","date_gmt":"2017-11-18T20:20:46","guid":{"rendered":"http:\/\/biblian.is\/1981\/hosea-4-kafli\/"},"modified":"2017-11-18T20:20:46","modified_gmt":"2017-11-18T20:20:46","slug":"hosea-4-kafli","status":"publish","type":"page","link":"https:\/\/biblian.is\/1981\/hosea-4-kafli\/","title":{"rendered":"H\u00f3sea 4. kafli"},"content":{"rendered":"<p><a name=\"1\"><span class=\"versanumer\">1<\/span><\/a>Heyri\u00f0 or\u00f0 Drottins, \u00fe\u00e9r \u00cdsraelsmenn! \u00dev\u00ed a\u00f0 Drottinn hefir m\u00e1l a\u00f0 k\u00e6ra gegn \u00edb\u00faum landsins, \u00fev\u00ed a\u00f0 \u00ed landinu er engin tr\u00fafesti, n\u00e9 k\u00e6rleikur, n\u00e9 \u00feekking \u00e1 Gu\u00f0i.<a name=\"2\"><span class=\"versanumer\">2<\/span><\/a>\u00deeir sverja og lj\u00faga, myr\u00f0a og stela og hafa fram hj\u00e1. \u00deeir brj\u00f3tast inn \u00ed h\u00fas, og hvert mannv\u00edgi\u00f0 tekur vi\u00f0 af \u00f6\u00f0ru.<a name=\"3\"><span class=\"versanumer\">3<\/span><\/a>Fyrir \u00fev\u00ed dr\u00fapir landi\u00f0, og allt visnar sem \u00ed \u00fev\u00ed er, jafnvel d\u00fdr merkurinnar og fuglar himinsins, og enda fiskarnir \u00ed sj\u00f3num eru hrifnir burt.<a name=\"4\"><span class=\"versanumer\">4<\/span><\/a>\u00de\u00f3 \u00e1v\u00edti enginn og \u00e1lasi enginn. En \u00e1 y\u00f0ur deili \u00e9g, \u00fe\u00e9r prestar.<a name=\"5\"><span class=\"versanumer\">5<\/span><\/a>\u00de\u00e9r skulu\u00f0 steypast \u00e1 degi, og jafnvel sp\u00e1mennirnir skulu steypast me\u00f0 y\u00f0ur \u00e1 n\u00f3ttu, og \u00e9g vil afm\u00e1 m\u00f3\u00f0ur y\u00f0ar, \u00cdsrael.<a name=\"6\"><span class=\"versanumer\">6<\/span><\/a>L\u00fd\u00f0ur minn ver\u00f0ur afm\u00e1\u00f0ur, af \u00fev\u00ed a\u00f0 hann hefir enga \u00feekking. Af \u00fev\u00ed a\u00f0 \u00fe\u00e9r hafi\u00f0 hafna\u00f0 \u00feekkingunni, \u00fe\u00e1 vil \u00e9g hafna y\u00f0ur, svo a\u00f0 \u00fe\u00e9r s\u00e9u\u00f0 ekki prestar fyrir mig, og me\u00f0 \u00fev\u00ed a\u00f0 \u00fe\u00e9r hafi\u00f0 gleymt l\u00f6gm\u00e1li Gu\u00f0s y\u00f0ar, \u00fe\u00e1 vil \u00e9g og gleyma b\u00f6rnum y\u00f0ar.<a name=\"7\"><span class=\"versanumer\">7<\/span><\/a>\u00dev\u00ed voldugri sem \u00feeir ur\u00f0u, \u00fev\u00ed meir syndgu\u00f0u \u00feeir gegn m\u00e9r. Vegsemd sinni skipta \u00feeir fyrir sm\u00e1n.<a name=\"8\"><span class=\"versanumer\">8<\/span><\/a>\u00deeir lifa af synd l\u00fd\u00f0s m\u00edns, og \u00fe\u00e1 langar \u00ed misgj\u00f6r\u00f0 \u00feeirra.<a name=\"9\"><span class=\"versanumer\">9<\/span><\/a>En fyrir l\u00fd\u00f0num skal fara eins og fyrir prestunum: \u00c9g skal hegna honum fyrir ath\u00e6fi hans og gjalda honum fyrir verk hans.<a name=\"10\"><span class=\"versanumer\">10<\/span><\/a>\u00deeir skulu eta, en \u00fe\u00f3 ekki saddir ver\u00f0a, \u00feeir skulu h\u00f3rast, en engan una\u00f0 af \u00fev\u00ed hafa, \u00fev\u00ed a\u00f0 \u00feeir hafa yfirgefi\u00f0 Drottin.<a name=\"11\"><span class=\"versanumer\">11<\/span><\/a>H\u00f3r, v\u00edn og v\u00ednberjal\u00f6gur tekur viti\u00f0 burt.<a name=\"12\"><span class=\"versanumer\">12<\/span><\/a>L\u00fd\u00f0ur minn gengur til fr\u00e9tta vi\u00f0 tr\u00e9drumb sinn, og stafsproti hans veitir honum andsv\u00f6r. \u00dev\u00ed a\u00f0 h\u00f3rd\u00f3msandi hefir leitt \u00fe\u00e1 afvega, svo a\u00f0 \u00feeir dr\u00fdgja h\u00f3r, \u00f3tr\u00fair Gu\u00f0i s\u00ednum.<a name=\"13\"><span class=\"versanumer\">13<\/span><\/a>Efst uppi \u00e1 fj\u00f6llunum f\u00f3rna \u00feeir sl\u00e1turf\u00f3rnum, og \u00e1 f\u00f3rnarh\u00e6\u00f0unum f\u00e6ra \u00feeir reykelsisf\u00f3rnir, undir eikum, \u00f6spum og terebintum, \u00fev\u00ed a\u00f0 skuggi \u00feeirra er ununarfullur. Fyrir \u00fev\u00ed dr\u00fdgja d\u00e6tur y\u00f0ar h\u00f3r og fyrir \u00fev\u00ed hafa y\u00f0ar ungu konur fram hj\u00e1.<a name=\"14\"><span class=\"versanumer\">14<\/span><\/a>\u00c9g vil ekki hegna d\u00e6trum y\u00f0ar fyrir \u00fea\u00f0 a\u00f0 \u00fe\u00e6r dr\u00fdgja h\u00f3r, n\u00e9 y\u00f0ar ungu konum fyrir \u00fea\u00f0 a\u00f0 \u00fe\u00e6r hafa fram hj\u00e1, \u00fev\u00ed a\u00f0 \u00feeir ganga sj\u00e1lfir afs\u00ed\u00f0is me\u00f0 portkonum og f\u00f3rna sl\u00e1turf\u00f3rnum me\u00f0 hofsk\u00e6kjum, og f\u00e1vitur l\u00fd\u00f0urinn steypir s\u00e9r \u00ed gl\u00f6tun.<a name=\"15\"><span class=\"versanumer\">15<\/span><\/a>\u00de\u00f3tt \u00fe\u00fa, \u00cdsrael, dr\u00fdgir h\u00f3r, \u00fe\u00e1 l\u00e1ti J\u00fada s\u00e9r \u00fea\u00f0 ekki \u00e1 ver\u00f0a. Fari\u00f0 eigi til Gilgal og gangi\u00f0 ekki upp til Betaven og sverji\u00f0 ekki: Svo sannarlega sem Drottinn lifir.<a name=\"16\"><span class=\"versanumer\">16<\/span><\/a>\u00cdsrael er or\u00f0inn baldinn, eins og baldin k\u00fdr. \u00c1 Drottinn n\u00fa a\u00f0 halda \u00feeim til haga eins og l\u00f6mbum \u00e1 v\u00ed\u00f0u haglendi?<a name=\"17\"><span class=\"versanumer\">17<\/span><\/a>Efra\u00edm er or\u00f0inn skur\u00f0go\u00f0a f\u00e9lagi. L\u00e1t hann eiga sig.<a name=\"18\"><span class=\"versanumer\">18<\/span><\/a>V\u00edndrykkja \u00feeirra hefir lent \u00ed spilling. \u00deeir dr\u00fdgja h\u00f3r, \u00feeir elska sv\u00edvir\u00f0inguna meir en hann, sem er tign \u00feeirra.<a name=\"19\"><span class=\"versanumer\">19<\/span><\/a>Vindbylur vefur \u00fe\u00e1 innan \u00ed v\u00e6ngi s\u00edna, svo a\u00f0 \u00feeir ver\u00f0i til skammar vegna altara sinna.<\/p>\n<div class=\"footnote1981\"><b>4.1<\/b> \u00c1k\u00e6ra Drottins H\u00f3s 2.4+ &#8211; tr\u00fafesti 2M\u00f3s 18.21; J\u00f3s 24.14; 1Kon 10.6,9 \u2013 k\u00e6rleikur H\u00f3s 2.21; 6.4-6; 10.12; 12.7 \u2013 tr\u00fafesti og k\u00e6rleikur 1M\u00f3s 47.29; 2M\u00f3s 34.6; J\u00f3s 2.14; Slm 86.11,15 \u2013 \u00feekking \u00e1 Gu\u00f0i H\u00f3s 4.6; 5.4; 6.6; Jer 5.4; 22.16<br \/>\n<b>4.2<\/b> Svik, mor\u00f0 \u00fej\u00f3fna\u00f0ur  &#8230; 2M\u00f3s 20.13-17; 3M\u00f3s 19.11; Jer 7.9<br \/>\n<b>4.3<\/b> J\u00f6r\u00f0in b\u00f6lvu\u00f0 vegna mannsins 1M\u00f3s 3.17; 6.5-7; Jes 24.4-6; 33.8-9; Jer 12.4; 23.10; H\u00f3s 2.23-25; Sef 1.3; Hag 1.10-11<br \/>\n<b>4.4<\/b> Drottinn \u00e1k\u00e6rir H\u00f3s 2.4+<br \/>\n<b>4.5<\/b> \u00cdsrael sem m\u00f3\u00f0ir H\u00f3s 2.4; Jes 50.1; Jer 31.15; sbr Jes 51.2<br \/>\n<b>4.6<\/b> Gu\u00f0s\u00feekking H\u00f3s 4.1+<br \/>\n<b>4.10<\/b> Ver\u00f0a ekki saddir M\u00edk 6.14<br \/>\n<b>4.11<\/b> Ruglun og \u00f6lvun Jes 28.7; Okv 26.9<br \/>\n<b>4.12<\/b> Dr\u00fdgja h\u00f3r H\u00f3s 1.2+<br \/>\n<b>4.13<\/b> \u00c1 h\u00e6\u00f0unum 5M\u00f3s 12.2; 1Kon 14.23; Jer 2.20<br \/>\n<b>4.14<\/b> Falsgu\u00f0ir d\u00fdrka\u00f0ir H\u00f3s 13.2; 4M\u00f3s 25.1; sbr 1Kor 10.8<br \/>\n<b>4.15<\/b> Gilgal H\u00f3s 9.15; 12.12; Am 5.5; J\u00f3s 4.19; 1Sam 11.14 \u2013 Betaven H\u00f3s 5.8; sbr Am 5.5 \u2013 Gilgal og Betaven sbr Am 4.4 \u2013 sem Drottinn lifir 1Sam 26.10,16; 1Kon 17.12; 18.10; Jer 38.16; o.\u00e1fr.<br \/>\n<b>4.17<\/b> Efra\u00edm 1M\u00f3s 41.52; H\u00f3s 7.1; 13.1, o.\u00e1fr.<br \/>\n<b>4.19<\/b> Ey\u00f0andi vindur H\u00f3s 13.15; Jer 4.11 \u2013 sm\u00e1n H\u00f3s 10.5-6; Jes 1.29<\/div>\n","protected":false},"excerpt":{"rendered":"<p>1Heyri\u00f0 or\u00f0 Drottins, \u00fe\u00e9r \u00cdsraelsmenn! \u00dev\u00ed a\u00f0 Drottinn hefir m\u00e1l a\u00f0 k\u00e6ra gegn \u00edb\u00faum landsins, \u00fev\u00ed a\u00f0 \u00ed landinu er engin tr\u00fafesti, n\u00e9 k\u00e6rleikur, n\u00e9 \u00feekking \u00e1 Gu\u00f0i.2\u00deeir sverja og lj\u00faga, myr\u00f0a og stela og hafa fram hj\u00e1. \u00deeir brj\u00f3tast inn \u00ed h\u00fas, og hvert mannv\u00edgi\u00f0 tekur vi\u00f0 af \u00f6\u00f0ru.3Fyrir \u00fev\u00ed dr\u00fapir landi\u00f0, og allt visnar sem \u00ed \u00fev\u00ed er, jafnvel d\u00fdr merkurinnar og fuglar himinsins, og enda fiskarnir \u00ed sj\u00f3num eru hrifnir burt.4\u00de\u00f3 \u00e1v\u00edti enginn og \u00e1lasi enginn. En \u00e1 y\u00f0ur deili \u00e9g, \u00fe\u00e9r prestar.5\u00de\u00e9r skulu\u00f0 steypast \u00e1 degi, og jafnvel sp\u00e1mennirnir skulu steypast me\u00f0 y\u00f0ur \u00e1 n\u00f3ttu, og <a href=\"https:\/\/biblian.is\/1981\/hosea-4-kafli\/\"> [&#8230;]<\/a><\/p>\n","protected":false},"author":1,"featured_media":0,"parent":0,"menu_order":0,"comment_status":"open","ping_status":"open","template":"bibliukaflar.php","meta":{"footnotes":""},"class_list":["post-2213","page","type-page","status-publish","hentry"],"_links":{"self":[{"href":"https:\/\/biblian.is\/1981\/wp-json\/wp\/v2\/pages\/2213","targetHints":{"allow":["GET"]}}],"collection":[{"href":"https:\/\/biblian.is\/1981\/wp-json\/wp\/v2\/pages"}],"about":[{"href":"https:\/\/biblian.is\/1981\/wp-json\/wp\/v2\/types\/page"}],"author":[{"embeddable":true,"href":"https:\/\/biblian.is\/1981\/wp-json\/wp\/v2\/users\/1"}],"replies":[{"embeddable":true,"href":"https:\/\/biblian.is\/1981\/wp-json\/wp\/v2\/comments?post=2213"}],"version-history":[{"count":0,"href":"https:\/\/biblian.is\/1981\/wp-json\/wp\/v2\/pages\/2213\/revisions"}],"wp:attachment":[{"href":"https:\/\/biblian.is\/1981\/wp-json\/wp\/v2\/media?parent=2213"}],"curies":[{"name":"wp","href":"https:\/\/api.w.org\/{rel}","templated":true}]}}