{"id":2211,"date":"2017-11-18T20:20:46","date_gmt":"2017-11-18T20:20:46","guid":{"rendered":"http:\/\/biblian.is\/1981\/hosea-2-kafli\/"},"modified":"2017-11-18T20:20:46","modified_gmt":"2017-11-18T20:20:46","slug":"hosea-2-kafli","status":"publish","type":"page","link":"https:\/\/biblian.is\/1981\/hosea-2-kafli\/","title":{"rendered":"H\u00f3sea 2. kafli"},"content":{"rendered":"<p><a name=\"1\"><span class=\"versanumer\">1<\/span><\/a>Segi\u00f0 vi\u00f0 br\u00e6\u00f0ur y\u00f0ar: Minn l\u00fd\u00f0ur! og vi\u00f0 systur y\u00f0ar: N\u00e1\u00f0\u00feegi!<a name=\"2\"><span class=\"versanumer\">2<\/span><\/a>Deili\u00f0 \u00e1 m\u00f3\u00f0ur y\u00f0ar, deili\u00f0 \u00e1 hana, \u00fev\u00ed a\u00f0 h\u00fan er eigi m\u00edn kona og \u00e9g er ekki ma\u00f0ur hennar, svo a\u00f0 h\u00fan fjarl\u00e6gi h\u00f3rd\u00f3m sinn fr\u00e1 andliti s\u00ednu og hj\u00faskaparbrot s\u00edn fr\u00e1 brj\u00f3stum s\u00ednum.<a name=\"3\"><span class=\"versanumer\">3<\/span><\/a>Ella mun \u00e9g f\u00e6ra hana \u00far \u00f6llu og l\u00e1ta hana standa nakta, eins og \u00feegar h\u00fan f\u00e6ddist, og gj\u00f6ra hana eins og ey\u00f0im\u00f6rk og l\u00e1ta hana ver\u00f0a eins og \u00feurrt land og l\u00e1ta hana deyja af \u00feorsta.<a name=\"4\"><span class=\"versanumer\">4<\/span><\/a>Og yfir b\u00f6rn hennar mun \u00e9g ekki miskunna mig, \u00fev\u00ed a\u00f0 \u00feau eru h\u00f3rb\u00f6rn,<a name=\"5\"><span class=\"versanumer\">5<\/span><\/a>\u00fev\u00ed a\u00f0 m\u00f3\u00f0ir \u00feeirra hefir dr\u00fdgt h\u00f3r, h\u00fan sem \u00feau gat, hefir frami\u00f0 sv\u00edvir\u00f0u. \u00dev\u00ed a\u00f0 h\u00fan sag\u00f0i: \u00c9g vil elta fri\u00f0la m\u00edna, sem gefa m\u00e9r brau\u00f0 mitt og vatn, ull m\u00edna og h\u00f6r, ol\u00edfuol\u00edu m\u00edna og drykki.<a name=\"6\"><span class=\"versanumer\">6<\/span><\/a>Fyrir \u00fev\u00ed vil \u00e9g gir\u00f0a fyrir veg hennar me\u00f0 \u00feyrnum og hla\u00f0a vegg fyrir hana, til \u00feess a\u00f0 h\u00fan finni ekki stigu s\u00edna.<a name=\"7\"><span class=\"versanumer\">7<\/span><\/a>Og \u00feegar h\u00fan \u00fe\u00e1 eltir fri\u00f0la s\u00edna, skal h\u00fan ekki n\u00e1 \u00feeim, og er h\u00fan leitar \u00feeirra, skal h\u00fan ekki finna \u00fe\u00e1, heldur mun h\u00fan segja: \u00c9g vil fara og sn\u00faa aftur til m\u00edns fyrra manns, \u00fev\u00ed a\u00f0 \u00fe\u00e1 lei\u00f0 m\u00e9r betur en n\u00fa.<a name=\"8\"><span class=\"versanumer\">8<\/span><\/a>H\u00fan veit \u00fe\u00e1 ekki, a\u00f0 \u00fea\u00f0 er \u00e9g, sem hefi gefi\u00f0 henni korni\u00f0 og v\u00ednberjal\u00f6ginn og ol\u00edfuol\u00eduna og veitt henni gn\u00f3tt silfurs og gulls, en \u00feeir hafa vari\u00f0 \u00fev\u00ed handa Baal.<a name=\"9\"><span class=\"versanumer\">9<\/span><\/a>Fyrir \u00fev\u00ed vil \u00e9g taka aftur korn mitt \u00e1 kornt\u00ed\u00f0inni og v\u00ednberjal\u00f6g minn, \u00feegar hans \u00e1kve\u00f0ni t\u00edmi kemur, og nema burt ull m\u00edna og h\u00f6r, er h\u00fan skyldi sk\u00fdla me\u00f0 nekt sinni.<a name=\"10\"><span class=\"versanumer\">10<\/span><\/a>Og n\u00fa vil \u00e9g bera gj\u00f6ra blyg\u00f0an hennar \u00ed augs\u00fdn fri\u00f0la hennar, enginn skal f\u00e1 hrifi\u00f0 hana \u00far minni hendi<a name=\"11\"><span class=\"versanumer\">11<\/span><\/a>og gj\u00f6ra enda \u00e1 alla k\u00e6ti hennar, \u00e1 h\u00e1t\u00ed\u00f0ir hennar, tunglkomudaga og hv\u00edldardaga og \u00e1 allar l\u00f6gh\u00e1t\u00ed\u00f0ir hennar,<a name=\"12\"><span class=\"versanumer\">12<\/span><\/a>og ey\u00f0a v\u00edntr\u00e9 hennar og f\u00edkjutr\u00e9, er h\u00fan sag\u00f0i um: \u00deau eru h\u00f3rgjald, sem fri\u00f0lar m\u00ednir hafa gefi\u00f0 m\u00e9r! Og \u00e9g vil gj\u00f6ra \u00feau a\u00f0 kjarrsk\u00f3gi, til \u00feess a\u00f0 villid\u00fdrin eti \u00feau.<a name=\"13\"><span class=\"versanumer\">13<\/span><\/a>\u00c9g vil hegna henni fyrir daga Baalanna, \u00fe\u00e1 er h\u00fan f\u00e6r\u00f0i \u00feeim reykelsisf\u00f3rnir og pr\u00fdddi sig me\u00f0 nefhringum og h\u00e1lsmenjum og fylgdi fri\u00f0lum s\u00ednum, en gleymdi m\u00e9r, segir Drottinn.<a name=\"14\"><span class=\"versanumer\">14<\/span><\/a>\u00c9g vil lokka hana og lei\u00f0a hana \u00fat \u00ed ey\u00f0im\u00f6rk og hughreysta hana,<a name=\"15\"><span class=\"versanumer\">15<\/span><\/a>og \u00e9g gef henni \u00fear v\u00edngar\u00f0a s\u00edna og gj\u00f6ri M\u00e6\u00f0udal a\u00f0 Vonarhli\u00f0i, og \u00fe\u00e1 mun h\u00fan ver\u00f0a eftirl\u00e1t eins og \u00e1 \u00e6skud\u00f6gum s\u00ednum og eins og \u00fe\u00e1 er h\u00fan f\u00f3r burt af Egyptalandi.<a name=\"16\"><span class=\"versanumer\">16<\/span><\/a>\u00c1 \u00feeim degi, segir Drottinn munt \u00fe\u00fa \u00e1varpa mig Ma\u00f0urinn minn, en ekki framar kalla til m\u00edn Baal minn.<a name=\"17\"><span class=\"versanumer\">17<\/span><\/a>Og \u00e9g vil venja hana af a\u00f0 hafa n\u00f6fn Baalanna \u00e1 v\u00f6rum s\u00e9r, svo a\u00f0 \u00feeirra skal eigi ver\u00f0a framar geti\u00f0 me\u00f0 nafni.<a name=\"18\"><span class=\"versanumer\">18<\/span><\/a>Og \u00e1 \u00feeim degi gj\u00f6ri \u00e9g fyrir \u00fe\u00e1 s\u00e1ttm\u00e1la vi\u00f0 d\u00fdr merkurinnar og fugla himinsins og skri\u00f0kvikindi jar\u00f0arinnar, og ey\u00f0i bogum, sver\u00f0um og bard\u00f6gum \u00far landinu og l\u00e6t \u00fe\u00e1 b\u00faa \u00f6rugga.<a name=\"19\"><span class=\"versanumer\">19<\/span><\/a>Og \u00e9g mun festa \u00feig m\u00e9r eil\u00edflega, \u00e9g mun festa \u00feig m\u00e9r \u00ed r\u00e9ttl\u00e6ti og r\u00e9ttv\u00edsi, \u00ed k\u00e6rleika og miskunnsemi,<a name=\"20\"><span class=\"versanumer\">20<\/span><\/a>\u00e9g mun festa \u00feig m\u00e9r \u00ed tr\u00fafesti, og \u00fe\u00fa skalt \u00feekkja Drottin.<a name=\"21\"><span class=\"versanumer\">21<\/span><\/a>Og \u00e1 \u00feeim degi mun \u00e9g b\u00e6nheyra, segir Drottinn. \u00c9g mun b\u00e6nheyra himininn, og hann mun b\u00e6nheyra j\u00f6r\u00f0ina,<a name=\"22\"><span class=\"versanumer\">22<\/span><\/a>og j\u00f6r\u00f0in mun b\u00e6nheyra korni\u00f0, v\u00ednberjal\u00f6ginn og ol\u00eduna, og \u00feau munu b\u00e6nheyra Jesreel.<a name=\"23\"><span class=\"versanumer\">23<\/span><\/a>Og \u00e9g vil gr\u00f3\u00f0ursetja l\u00fd\u00f0 minn \u00ed landinu og au\u00f0s\u00fdna N\u00e1\u00f0vana n\u00e1\u00f0 og segja vi\u00f0 Ekki-minn-l\u00fd\u00f0: \u00de\u00fa ert minn l\u00fd\u00f0ur! og hann mun segja: Gu\u00f0 minn!<\/p>\n<div class=\"footnote1981\"><b>2.1<\/b> Sem sandkorn 1M\u00f3s 22.17; 1Kon 4.20; Jes 10.22 \u2013 ekki \u00fej\u00f3\u00f0 m\u00edn R\u00f3m 9.26 \u2013 lifandi Gu\u00f0 5M\u00f3s 5.26+<br \/>\n<b>2.2<\/b> Sameining \u00cdsraels og J\u00fada Jer 3.18; Esk 37.17 \u2013 einn lei\u00f0togi Esk 37.22,24<br \/>\n<b>2.4<\/b> Drottinn k\u00e6rir \u00fej\u00f3\u00f0ina H\u00f3s 4.1; 12.3; Jes 1.18; 3.13-15; M\u00edk 6.1-2 \u2013 skilna\u00f0ur Jes 50.1<br \/>\n<b>2.5<\/b> Nakin Esk 16.4-5,22, o.\u00e1fr.; 23.29<br \/>\n<b>2.6<\/b> H\u00f3rb\u00f6rn H\u00f3s 1.2<br \/>\n<b>2.7<\/b> H\u00f3r H\u00f3s 1.2+ &#8211; elta \u00e1stmenn s\u00edna Jer 2.25 \u2013 skur\u00f0go\u00f0ad\u00fdrkun Jer 44.17<br \/>\n<b>2.9<\/b> Leit H\u00f3s 5.15 \u2013 \u00e9g sn\u00fd aftur Jer 3.22; L\u00fak 15.17-18<br \/>\n<b>2.10<\/b> \u00c9g gaf 5M\u00f3s 7.13; 8.16-17; Hag 2.8 \u2013 silfur og gull H\u00f3s 8.4; 13.2<br \/>\n<b>2.12<\/b> Bera blyg\u00f0un Esk 16.36-37 \u2013 \u00far greipum m\u00ednum H\u00f3s 5.14; 5M\u00f3s 32.39; M\u00edk 5.7; Slm 50.22; Job 10.7; 19.21; Dan 4.32; sbr J\u00f3h 10.28<br \/>\n<b>2.14<\/b> V\u00ednvi\u00f0 og f\u00edkjutr\u00e9 1Kon 5.5; Jes 36.16; M\u00edk 4.4; Sak 3.10 \u2013 landi\u00f0 ver\u00f0ur au\u00f0n 3M\u00f3s 26.32-35; Jes 5.5-6; 32.13<br \/>\n<b>2.16<\/b> Lokka Jer 20.7 \u2013 \u00ed ey\u00f0im\u00f6rk 5M\u00f3s 8.2-5; H\u00f3s 13.5; sbr 12.10 \u2013 m\u00e6la \u00e1staror\u00f0um (hughreysta) 1M\u00f3s 34.3; D\u00f3m 19.3; Rut 2.13<br \/>\n<b>2.17<\/b> M\u00e6\u00f0udalur (Akor-dalur) J\u00f3s 7.26; Jes 65.10 \u2013 hli\u00f0 Opb 3.7-8 \u2013 vonar Jer 29.11 \u2013 \u00e1 \u00e6skud\u00f6gum s\u00ednum H\u00f3s 11.1-3<br \/>\n<b>2.20<\/b> S\u00e1ttm\u00e1li vi\u00f0 d\u00fdr Jes 11.6-9; 65.25; Esk 34.25; Job 5.23; Mrk 1.13 \u2013 vopn H\u00f3s 1.7 \u2013 ey\u00f0a bard\u00f6gum Jes 2.4; Sak 9.10<br \/>\n<b>2.21<\/b> Tr\u00falofun, n\u00fdr s\u00e1ttm\u00e1li Jes 54.5-10; Jer 31.31-33<br \/>\n<b>2.23<\/b> B\u00e6nheyra H\u00f3s 2.17; 14.9<br \/>\n<b>2.24<\/b> Korn, v\u00edn, ol\u00eda H\u00f3s 2.7,10<br \/>\n<b>2.25<\/b> Sbr R\u00f3m 9.25; 1P\u00e9t 2.10 \u2013 miskunnarvana, ekki-\u00fej\u00f3\u00f0-m\u00edna H\u00f3s 1.3-9 \u2013 \u00fej\u00f3\u00f0 m\u00edn, Gu\u00f0 minn Jer 7.23+<\/div>\n","protected":false},"excerpt":{"rendered":"<p>1Segi\u00f0 vi\u00f0 br\u00e6\u00f0ur y\u00f0ar: Minn l\u00fd\u00f0ur! og vi\u00f0 systur y\u00f0ar: N\u00e1\u00f0\u00feegi!2Deili\u00f0 \u00e1 m\u00f3\u00f0ur y\u00f0ar, deili\u00f0 \u00e1 hana, \u00fev\u00ed a\u00f0 h\u00fan er eigi m\u00edn kona og \u00e9g er ekki ma\u00f0ur hennar, svo a\u00f0 h\u00fan fjarl\u00e6gi h\u00f3rd\u00f3m sinn fr\u00e1 andliti s\u00ednu og hj\u00faskaparbrot s\u00edn fr\u00e1 brj\u00f3stum s\u00ednum.3Ella mun \u00e9g f\u00e6ra hana \u00far \u00f6llu og l\u00e1ta hana standa nakta, eins og \u00feegar h\u00fan f\u00e6ddist, og gj\u00f6ra hana eins og ey\u00f0im\u00f6rk og l\u00e1ta hana ver\u00f0a eins og \u00feurrt land og l\u00e1ta hana deyja af \u00feorsta.4Og yfir b\u00f6rn hennar mun \u00e9g ekki miskunna mig, \u00fev\u00ed a\u00f0 \u00feau eru h\u00f3rb\u00f6rn,5\u00fev\u00ed a\u00f0 m\u00f3\u00f0ir \u00feeirra hefir dr\u00fdgt h\u00f3r, <a href=\"https:\/\/biblian.is\/1981\/hosea-2-kafli\/\"> [&#8230;]<\/a><\/p>\n","protected":false},"author":1,"featured_media":0,"parent":0,"menu_order":0,"comment_status":"open","ping_status":"open","template":"bibliukaflar.php","meta":{"footnotes":""},"class_list":["post-2211","page","type-page","status-publish","hentry"],"_links":{"self":[{"href":"https:\/\/biblian.is\/1981\/wp-json\/wp\/v2\/pages\/2211","targetHints":{"allow":["GET"]}}],"collection":[{"href":"https:\/\/biblian.is\/1981\/wp-json\/wp\/v2\/pages"}],"about":[{"href":"https:\/\/biblian.is\/1981\/wp-json\/wp\/v2\/types\/page"}],"author":[{"embeddable":true,"href":"https:\/\/biblian.is\/1981\/wp-json\/wp\/v2\/users\/1"}],"replies":[{"embeddable":true,"href":"https:\/\/biblian.is\/1981\/wp-json\/wp\/v2\/comments?post=2211"}],"version-history":[{"count":0,"href":"https:\/\/biblian.is\/1981\/wp-json\/wp\/v2\/pages\/2211\/revisions"}],"wp:attachment":[{"href":"https:\/\/biblian.is\/1981\/wp-json\/wp\/v2\/media?parent=2211"}],"curies":[{"name":"wp","href":"https:\/\/api.w.org\/{rel}","templated":true}]}}