{"id":2210,"date":"2017-11-18T20:20:46","date_gmt":"2017-11-18T20:20:46","guid":{"rendered":"http:\/\/biblian.is\/1981\/hosea-1-kafli\/"},"modified":"2017-11-18T20:20:46","modified_gmt":"2017-11-18T20:20:46","slug":"hosea-1-kafli","status":"publish","type":"page","link":"https:\/\/biblian.is\/1981\/hosea-1-kafli\/","title":{"rendered":"H\u00f3sea 1. kafli"},"content":{"rendered":"<p><a name=\"1\"><span class=\"versanumer\">1<\/span><\/a>Or\u00f0 Drottins, sem kom til H\u00f3sea Beer\u00edsonar \u00e1 d\u00f6gum \u00dass\u00eda, J\u00f3tams, Akasar og Hisk\u00eda, J\u00fadakonunga, og \u00e1 d\u00f6gum Jer\u00f3b\u00f3ams J\u00f3assonar, \u00cdsraelskonungs.<a name=\"2\"><span class=\"versanumer\">2<\/span><\/a>\u00de\u00e1 er Drottinn h\u00f3f a\u00f0 tala vi\u00f0 H\u00f3sea, sag\u00f0i hann vi\u00f0 H\u00f3sea: Far og tak \u00fe\u00e9r h\u00f3rkonu og eignast h\u00f3rb\u00f6rn, \u00fev\u00ed a\u00f0 landi\u00f0 dr\u00fdgir h\u00f3r og hefir sn\u00faist fr\u00e1 Drottni.<a name=\"3\"><span class=\"versanumer\">3<\/span><\/a>\u00de\u00e1 f\u00f3r hann og gekk a\u00f0 eiga G\u00f3mer Dibla\u00edmsd\u00f3ttur. H\u00fan var\u00f0 \u00feungu\u00f0 og f\u00e6ddi honum son.<a name=\"4\"><span class=\"versanumer\">4<\/span><\/a>Og Drottinn sag\u00f0i vi\u00f0 hann: L\u00e1t hann heita Jesreel, \u00fev\u00ed a\u00f0 innan skamms vitja \u00e9g bl\u00f3\u00f0skuldar Jesreels \u00e1 \u00e6tt Jeh\u00fa og gj\u00f6ri enda \u00e1 konungd\u00f3mi \u00cdsraels h\u00fass.<a name=\"5\"><span class=\"versanumer\">5<\/span><\/a>\u00c1 \u00feeim degi sundurbr\u00fdt \u00e9g boga \u00cdsraels \u00e1 Jesreel-v\u00f6llum.<a name=\"6\"><span class=\"versanumer\">6<\/span><\/a>Og h\u00fan var\u00f0 aftur \u00feungu\u00f0 og \u00f3l d\u00f3ttur. \u00de\u00e1 sag\u00f0i Drottinn vi\u00f0 H\u00f3sea: L\u00e1t \u00fe\u00fa hana heita N\u00e1\u00f0vana, \u00fev\u00ed a\u00f0 \u00e9g mun eigi framar au\u00f0s\u00fdna n\u00e1\u00f0 \u00cdsraels h\u00fasi, svo a\u00f0 \u00e9g fyrirgefi \u00feeim.<a name=\"7\"><span class=\"versanumer\">7<\/span><\/a>En \u00e9g mun au\u00f0s\u00fdna n\u00e1\u00f0 J\u00fada h\u00fasi og hj\u00e1lpa \u00feeim fyrir Drottin, Gu\u00f0 \u00feeirra, en \u00e9g mun eigi hj\u00e1lpa \u00feeim me\u00f0 boga, sver\u00f0i, bard\u00f6gum, str\u00ed\u00f0shestum n\u00e9 riddurum.<a name=\"8\"><span class=\"versanumer\">8<\/span><\/a>Og er h\u00fan haf\u00f0i vani\u00f0 N\u00e1\u00f0vana af brj\u00f3sti, var\u00f0 h\u00fan enn \u00feungu\u00f0 og \u00f3l son.<a name=\"9\"><span class=\"versanumer\">9<\/span><\/a>\u00de\u00e1 sag\u00f0i Drottinn: L\u00e1t hann heita Ekki-minn-l\u00fd\u00f0ur, \u00fev\u00ed a\u00f0 \u00fe\u00e9r eru\u00f0 ekki minn l\u00fd\u00f0ur, og \u00e9g er ekki y\u00f0ar Gu\u00f0.<a name=\"10\"><span class=\"versanumer\">10<\/span><\/a>Tala \u00cdsraelsmanna skal ver\u00f0a sem sandur \u00e1 sj\u00e1varstr\u00f6nd, sem ekki ver\u00f0ur m\u00e6ldur og ekki talinn. Og \u00ed sta\u00f0 \u00feess, a\u00f0 sagt var vi\u00f0 \u00fe\u00e1: \u00de\u00e9r eru\u00f0 ekki minn l\u00fd\u00f0ur! skal vi\u00f0 \u00fe\u00e1 sagt ver\u00f0a: Synir hins lifanda Gu\u00f0s!<a name=\"11\"><span class=\"versanumer\">11<\/span><\/a>J\u00fadamenn og \u00cdsraelsmenn skulu safnast saman og velja s\u00e9r einn yfirmann og hefja fer\u00f0 s\u00edna heim \u00far landinu, \u00fev\u00ed a\u00f0 mikill mun Jesreeldagur ver\u00f0a.<\/p>\n<div class=\"footnote1981\"><b>1.1<\/b> \u00dass\u00eda, J\u00f3tam, Akas 2Kon 15-16 \u2013 Jer\u00f3b\u00f3am 2Kon 14.23-29<br \/>\n<b>1.2<\/b> H\u00f3r 2M\u00f3s 34.16; 5M\u00f3s 31.16; D\u00f3m 8.33; Jes 1.21; Jer 2.20,23; 3.1-2; 13.27; Esk 6.9; 16.15,34; 23.3,7,8, o.\u00e1fr.; H\u00f3s 4.12-14; 5.4; Nah 3.4; Slm 106.39<br \/>\n<b>1.5<\/b> \u00c1 \u00feeim degi Jes 2.11; 27.1-2; Jer 39.17; Am 8.9; Jl 3.2; Sak 14.9; Matt 7.22; L\u00fak 6.23; J\u00f3h 14.20 \u2013 bogi (t\u00e1kn m\u00e1ttarins) 1Sam 2.4; Job 29.20<br \/>\n<b>1.7<\/b> J\u00fada H\u00f3s 4.15; 6.11; 8.14; 10.11; 12.1,3 \u2013 ekki me\u00f0 boga, sver\u00f0i e\u00f0a riddurum J\u00f3s 24.12; Jes 31.1; Sak 4.6; Slm 20.8; Okv 21.31<br \/>\n<b>1.9<\/b> M\u00edn \u00fej\u00f3\u00f0 H\u00f3s 2.25; Jer 31.33<\/div>\n","protected":false},"excerpt":{"rendered":"<p>1Or\u00f0 Drottins, sem kom til H\u00f3sea Beer\u00edsonar \u00e1 d\u00f6gum \u00dass\u00eda, J\u00f3tams, Akasar og Hisk\u00eda, J\u00fadakonunga, og \u00e1 d\u00f6gum Jer\u00f3b\u00f3ams J\u00f3assonar, \u00cdsraelskonungs.2\u00de\u00e1 er Drottinn h\u00f3f a\u00f0 tala vi\u00f0 H\u00f3sea, sag\u00f0i hann vi\u00f0 H\u00f3sea: Far og tak \u00fe\u00e9r h\u00f3rkonu og eignast h\u00f3rb\u00f6rn, \u00fev\u00ed a\u00f0 landi\u00f0 dr\u00fdgir h\u00f3r og hefir sn\u00faist fr\u00e1 Drottni.3\u00de\u00e1 f\u00f3r hann og gekk a\u00f0 eiga G\u00f3mer Dibla\u00edmsd\u00f3ttur. H\u00fan var\u00f0 \u00feungu\u00f0 og f\u00e6ddi honum son.4Og Drottinn sag\u00f0i vi\u00f0 hann: L\u00e1t hann heita Jesreel, \u00fev\u00ed a\u00f0 innan skamms vitja \u00e9g bl\u00f3\u00f0skuldar Jesreels \u00e1 \u00e6tt Jeh\u00fa og gj\u00f6ri enda \u00e1 konungd\u00f3mi \u00cdsraels h\u00fass.5\u00c1 \u00feeim degi sundurbr\u00fdt \u00e9g boga \u00cdsraels \u00e1 Jesreel-v\u00f6llum.6Og h\u00fan <a href=\"https:\/\/biblian.is\/1981\/hosea-1-kafli\/\"> [&#8230;]<\/a><\/p>\n","protected":false},"author":1,"featured_media":0,"parent":0,"menu_order":0,"comment_status":"open","ping_status":"open","template":"bibliukaflar.php","meta":{"footnotes":""},"class_list":["post-2210","page","type-page","status-publish","hentry"],"_links":{"self":[{"href":"https:\/\/biblian.is\/1981\/wp-json\/wp\/v2\/pages\/2210","targetHints":{"allow":["GET"]}}],"collection":[{"href":"https:\/\/biblian.is\/1981\/wp-json\/wp\/v2\/pages"}],"about":[{"href":"https:\/\/biblian.is\/1981\/wp-json\/wp\/v2\/types\/page"}],"author":[{"embeddable":true,"href":"https:\/\/biblian.is\/1981\/wp-json\/wp\/v2\/users\/1"}],"replies":[{"embeddable":true,"href":"https:\/\/biblian.is\/1981\/wp-json\/wp\/v2\/comments?post=2210"}],"version-history":[{"count":0,"href":"https:\/\/biblian.is\/1981\/wp-json\/wp\/v2\/pages\/2210\/revisions"}],"wp:attachment":[{"href":"https:\/\/biblian.is\/1981\/wp-json\/wp\/v2\/media?parent=2210"}],"curies":[{"name":"wp","href":"https:\/\/api.w.org\/{rel}","templated":true}]}}