{"id":2208,"date":"2017-11-18T20:20:46","date_gmt":"2017-11-18T20:20:46","guid":{"rendered":"http:\/\/biblian.is\/1981\/daniel-11-kafli\/"},"modified":"2021-06-06T10:50:31","modified_gmt":"2021-06-06T10:50:31","slug":"daniel-11-kafli","status":"publish","type":"page","link":"https:\/\/biblian.is\/1981\/daniel-11-kafli\/","title":{"rendered":"Dan\u00edel 11. kafli"},"content":{"rendered":"<p><a name=\"1\"><span class=\"versanumer\">1<\/span><\/a>Hann stendur m\u00e9r vi\u00f0 hli\u00f0 til \u00feess a\u00f0 veita m\u00e9r li\u00f0 og vernd.<a name=\"2\"><span class=\"versanumer\">2<\/span><\/a>Og n\u00fa vil \u00e9g kunngj\u00f6ra \u00fe\u00e9r sannleika: Sj\u00e1, enn munu \u00fer\u00edr konungar koma fram \u00ed Pers\u00edu, en hinn fj\u00f3r\u00f0i mun afla meiri au\u00f0s en allir a\u00f0rir, og er hann er voldugur or\u00f0inn fyrir au\u00f0 sinn, mun hann bj\u00f3\u00f0a \u00f6llu \u00fat gegn Grikklands r\u00edki.<a name=\"3\"><span class=\"versanumer\">3<\/span><\/a>Eftir \u00fea\u00f0 mun r\u00edsa hraustur konungur og drottna yfir v\u00ed\u00f0lendu r\u00edki og til lei\u00f0ar koma \u00fev\u00ed, er hann vill.<a name=\"4\"><span class=\"versanumer\">4<\/span><\/a>En \u00feegar uppgangur hans er sem mestur, \u00fe\u00e1 mun sundrast r\u00edki hans og skiptast eftir fj\u00f3rum \u00e1ttum himinsins, en \u00fe\u00f3 ekki til eftirkomenda hans, og ekki me\u00f0 sl\u00edku veldi, er hann haf\u00f0i, \u00fev\u00ed a\u00f0 r\u00edki hans mun eytt ver\u00f0a og fengi\u00f0 \u00f6\u00f0rum en \u00feeim.<a name=\"5\"><span class=\"versanumer\">5<\/span><\/a>Og konungurinn su\u00f0ur fr\u00e1 mun \u00f6flugur ver\u00f0a, en einn af h\u00f6f\u00f0ingjum hans mun ver\u00f0a \u00f6flugri en hann, og hann mun r\u00edki r\u00e1\u00f0a. R\u00edki hans mun ver\u00f0a st\u00f3rveldi.<a name=\"6\"><span class=\"versanumer\">6<\/span><\/a>Og a\u00f0 nokkrum \u00e1rum li\u00f0num munu \u00feeir m\u00e6gjast hvor vi\u00f0 annan. \u00de\u00e1 mun d\u00f3ttir konungsins su\u00f0ur fr\u00e1 koma til konungsins nor\u00f0ur fr\u00e1 til \u00feess a\u00f0 koma \u00e1 s\u00e1ttum. En s\u00fa hj\u00e1lp mun a\u00f0 engu haldi koma, stu\u00f0ningur hans mun og eigi standa. Og h\u00fan mun framseld ver\u00f0a, h\u00fan og \u00feeir, sem hana h\u00f6f\u00f0u flutt \u00feanga\u00f0, og fa\u00f0ir hennar og s\u00e1, er gekk a\u00f0 eiga hana, \u00e1 s\u00ednum t\u00edma.<a name=\"7\"><span class=\"versanumer\">7<\/span><\/a>\u00dev\u00ed n\u00e6st mun \u00ed hans sta\u00f0 kvistur upp spretta af r\u00f3tum hennar.Hann mun fara \u00ed m\u00f3ti li\u00f0saflanum og komast inn \u00ed virki konungsins nor\u00f0ur fr\u00e1 og fara me\u00f0 \u00fe\u00e1 sem honum l\u00edkar, og ver\u00f0a voldugur.<a name=\"8\"><span class=\"versanumer\">8<\/span><\/a>J\u00e1, jafnvel gu\u00f0i \u00feeirra, \u00e1samt steyptum l\u00edkneskjum \u00feeirra og d\u00fdrindiskerum af silfri og gulli, mun hann flytja hernumda til Egyptalands. \u00de\u00e1 mun hann \u00ed nokkur \u00e1r l\u00e1ta konunginn nor\u00f0ur fr\u00e1 \u00ed fri\u00f0i.<a name=\"9\"><span class=\"versanumer\">9<\/span><\/a>En hann mun gj\u00f6ra \u00e1r\u00e1s \u00e1 r\u00edki konungsins su\u00f0ur fr\u00e1 og hverfa \u00fe\u00f3 aftur heim \u00ed sitt land.<a name=\"10\"><span class=\"versanumer\">10<\/span><\/a>Og synir hans munu leggja \u00fat \u00ed \u00f3fri\u00f0 og draga saman afar mikinn her. Og hann mun koma og va\u00f0a yfir og brj\u00f3tast fram, en hann mun sn\u00faa aftur, og \u00feeir munu herja allt a\u00f0 virki hans.<a name=\"11\"><span class=\"versanumer\">11<\/span><\/a>\u00deetta mun konunginum su\u00f0ur fr\u00e1 gremjast, og hann mun leggja af sta\u00f0 og berjast vi\u00f0 hann, vi\u00f0 konunginn nor\u00f0ur fr\u00e1.Hann mun kve\u00f0ja upp mikinn her, en herinn mun seldur ver\u00f0a hinum \u00e1 vald.<a name=\"12\"><span class=\"versanumer\">12<\/span><\/a>Og herinn mun rekinn ver\u00f0a burt.Hjarta hans mun ofmetnast, og hann mun t\u00ed\u00fe\u00fasundir a\u00f0 velli leggja, og \u00fe\u00f3 ekki reynast \u00f6flugur.<a name=\"13\"><span class=\"versanumer\">13<\/span><\/a>\u00de\u00e1 mun konungurinn nor\u00f0ur fr\u00e1 enn kve\u00f0ja upp her, meiri en hinn fyrri, og a\u00f0 li\u00f0num nokkrum \u00e1rum mun hann koma me\u00f0 fj\u00f6lmennum li\u00f0safla og miklum \u00fatb\u00fana\u00f0i.<a name=\"14\"><span class=\"versanumer\">14<\/span><\/a>Um \u00fe\u00e6r mundir munu margir r\u00edsa gegn konunginum su\u00f0ur fr\u00e1, og ofr\u00edkisfullir menn af \u00fej\u00f3\u00f0 \u00feinni munu hefja uppreisn til \u00feess a\u00f0 l\u00e1ta vitrunina r\u00e6tast, en \u00feeir munu steypast.<a name=\"15\"><span class=\"versanumer\">15<\/span><\/a>Og konungurinn nor\u00f0ur fr\u00e1 mun koma og hla\u00f0a virkisvegg og vinna v\u00edggirta borg, og herir su\u00f0urr\u00edkisins munu eigi f\u00e1 sta\u00f0ist og einvalali\u00f0 hans mun eigi \u00fer\u00f3tt hafa til a\u00f0 veita vi\u00f0n\u00e1m.<a name=\"16\"><span class=\"versanumer\">16<\/span><\/a>Og s\u00e1 sem fer \u00ed m\u00f3ti honum, mun gj\u00f6ra \u00fea\u00f0, er honum \u00fe\u00f3knast, me\u00f0 \u00fev\u00ed a\u00f0 enginn f\u00e6r honum vi\u00f0n\u00e1m veitt, og hann mun f\u00e1 f\u00f3tfestu \u00ed pr\u00fd\u00f0i landanna, og ey\u00f0ing er \u00ed hendi hans.<a name=\"17\"><span class=\"versanumer\">17<\/span><\/a>S\u00ed\u00f0an mun hann \u00e1setja s\u00e9r a\u00f0 koma me\u00f0 \u00f6llum herafla r\u00edkis s\u00edns, en hann mun gj\u00f6ra s\u00e1tt vi\u00f0 hann og gefa honum unga st\u00falku, landinu til tj\u00f3ns.En r\u00e1\u00f0agj\u00f6r\u00f0 hans mun eigi framgang f\u00e1 og eigi takast.<a name=\"18\"><span class=\"versanumer\">18<\/span><\/a>Og hann mun sn\u00faa s\u00e9r a\u00f0 eyjunum og vinna margar, en hersh\u00f6f\u00f0ingi nokkur mun gj\u00f6ra enda \u00e1 sm\u00e1nan hans, j\u00e1, hann mun l\u00e1ta sm\u00e1nan hans koma yfir sj\u00e1lfan hann.<a name=\"19\"><span class=\"versanumer\">19<\/span><\/a>\u00de\u00e1 mun hann sn\u00faa s\u00e9r a\u00f0 virkjum s\u00edns eigin lands, og hann mun hrasa og falla, og hans mun engan sta\u00f0 sj\u00e1 framar.<a name=\"20\"><span class=\"versanumer\">20<\/span><\/a>\u00cd hans sta\u00f0 mun annar koma, er senda mun skattheimtumann til \u00feess landsins, sem er pr\u00fd\u00f0i r\u00edkisins, en eftir nokkra daga mun hann drepinn ver\u00f0a, \u00fe\u00f3 ekki \u00ed rei\u00f0i n\u00e9 bardaga.<a name=\"21\"><span class=\"versanumer\">21<\/span><\/a>\u00cd hans sta\u00f0 mun koma fyrirlitlegur ma\u00f0ur, er \u00feeir h\u00f6f\u00f0u eigi \u00e6tla\u00f0 konungstignina. Hann mun koma a\u00f0 \u00f3v\u00f6rum og n\u00e1 undir sig r\u00edkinu me\u00f0 fl\u00e1ttskap.<a name=\"22\"><span class=\"versanumer\">22<\/span><\/a>Og yfirva\u00f0andi herflokkar munu skolast burt fyrir honum og eyddir ver\u00f0a, svo og s\u00e1ttm\u00e1lsh\u00f6f\u00f0inginn.<a name=\"23\"><span class=\"versanumer\">23<\/span><\/a>Og upp fr\u00e1 \u00fev\u00ed, er menn hafa bundi\u00f0 f\u00e9lagsskap vi\u00f0 hann, mun hann beita svikum. Hann mun leggja af sta\u00f0 f\u00e1li\u00f0a\u00f0ur og bera h\u00e6rri hlut.<a name=\"24\"><span class=\"versanumer\">24<\/span><\/a>A\u00f0 \u00f3v\u00f6rum mun hann brj\u00f3tast inn \u00ed frj\u00f3s\u00f6mustu sveitir landsins og gj\u00f6ra \u00fea\u00f0, sem hvorki fe\u00f0ur hans n\u00e9 forfe\u00f0ur hafa gj\u00f6rt: Herfangi, r\u00e6ndu f\u00e9 og au\u00f0\u00e6fum mun hann \u00fathluta \u00feeim r\u00edkulega, og gegn virkjum mun hann hafa r\u00e1\u00f0agj\u00f6r\u00f0ir me\u00f0 h\u00f6ndum. \u00de\u00f3 mun \u00fea\u00f0 a\u00f0eins ver\u00f0a um hr\u00ed\u00f0.<a name=\"25\"><span class=\"versanumer\">25<\/span><\/a>\u00dev\u00ed n\u00e6st mun hann beita styrk s\u00ednum og hugrekki gegn konunginum su\u00f0ur fr\u00e1 me\u00f0 miklum her, og konungurinn su\u00f0ur fr\u00e1 mun hefja \u00f3fri\u00f0 vi\u00f0 hann me\u00f0 miklum her og mj\u00f6g \u00f6flugum, en \u00fe\u00f3 mun hann ekki f\u00e1 \u00ed m\u00f3ti sta\u00f0i\u00f0, \u00fev\u00ed a\u00f0 menn brugga r\u00e1\u00f0 \u00ed m\u00f3ti honum.<a name=\"26\"><span class=\"versanumer\">26<\/span><\/a>\u00deeir sem eta vi\u00f0 bor\u00f0 hans, munu fella hann, og her hans skolast burt, og margir s\u00e6r\u00f0ir \u00ed val falla.<a name=\"27\"><span class=\"versanumer\">27<\/span><\/a>Og b\u00e1\u00f0ir konungarnir munu hafa illt \u00ed hyggju og tala fl\u00e6r\u00f0arsamlega a\u00f0 hinu sama bor\u00f0i, en eigi mun \u00fea\u00f0 n\u00e1 fram a\u00f0 ganga, \u00fev\u00ed a\u00f0 enn er hinn tiltekni t\u00edmi eigi li\u00f0inn \u00e1 enda.<a name=\"28\"><span class=\"versanumer\">28<\/span><\/a>Og hann mun hverfa aftur heim \u00ed land sitt me\u00f0 miklum fj\u00e1rhlut og sn\u00faa huga s\u00ednum \u00ed m\u00f3ti hinum heilaga s\u00e1ttm\u00e1la, og hann mun koma fram \u00e1formi s\u00ednu og hverfa s\u00ed\u00f0an aftur heim \u00ed land sitt.<a name=\"29\"><span class=\"versanumer\">29<\/span><\/a>\u00c1 \u00e1kve\u00f0num t\u00edma mun hann aftur brj\u00f3tast inn \u00ed su\u00f0urlandi\u00f0, og mun s\u00ed\u00f0ari f\u00f6rin ekki takast jafnvel og hin fyrri.<a name=\"30\"><span class=\"versanumer\">30<\/span><\/a>\u00dev\u00ed a\u00f0 skip R\u00f3mverja munu koma \u00ed m\u00f3ti honum, og hann mun l\u00e1ta hugfallast og halda heimlei\u00f0is og sn\u00faa rei\u00f0i sinni gegn hinum heilaga s\u00e1ttm\u00e1la og l\u00e1ta hann kenna \u00e1 henni. S\u00ed\u00f0an mun hann hverfa heim aftur og gefa \u00feeim g\u00e6tur, sem yfirgefa hinn heilaga s\u00e1ttm\u00e1la.<a name=\"31\"><span class=\"versanumer\">31<\/span><\/a>Herflokkar hans munu bera h\u00e6rri hlut og vanhelga helgid\u00f3minn, v\u00edgi\u00f0, afnema hina daglegu f\u00f3rn og reisa \u00fear vi\u00f0urstygg\u00f0 ey\u00f0ingarinnar.<a name=\"32\"><span class=\"versanumer\">32<\/span><\/a>Og \u00fe\u00e1 sem syndga gegn s\u00e1ttm\u00e1lanum, mun hann me\u00f0 fl\u00e1ttskap t\u00e6la til fr\u00e1hvarfs, en \u00feeir menn, sem \u00feekkja Gu\u00f0 sinn, munu st\u00f6\u00f0ugir standa og dr\u00fdgja d\u00e1\u00f0.<a name=\"33\"><span class=\"versanumer\">33<\/span><\/a>Hinir vitru me\u00f0al l\u00fd\u00f0sins munu kenna m\u00f6rgum hyggindi, en um hr\u00ed\u00f0 munu \u00feeir falla fyrir sver\u00f0i og b\u00e1li, fyrir herlei\u00f0ingum og fj\u00e1rr\u00e1num.<a name=\"34\"><span class=\"versanumer\">34<\/span><\/a>Og \u00fe\u00e1 er \u00feeir falla, mun \u00feeim veitast d\u00e1l\u00edtil hj\u00e1lp. \u00de\u00e1 munu margir fylla flokk \u00feeirra af yfirdrepskap.<a name=\"35\"><span class=\"versanumer\">35<\/span><\/a>En \u00fear sem nokkrir af hinum vitru falla, \u00fe\u00e1 er \u00fea\u00f0 til a\u00f0 sk\u00edra, reyna og hreinsa a\u00f0ra me\u00f0al \u00feeirra, allt til endalokanna, \u00fev\u00ed a\u00f0 hinn \u00e1kve\u00f0ni t\u00edmi er enn ekki li\u00f0inn.<a name=\"36\"><span class=\"versanumer\">36<\/span><\/a>En konungurinn mun fram fara eftir ge\u00f0\u00fe\u00f3tta s\u00ednum.Hann mun hefja sig upp yfir og ofmetnast gegn s\u00e9rhverjum gu\u00f0i og m\u00e6la afaryr\u00f0i \u00ed gegn Gu\u00f0i gu\u00f0anna. Og hann mun giftudrj\u00fagur ver\u00f0a \u00fear til rei\u00f0inni er loki\u00f0, \u00fev\u00ed a\u00f0 \u00fea\u00f0, sem \u00e1lykta\u00f0 hefir veri\u00f0, er \u00fe\u00e1 fram komi\u00f0.<a name=\"37\"><span class=\"versanumer\">37<\/span><\/a>Og hann mun ekki skeyta gu\u00f0um fe\u00f0ra sinna, n\u00e9 heldur upp\u00e1haldsgo\u00f0i kvennanna, j\u00e1, engum gu\u00f0i mun hann skeyta, heldur hreykja s\u00e9r yfir allt.<a name=\"38\"><span class=\"versanumer\">38<\/span><\/a>En gu\u00f0 virkjanna mun hann \u00ed sta\u00f0 \u00feess hei\u00f0ra, gu\u00f0, sem fe\u00f0ur hans \u00feekktu ekki, mun hann hei\u00f0ra, me\u00f0 gulli og silfri, me\u00f0 d\u00fdrum steinum og gersemum,<a name=\"39\"><span class=\"versanumer\">39<\/span><\/a>og \u00ed hin rammgj\u00f6r\u00f0u v\u00edgin mun hann afla s\u00e9r manna, er tilheyra \u00fatlendum gu\u00f0i. \u00deeim sem hann vi\u00f0urkenna, mun hann veita mikla s\u00e6md og l\u00e1ta \u00fe\u00e1 r\u00edkja yfir m\u00f6rgum og \u00fathluta \u00feeim landi a\u00f0 ver\u00f0launum.<a name=\"40\"><span class=\"versanumer\">40<\/span><\/a>\u00deegar a\u00f0 endalokunum l\u00ed\u00f0ur, mun konungurinn su\u00f0ur fr\u00e1 heyja str\u00ed\u00f0 vi\u00f0 hann, og konungurinn nor\u00f0ur fr\u00e1 mun \u00feeysast \u00ed m\u00f3ti honum me\u00f0 v\u00f6gnum, riddurum og m\u00f6rgum skipum, og brj\u00f3tast inn \u00ed l\u00f6nd hans og va\u00f0a yfir \u00feau og geysast \u00e1fram.<a name=\"41\"><span class=\"versanumer\">41<\/span><\/a>\u00de\u00e1 mun hann og brj\u00f3tast inn \u00ed \u00fea\u00f0 landi\u00f0, sem er pr\u00fd\u00f0i landanna, og t\u00ed\u00fe\u00fasundir munu a\u00f0 velli lag\u00f0ar. En \u00feessir munu bjarga s\u00e9r undan hendi hans: Ed\u00f3m\u00edtar, M\u00f3ab\u00edtar og kjarni Amm\u00f3n\u00edta.<a name=\"42\"><span class=\"versanumer\">42<\/span><\/a>Og hann mun r\u00e9tta h\u00f6nd s\u00edna \u00fat yfir l\u00f6ndin, og Egyptaland mun ekki komast undan.<a name=\"43\"><span class=\"versanumer\">43<\/span><\/a>Hann mun kasta eign sinni \u00e1 fj\u00e1rsj\u00f3\u00f0u Egyptalands af gulli og silfri og \u00e1 allar gersemar \u00feess, og L\u00edb\u00fdumenn og Bl\u00e1lendingar munu vera \u00ed f\u00f6r me\u00f0 honum.<a name=\"44\"><span class=\"versanumer\">44<\/span><\/a>En fregnir fr\u00e1 austri og nor\u00f0ri munu skelfa hann. Mun hann \u00fe\u00e1 \u00ed mikilli br\u00e6\u00f0i hefja fer\u00f0 s\u00edna til \u00feess a\u00f0 ey\u00f0a og tort\u00edma m\u00f6rgum.<a name=\"45\"><span class=\"versanumer\">45<\/span><\/a>Hann mun sl\u00e1 skrauttj\u00f6ldum s\u00ednum milli hafsins og fjalls hinnar helgu pr\u00fd\u00f0i. \u00de\u00e1 mun hann undir lok l\u00ed\u00f0a og enginn hj\u00e1lpa honum.<\/p>\n<div class=\"footnote1981\"><b>11.31<\/b> Vanhelga Dan 8.11; 9.27; 12.11; 1Makk 1.45<\/div>\n","protected":false},"excerpt":{"rendered":"<p>1Hann stendur m\u00e9r vi\u00f0 hli\u00f0 til \u00feess a\u00f0 veita m\u00e9r li\u00f0 og vernd.2Og n\u00fa vil \u00e9g kunngj\u00f6ra \u00fe\u00e9r sannleika: Sj\u00e1, enn munu \u00fer\u00edr konungar koma fram \u00ed Pers\u00edu, en hinn fj\u00f3r\u00f0i mun afla meiri au\u00f0s en allir a\u00f0rir, og er hann er voldugur or\u00f0inn fyrir au\u00f0 sinn, mun hann bj\u00f3\u00f0a \u00f6llu \u00fat gegn Grikklands r\u00edki.3Eftir \u00fea\u00f0 mun r\u00edsa hraustur konungur og drottna yfir v\u00ed\u00f0lendu r\u00edki og til lei\u00f0ar koma \u00fev\u00ed, er hann vill.4En \u00feegar uppgangur hans er sem mestur, \u00fe\u00e1 mun sundrast r\u00edki hans og skiptast eftir fj\u00f3rum \u00e1ttum himinsins, en \u00fe\u00f3 ekki til eftirkomenda hans, og ekki me\u00f0 sl\u00edku <a href=\"https:\/\/biblian.is\/1981\/daniel-11-kafli\/\"> [&#8230;]<\/a><\/p>\n","protected":false},"author":1,"featured_media":0,"parent":0,"menu_order":0,"comment_status":"open","ping_status":"open","template":"bibliukaflar.php","meta":{"footnotes":""},"class_list":["post-2208","page","type-page","status-publish","hentry"],"_links":{"self":[{"href":"https:\/\/biblian.is\/1981\/wp-json\/wp\/v2\/pages\/2208","targetHints":{"allow":["GET"]}}],"collection":[{"href":"https:\/\/biblian.is\/1981\/wp-json\/wp\/v2\/pages"}],"about":[{"href":"https:\/\/biblian.is\/1981\/wp-json\/wp\/v2\/types\/page"}],"author":[{"embeddable":true,"href":"https:\/\/biblian.is\/1981\/wp-json\/wp\/v2\/users\/1"}],"replies":[{"embeddable":true,"href":"https:\/\/biblian.is\/1981\/wp-json\/wp\/v2\/comments?post=2208"}],"version-history":[{"count":0,"href":"https:\/\/biblian.is\/1981\/wp-json\/wp\/v2\/pages\/2208\/revisions"}],"wp:attachment":[{"href":"https:\/\/biblian.is\/1981\/wp-json\/wp\/v2\/media?parent=2208"}],"curies":[{"name":"wp","href":"https:\/\/api.w.org\/{rel}","templated":true}]}}