{"id":2202,"date":"2017-11-18T20:20:39","date_gmt":"2017-11-18T20:20:39","guid":{"rendered":"http:\/\/biblian.is\/1981\/daniel-5-kafli\/"},"modified":"2021-06-06T10:50:33","modified_gmt":"2021-06-06T10:50:33","slug":"daniel-5-kafli","status":"publish","type":"page","link":"https:\/\/biblian.is\/1981\/daniel-5-kafli\/","title":{"rendered":"Dan\u00edel 5. kafli"},"content":{"rendered":"<p><a name=\"1\"><span class=\"versanumer\">1<\/span><\/a>Belsasar konungur h\u00e9lt veislu mikla \u00fe\u00fasund st\u00f3rmennum s\u00ednum og drakk v\u00edn \u00ed augs\u00fdn \u00feeirra \u00fe\u00fasund.<a name=\"2\"><span class=\"versanumer\">2<\/span><\/a>En er menn t\u00f3ku a\u00f0 gj\u00f6rast v\u00ednhreifir, bau\u00f0 Belsasar a\u00f0 s\u00e6kja \u00feau gullker og silfurker, sem Neb\u00fakadnesar fa\u00f0ir hans haf\u00f0i haft \u00e1 burt \u00far musterinu \u00ed Jer\u00fasalem, til \u00feess a\u00f0 konungurinn, st\u00f3rmenni hans, konur hans og hj\u00e1konur m\u00e6ttu drekka af \u00feeim.<a name=\"3\"><span class=\"versanumer\">3<\/span><\/a>\u00de\u00e1 voru fram borin gullker \u00feau, sem tekin h\u00f6f\u00f0u veri\u00f0 \u00far musterinu, h\u00fasi Gu\u00f0s \u00ed Jer\u00fasalem, og konungurinn, st\u00f3rmenni hans, konur hans og hj\u00e1konur drukku af \u00feeim.<a name=\"4\"><span class=\"versanumer\">4<\/span><\/a>\u00deeir drukku v\u00edn og vegs\u00f6mu\u00f0u gu\u00f0i s\u00edna \u00far gulli, silfri, eiri, j\u00e1rni, tr\u00e9 og steini.<a name=\"5\"><span class=\"versanumer\">5<\/span><\/a>\u00c1 s\u00f6mu stundu komu fram fingur af mannshendi og ritu\u00f0u \u00e1 kalki\u00f0 \u00e1 veggnum \u00ed konungsh\u00f6llinni, gegnt lj\u00f3sastikunni, og konungurinn s\u00e1 fingur handarinnar, sem rita\u00f0i.<a name=\"6\"><span class=\"versanumer\">6<\/span><\/a>\u00de\u00e1 gj\u00f6r\u00f0ist konungur litverpur, og hugsanir hans skelfdu hann, og var sem mja\u00f0marli\u00f0ir hans gengju sundur, og kn\u00e9 hans skulfu.<a name=\"7\"><span class=\"versanumer\">7<\/span><\/a>Konungur kalla\u00f0i h\u00e1st\u00f6fum, a\u00f0 s\u00e6kja skyldi s\u00e6ringamennina, Kaldeana og stj\u00f6rnuspekingana. Konungur t\u00f3k til m\u00e1ls og sag\u00f0i vi\u00f0 vitringana \u00ed Bab\u00fdlon: Hver sem les \u00feetta letur og segir m\u00e9r \u00fe\u00fd\u00f0ing \u00feess, skal kl\u00e6ddur ver\u00f0a purpura og bera gullfesti \u00e1 h\u00e1lsi s\u00e9r og vera \u00feri\u00f0ji yfirh\u00f6f\u00f0ingi \u00ed r\u00edkinu!<a name=\"8\"><span class=\"versanumer\">8<\/span><\/a>\u00de\u00e1 komu allir vitringar konungs \u00feanga\u00f0, en \u00feeir g\u00e1tu ekki lesi\u00f0 letri\u00f0 og sagt konungi \u00fe\u00fd\u00f0ing \u00feess.<a name=\"9\"><span class=\"versanumer\">9<\/span><\/a>\u00de\u00e1 var\u00f0 Belsasar konungur mj\u00f6g felmtsfullur og gj\u00f6r\u00f0ist litverpur, en f\u00e1t miki\u00f0 kom \u00e1 st\u00f3rmenni hans.<a name=\"10\"><span class=\"versanumer\">10<\/span><\/a>\u00dat af or\u00f0r\u00e6\u00f0u konungs og st\u00f3rmenna hans gekk drottning inn \u00ed veislusalinn. Drottning t\u00f3k til m\u00e1ls og sag\u00f0i: Konungurinn lifi eil\u00edflega! L\u00e1t eigi hugsanir \u00fe\u00ednar skelfa \u00feig og gj\u00f6rst eigi svo litverpur.<a name=\"11\"><span class=\"versanumer\">11<\/span><\/a>S\u00e1 ma\u00f0ur er \u00ed r\u00edki \u00fe\u00ednu, er andi hinna heil\u00f6gu gu\u00f0a b\u00fdr \u00ed, og \u00e1 d\u00f6gum f\u00f6\u00f0ur \u00fe\u00edns fannst me\u00f0 honum sk\u00fdrleikur, \u00feekking og speki, l\u00edk speki gu\u00f0anna, og Neb\u00fakadnesar konungur, fa\u00f0ir \u00feinn, gj\u00f6r\u00f0i hann a\u00f0 yfirh\u00f6f\u00f0ingja sp\u00e1sagnamannanna, s\u00e6ringamannanna, Kaldeanna og stj\u00f6rnuspekinganna. \u00deetta gj\u00f6r\u00f0i fa\u00f0ir \u00feinn, konungur,<a name=\"12\"><span class=\"versanumer\">12<\/span><\/a>af \u00fev\u00ed a\u00f0 me\u00f0 Dan\u00edel, er konungurinn kalla\u00f0i Beltsasar, fannst fr\u00e1b\u00e6r andi og kunn\u00e1tta og \u00feekking til a\u00f0 \u00fe\u00fd\u00f0a drauma, r\u00e1\u00f0a g\u00e1tur og grei\u00f0a \u00far vandam\u00e1lum. L\u00e1t n\u00fa kalla Dan\u00edel, og mun hann segja, hva\u00f0 \u00feetta merkir.<a name=\"13\"><span class=\"versanumer\">13<\/span><\/a>\u00de\u00e1 var Dan\u00edel leiddur inn fyrir konung. Konungur t\u00f3k til m\u00e1ls og sag\u00f0i vi\u00f0 Dan\u00edel: Ert \u00fe\u00fa Dan\u00edel, einn af \u00feeim herleiddu Gy\u00f0ingum, sem konungurinn, fa\u00f0ir minn, flutti burt fr\u00e1 J\u00fada?<a name=\"14\"><span class=\"versanumer\">14<\/span><\/a>\u00c9g hefi um \u00feig heyrt, a\u00f0 andi gu\u00f0anna b\u00fai \u00ed \u00fe\u00e9r og a\u00f0 sk\u00fdrleikur, \u00feekking og fr\u00e1b\u00e6r speki finnist me\u00f0 \u00fe\u00e9r.<a name=\"15\"><span class=\"versanumer\">15<\/span><\/a>N\u00fa hefi \u00e9g l\u00e1ti\u00f0 lei\u00f0a inn fyrir mig vitringana og s\u00e6ringamennina til \u00feess a\u00f0 lesa \u00feetta letur og segja m\u00e9r \u00fe\u00fd\u00f0ing \u00feess, en \u00feeir geta ekki sagt, hva\u00f0 \u00feessi or\u00f0 \u00fe\u00fd\u00f0a.<a name=\"16\"><span class=\"versanumer\">16<\/span><\/a>En \u00e9g hefi heyrt um \u00feig, a\u00f0 \u00fe\u00fa kunnir \u00fe\u00fd\u00f0ingar a\u00f0 finna og \u00far vandam\u00e1lum a\u00f0 grei\u00f0a. Ef \u00fe\u00fa n\u00fa getur lesi\u00f0 \u00feetta letur og sagt m\u00e9r \u00fe\u00fd\u00f0ing \u00feess, \u00fe\u00e1 skalt \u00fe\u00fa kl\u00e6ddur ver\u00f0a purpura, bera gullfesti \u00e1 h\u00e1lsi \u00fe\u00e9r og vera \u00feri\u00f0ji yfirh\u00f6f\u00f0ingi \u00ed r\u00edkinu.<a name=\"17\"><span class=\"versanumer\">17<\/span><\/a>\u00de\u00e1 t\u00f3k Dan\u00edel til m\u00e1ls og sag\u00f0i vi\u00f0 konung: Haltu sj\u00e1lfur g\u00e1fum \u00fe\u00ednum og gef einhverjum \u00f6\u00f0rum gjafir \u00fe\u00ednar, en letri\u00f0 mun \u00e9g lesa fyrir konunginn og segja honum \u00fe\u00fd\u00f0ing \u00feess.<a name=\"18\"><span class=\"versanumer\">18<\/span><\/a>\u00de\u00fa konungur! Gu\u00f0 hinn h\u00e6sti veitti Neb\u00fakadnesar f\u00f6\u00f0ur \u00fe\u00ednum r\u00edki, vald, vegsemd og tign.<a name=\"19\"><span class=\"versanumer\">19<\/span><\/a>Og s\u00f6kum \u00feess veldis, sem hann haf\u00f0i veitt honum, hr\u00e6ddust hann allir l\u00fd\u00f0ir, \u00fej\u00f3\u00f0ir og tungur, og st\u00f3\u00f0 \u00feeim \u00f3tti af honum. Hann t\u00f3k af l\u00edfi hvern sem hann vildi og hann l\u00e9t l\u00edfi halda hvern sem hann vildi, hann h\u00f3f hvern er hann vildi og hann l\u00e6g\u00f0i hvern er hann vildi.<a name=\"20\"><span class=\"versanumer\">20<\/span><\/a>En er hjarta hans metna\u00f0ist og hugur hans gj\u00f6r\u00f0ist ofdrambsfullur, \u00fe\u00e1 var honum hrundi\u00f0 \u00far konungsh\u00e1s\u00e6tinu og tignin tekin fr\u00e1 honum.<a name=\"21\"><span class=\"versanumer\">21<\/span><\/a>Hann var rekinn \u00far mannaf\u00e9lagi og hjarta hans var\u00f0 l\u00edkt d\u00fdrshjarta. Hann \u00e1tti bygg\u00f0 me\u00f0al sk\u00f3garasna, og honum var gefi\u00f0 gras a\u00f0 eta eins og uxum, og l\u00edkami hans v\u00f6kna\u00f0i af d\u00f6gg himins, \u00fear til er hann kanna\u00f0ist vi\u00f0, a\u00f0 Gu\u00f0 hinn h\u00e6sti r\u00e6\u00f0ur yfir konungd\u00f3mi mannanna og veitir hann hverjum sem hann vill.<a name=\"22\"><span class=\"versanumer\">22<\/span><\/a>Og \u00fe\u00fa, Belsasar, sonur hans, hefir ekki l\u00edtill\u00e6tt hjarta \u00feitt, \u00fe\u00f3tt \u00fe\u00fa vissir allt \u00feetta,<a name=\"23\"><span class=\"versanumer\">23<\/span><\/a>heldur hefir \u00fe\u00fa sett \u00feig upp \u00e1 m\u00f3ti Drottni himnanna og l\u00e1ti\u00f0 f\u00e6ra \u00fe\u00e9r kerin \u00far h\u00fasi hans, og \u00fe\u00fa og st\u00f3rmenni \u00fe\u00edn, konur \u00fe\u00ednar og hj\u00e1konur hafi\u00f0 drukki\u00f0 v\u00edn af \u00feeim. Og \u00fe\u00fa hefir vegsama\u00f0 gu\u00f0i \u00far silfri, gulli, eiri, j\u00e1rni, tr\u00e9 og steini, sem ekki sj\u00e1, ekki heyra og ekkert vita, en \u00feann Gu\u00f0, sem hefir l\u00edfsanda \u00feinn \u00ed hendi s\u00e9r og r\u00e1\u00f0 hefir \u00e1 \u00f6llum h\u00f6gum \u00fe\u00ednum, hann hefir \u00fe\u00fa ekki tigna\u00f0.<a name=\"24\"><span class=\"versanumer\">24<\/span><\/a>Samstundis voru fingur handarinnar fr\u00e1 honum sendir og \u00feetta letur rita\u00f0.<a name=\"25\"><span class=\"versanumer\">25<\/span><\/a>En letri\u00f0, sem rita\u00f0 er, er \u00feetta: mene, mene, tekel ufarsin.<a name=\"26\"><span class=\"versanumer\">26<\/span><\/a>&#8222;\u00deessi er \u00fe\u00fd\u00f0ing or\u00f0anna: mene, Gu\u00f0 hefir tali\u00f0 r\u00edkis\u00e1r \u00fe\u00edn og leitt \u00feau til enda; &#8222;<a name=\"27\"><span class=\"versanumer\">27<\/span><\/a>&#8222;tekel, \u00fe\u00fa ert veginn \u00e1 sk\u00e1lum og l\u00e9ttv\u00e6gur fundinn; &#8222;<a name=\"28\"><span class=\"versanumer\">28<\/span><\/a>peres, r\u00edki \u00feitt er deilt og gefi\u00f0 Medum og Persum.<a name=\"29\"><span class=\"versanumer\">29<\/span><\/a>\u00dev\u00ed n\u00e6st bau\u00f0 Belsasar a\u00f0 kl\u00e6\u00f0a Dan\u00edel purpura og l\u00e1ta gullfesti um h\u00e1ls honum og gj\u00f6ra heyrinkunnugt, a\u00f0 hann skyldi vera \u00feri\u00f0ji yfirh\u00f6f\u00f0ingi \u00ed r\u00edkinu.<a name=\"30\"><span class=\"versanumer\">30<\/span><\/a>\u00c1 hinni s\u00f6mu n\u00f3tt var Belsasar Kaldeakonungur drepinn.<a name=\"31\"><span class=\"versanumer\">31<\/span><\/a>Dar\u00edus fr\u00e1 Medalandi t\u00f3k vi\u00f0 r\u00edkinu og haf\u00f0i \u00fe\u00e1 tvo vetur um sextugt.<\/p>\n<div class=\"footnote1981\"><b>5.4<\/b> Gu\u00f0ir \u00far gulli Jes 40.19; Opb 9.20<br \/>\n<b>5.20<\/b> Hjarta hans ofmetna\u00f0ist Dan 11.12; 5M\u00f3s 8.14; Esk 31.10 \u2013 hroki n\u00e1\u00f0i t\u00f6kum \u00e1 huganum 2M\u00f3s 7.13,22<\/div>\n","protected":false},"excerpt":{"rendered":"<p>1Belsasar konungur h\u00e9lt veislu mikla \u00fe\u00fasund st\u00f3rmennum s\u00ednum og drakk v\u00edn \u00ed augs\u00fdn \u00feeirra \u00fe\u00fasund.2En er menn t\u00f3ku a\u00f0 gj\u00f6rast v\u00ednhreifir, bau\u00f0 Belsasar a\u00f0 s\u00e6kja \u00feau gullker og silfurker, sem Neb\u00fakadnesar fa\u00f0ir hans haf\u00f0i haft \u00e1 burt \u00far musterinu \u00ed Jer\u00fasalem, til \u00feess a\u00f0 konungurinn, st\u00f3rmenni hans, konur hans og hj\u00e1konur m\u00e6ttu drekka af \u00feeim.3\u00de\u00e1 voru fram borin gullker \u00feau, sem tekin h\u00f6f\u00f0u veri\u00f0 \u00far musterinu, h\u00fasi Gu\u00f0s \u00ed Jer\u00fasalem, og konungurinn, st\u00f3rmenni hans, konur hans og hj\u00e1konur drukku af \u00feeim.4\u00deeir drukku v\u00edn og vegs\u00f6mu\u00f0u gu\u00f0i s\u00edna \u00far gulli, silfri, eiri, j\u00e1rni, tr\u00e9 og steini.5\u00c1 s\u00f6mu stundu komu fram fingur <a href=\"https:\/\/biblian.is\/1981\/daniel-5-kafli\/\"> [&#8230;]<\/a><\/p>\n","protected":false},"author":1,"featured_media":0,"parent":0,"menu_order":0,"comment_status":"open","ping_status":"open","template":"bibliukaflar.php","meta":{"footnotes":""},"class_list":["post-2202","page","type-page","status-publish","hentry"],"_links":{"self":[{"href":"https:\/\/biblian.is\/1981\/wp-json\/wp\/v2\/pages\/2202","targetHints":{"allow":["GET"]}}],"collection":[{"href":"https:\/\/biblian.is\/1981\/wp-json\/wp\/v2\/pages"}],"about":[{"href":"https:\/\/biblian.is\/1981\/wp-json\/wp\/v2\/types\/page"}],"author":[{"embeddable":true,"href":"https:\/\/biblian.is\/1981\/wp-json\/wp\/v2\/users\/1"}],"replies":[{"embeddable":true,"href":"https:\/\/biblian.is\/1981\/wp-json\/wp\/v2\/comments?post=2202"}],"version-history":[{"count":0,"href":"https:\/\/biblian.is\/1981\/wp-json\/wp\/v2\/pages\/2202\/revisions"}],"wp:attachment":[{"href":"https:\/\/biblian.is\/1981\/wp-json\/wp\/v2\/media?parent=2202"}],"curies":[{"name":"wp","href":"https:\/\/api.w.org\/{rel}","templated":true}]}}