{"id":2168,"date":"2017-11-18T20:20:32","date_gmt":"2017-11-18T20:20:32","guid":{"rendered":"http:\/\/biblian.is\/1981\/esekiel-19-kafli\/"},"modified":"2021-06-06T10:50:48","modified_gmt":"2021-06-06T10:50:48","slug":"esekiel-19-kafli","status":"publish","type":"page","link":"https:\/\/biblian.is\/1981\/esekiel-19-kafli\/","title":{"rendered":"Esek\u00edel 19. kafli"},"content":{"rendered":"<p><a name=\"1\"><span class=\"versanumer\">1<\/span><\/a>Kyrja \u00fe\u00fa upp harmlj\u00f3\u00f0 yfir h\u00f6f\u00f0ingjum \u00cdsraels<a name=\"2\"><span class=\"versanumer\">2<\/span><\/a>og seg: Hv\u00edl\u00edk lj\u00f3nynja var m\u00f3\u00f0ir \u00fe\u00edn me\u00f0al lj\u00f3na. H\u00fan l\u00e1 me\u00f0al ungra lj\u00f3na, \u00f3l upp lj\u00f3nshvolpa s\u00edna.<a name=\"3\"><span class=\"versanumer\">3<\/span><\/a>Og h\u00fan kom upp einum af hvolpum s\u00ednum, hann var\u00f0 unglj\u00f3n. Hann l\u00e6r\u00f0i a\u00f0 n\u00e1 s\u00e9r \u00ed br\u00e1\u00f0, hann \u00e1t menn.<a name=\"4\"><span class=\"versanumer\">4<\/span><\/a>\u00de\u00e1 h\u00f6f\u00f0u \u00fej\u00f3\u00f0irnar \u00fatbo\u00f0 \u00ed m\u00f3ti honum, hann var veiddur \u00ed gr\u00f6f \u00feeirra, og \u00feeir teymdu hann \u00e1 nasahring til Egyptalands.<a name=\"5\"><span class=\"versanumer\">5<\/span><\/a>En er h\u00fan s\u00e1, a\u00f0 h\u00fan haf\u00f0i breytt heimskulega, a\u00f0 von hennar var horfin, t\u00f3k h\u00fan annan af hvolpum s\u00ednum og gj\u00f6r\u00f0i hann a\u00f0 unglj\u00f3ni.<a name=\"6\"><span class=\"versanumer\">6<\/span><\/a>Og hann gekk me\u00f0al lj\u00f3na og var\u00f0 unglj\u00f3n. Hann l\u00e6r\u00f0i a\u00f0 n\u00e1 s\u00e9r \u00ed br\u00e1\u00f0, hann \u00e1t menn.<a name=\"7\"><span class=\"versanumer\">7<\/span><\/a>Og hann gj\u00f6r\u00f0i margar me\u00f0al \u00feeirra a\u00f0 ekkjum og eyddi borgir \u00feeirra, svo a\u00f0 landi\u00f0 fylltist skelfingu og allt, sem \u00ed \u00fev\u00ed var, vegna \u00f6skurs hans.<a name=\"8\"><span class=\"versanumer\">8<\/span><\/a>\u00de\u00e1 settu \u00fej\u00f3\u00f0ir sig m\u00f3ti honum, \u00far h\u00e9ru\u00f0unum umhverfis, og k\u00f6stu\u00f0u neti s\u00ednu yfir hann, \u00ed gr\u00f6f \u00feeirra var\u00f0 hann veiddur.<a name=\"9\"><span class=\"versanumer\">9<\/span><\/a>Og \u00feeir dr\u00f3gu hann \u00e1 nasahring \u00ed b\u00far og fluttu hann til Babelkonungs og settu hann \u00ed d\u00fdflissu, til \u00feess a\u00f0 r\u00f6dd hans heyr\u00f0ist ekki framar \u00e1 \u00cdsraels fj\u00f6llum.<a name=\"10\"><span class=\"versanumer\">10<\/span><\/a>M\u00f3\u00f0ir \u00fe\u00edn var eins og v\u00ednvi\u00f0ur, sem gr\u00f3\u00f0ursettur var hj\u00e1 vatni. Hann var\u00f0 \u00e1vaxtarsamur og fj\u00f6lgrein\u00f3ttur af vatnsgn\u00f3ttinni.<a name=\"11\"><span class=\"versanumer\">11<\/span><\/a>\u00de\u00e1 spratt fram sterk grein og var\u00f0 veldissproti og \u00f3x h\u00e1tt upp \u00ed milli \u00fe\u00e9ttra greina og var fr\u00e1b\u00e6r fyrir h\u00e6\u00f0ar sakir, \u00fev\u00ed a\u00f0 angar hennar voru svo margir.<a name=\"12\"><span class=\"versanumer\">12<\/span><\/a>\u00de\u00e1 var v\u00ednvi\u00f0inum rykkt upp \u00ed heift og varpa\u00f0 til jar\u00f0ar, og austanvindurinn skr\u00e6ldi \u00e1v\u00f6xt hans. Hin sterka grein hans skr\u00e6lna\u00f0i, eldur eyddi henni.<a name=\"13\"><span class=\"versanumer\">13<\/span><\/a>Og n\u00fa er hann gr\u00f3\u00f0ursettur \u00ed ey\u00f0im\u00f6rk, \u00ed \u00feurru og vatnslausu landi.<a name=\"14\"><span class=\"versanumer\">14<\/span><\/a>Og eldur braust \u00fat fr\u00e1 grein hans, sem eyddi \u00f6ngum hans, og engin sterk grein var framar \u00e1 honum, enginn veldissproti. \u00deetta eru harmlj\u00f3\u00f0 og voru sungin sem harmlj\u00f3\u00f0.<\/p>\n<div class=\"footnote1981\"><b>19.10<\/b> V\u00ednvi\u00f0ur Esk 15.1+<\/div>\n","protected":false},"excerpt":{"rendered":"<p>1Kyrja \u00fe\u00fa upp harmlj\u00f3\u00f0 yfir h\u00f6f\u00f0ingjum \u00cdsraels2og seg: Hv\u00edl\u00edk lj\u00f3nynja var m\u00f3\u00f0ir \u00fe\u00edn me\u00f0al lj\u00f3na. H\u00fan l\u00e1 me\u00f0al ungra lj\u00f3na, \u00f3l upp lj\u00f3nshvolpa s\u00edna.3Og h\u00fan kom upp einum af hvolpum s\u00ednum, hann var\u00f0 unglj\u00f3n. Hann l\u00e6r\u00f0i a\u00f0 n\u00e1 s\u00e9r \u00ed br\u00e1\u00f0, hann \u00e1t menn.4\u00de\u00e1 h\u00f6f\u00f0u \u00fej\u00f3\u00f0irnar \u00fatbo\u00f0 \u00ed m\u00f3ti honum, hann var veiddur \u00ed gr\u00f6f \u00feeirra, og \u00feeir teymdu hann \u00e1 nasahring til Egyptalands.5En er h\u00fan s\u00e1, a\u00f0 h\u00fan haf\u00f0i breytt heimskulega, a\u00f0 von hennar var horfin, t\u00f3k h\u00fan annan af hvolpum s\u00ednum og gj\u00f6r\u00f0i hann a\u00f0 unglj\u00f3ni.6Og hann gekk me\u00f0al lj\u00f3na og var\u00f0 unglj\u00f3n. Hann l\u00e6r\u00f0i a\u00f0 n\u00e1 s\u00e9r <a href=\"https:\/\/biblian.is\/1981\/esekiel-19-kafli\/\"> [&#8230;]<\/a><\/p>\n","protected":false},"author":1,"featured_media":0,"parent":0,"menu_order":0,"comment_status":"open","ping_status":"open","template":"bibliukaflar.php","meta":{"footnotes":""},"class_list":["post-2168","page","type-page","status-publish","hentry"],"_links":{"self":[{"href":"https:\/\/biblian.is\/1981\/wp-json\/wp\/v2\/pages\/2168","targetHints":{"allow":["GET"]}}],"collection":[{"href":"https:\/\/biblian.is\/1981\/wp-json\/wp\/v2\/pages"}],"about":[{"href":"https:\/\/biblian.is\/1981\/wp-json\/wp\/v2\/types\/page"}],"author":[{"embeddable":true,"href":"https:\/\/biblian.is\/1981\/wp-json\/wp\/v2\/users\/1"}],"replies":[{"embeddable":true,"href":"https:\/\/biblian.is\/1981\/wp-json\/wp\/v2\/comments?post=2168"}],"version-history":[{"count":0,"href":"https:\/\/biblian.is\/1981\/wp-json\/wp\/v2\/pages\/2168\/revisions"}],"wp:attachment":[{"href":"https:\/\/biblian.is\/1981\/wp-json\/wp\/v2\/media?parent=2168"}],"curies":[{"name":"wp","href":"https:\/\/api.w.org\/{rel}","templated":true}]}}