{"id":2157,"date":"2017-11-18T20:20:27","date_gmt":"2017-11-18T20:20:27","guid":{"rendered":"http:\/\/biblian.is\/1981\/esekiel-8-kafli\/"},"modified":"2021-06-06T10:50:59","modified_gmt":"2021-06-06T10:50:59","slug":"esekiel-8-kafli","status":"publish","type":"page","link":"https:\/\/biblian.is\/1981\/esekiel-8-kafli\/","title":{"rendered":"Esek\u00edel 8. kafli"},"content":{"rendered":"<p><a name=\"1\"><span class=\"versanumer\">1<\/span><\/a>\u00dea\u00f0 var \u00e1 sj\u00f6tta \u00e1ri, fimmta dag hins sj\u00f6tta m\u00e1na\u00f0ar, \u00fe\u00e1 er \u00e9g sat \u00ed h\u00fasi m\u00ednu, og \u00f6ldungar J\u00fada s\u00e1tu frammi fyrir m\u00e9r, a\u00f0 h\u00f6nd Drottins Gu\u00f0s kom \u00fear yfir mig.<a name=\"2\"><span class=\"versanumer\">2<\/span><\/a>Og \u00e9g s\u00e1, og sj\u00e1, \u00fear var mynd, \u00e1s\u00fdndum sem ma\u00f0ur. \u00dear \u00ed fr\u00e1, sem m\u00e9r \u00fe\u00f3ttu lendar hans vera, og ni\u00f0ur eftir, var eins og eldur, en fr\u00e1 lendum hans og upp eftir var a\u00f0 sj\u00e1 sem bjarma, eins og lj\u00f3ma\u00f0i af l\u00fdsigulli.<a name=\"3\"><span class=\"versanumer\">3<\/span><\/a>Og hann r\u00e9tti \u00fat l\u00edkast sem h\u00f6nd v\u00e6ri og t\u00f3k \u00ed h\u00f6fu\u00f0h\u00e1r mitt, og andinn h\u00f3f mig upp milli himins og jar\u00f0ar og flutti mig til Jer\u00fasalem \u00ed gu\u00f0legri s\u00fdn, a\u00f0 dyrum innra hli\u00f0sins, er sn\u00fdr m\u00f3t nor\u00f0ri, \u00fear er l\u00edkans\u00falan st\u00f3\u00f0, s\u00fa er vakti afbr\u00fd\u00f0i Drottins.<a name=\"4\"><span class=\"versanumer\">4<\/span><\/a>Og sj\u00e1, \u00fear var d\u00fdr\u00f0 \u00cdsraels Gu\u00f0s, alveg eins og \u00ed s\u00fdn \u00feeirri, er \u00e9g haf\u00f0i s\u00e9\u00f0 \u00ed dalnum.<a name=\"5\"><span class=\"versanumer\">5<\/span><\/a>Hann sag\u00f0i vi\u00f0 mig: Mannsson, hef upp augu \u00fe\u00edn og l\u00edt \u00ed nor\u00f0ur\u00e1tt! Og \u00e9g h\u00f3f upp augu m\u00edn og leit \u00ed nor\u00f0ur\u00e1tt. St\u00f3\u00f0 \u00fe\u00e1 \u00feessi l\u00edkans\u00fala, sem afbr\u00fd\u00f0i vakti, nor\u00f0an megin vi\u00f0 altarishli\u00f0i\u00f0, r\u00e9tt \u00fear sem inn er gengi\u00f0.<a name=\"6\"><span class=\"versanumer\">6<\/span><\/a>Og hann sag\u00f0i vi\u00f0 mig: Mannsson, s\u00e9r \u00fe\u00fa, hva\u00f0 \u00feeir eru a\u00f0 gj\u00f6ra? Miklar sv\u00edvir\u00f0ingar eru \u00fea\u00f0, sem \u00cdsraelsmenn hafa h\u00e9r \u00ed frammi, svo a\u00f0 \u00e9g ver\u00f0 a\u00f0 vera fjarri helgid\u00f3mi m\u00ednum, en \u00fe\u00fa munt enn sj\u00e1 miklar sv\u00edvir\u00f0ingar.<a name=\"7\"><span class=\"versanumer\">7<\/span><\/a>Hann leiddi mig a\u00f0 dyrum forgar\u00f0sins. Og er \u00e9g leit \u00e1, var \u00fear gat eitt \u00e1 veggnum.<a name=\"8\"><span class=\"versanumer\">8<\/span><\/a>Og hann sag\u00f0i vi\u00f0 mig: Mannsson, brj\u00f3t \u00fe\u00fa gat \u00ed gegnum vegginn. Og er \u00e9g braut gat \u00ed gegnum vegginn, \u00fe\u00e1 voru \u00fear dyr.<a name=\"9\"><span class=\"versanumer\">9<\/span><\/a>Og hann sag\u00f0i vi\u00f0 mig: Gakk inn og sj\u00e1 hinar vondu sv\u00edvir\u00f0ingar, sem \u00feeir hafa h\u00e9r \u00ed frammi.<a name=\"10\"><span class=\"versanumer\">10<\/span><\/a>\u00c9g gekk inn og lita\u00f0ist um. Voru \u00fear ristar allt umhverfis \u00e1 vegginn alls konar myndir vi\u00f0bj\u00f3\u00f0slegra orma og skepna og \u00f6ll skur\u00f0go\u00f0 \u00cdsraelsmanna.<a name=\"11\"><span class=\"versanumer\">11<\/span><\/a>Og \u00fear voru sj\u00f6t\u00edu menn af \u00f6ldungum \u00cdsraels h\u00fass og Jaasanja Safansson mitt \u00e1 me\u00f0al \u00feeirra svo sem forstj\u00f3ri \u00feeirra, og h\u00e9lt hver \u00feeirra \u00e1 reykelsiskeri \u00ed hendi s\u00e9r og st\u00e9 \u00fear upp af ilmandi reykelsism\u00f6kkur.<a name=\"12\"><span class=\"versanumer\">12<\/span><\/a>Og hann sag\u00f0i vi\u00f0 mig: Hefir \u00fe\u00fa s\u00e9\u00f0, mannsson, hva\u00f0 \u00f6ldungar \u00cdsraels h\u00fass hafast a\u00f0 \u00ed myrkrinu, hver \u00ed s\u00ednum myndaherbergjum? \u00dev\u00ed a\u00f0 \u00feeir hugsa: Drottinn s\u00e9r oss ekki, Drottinn hefir yfirgefi\u00f0 landi\u00f0.<a name=\"13\"><span class=\"versanumer\">13<\/span><\/a>\u00dev\u00ed n\u00e6st sag\u00f0i hann vi\u00f0 mig: \u00de\u00fa munt enn sj\u00e1 miklar sv\u00edvir\u00f0ingar, er \u00feeir hafa \u00ed frammi.<a name=\"14\"><span class=\"versanumer\">14<\/span><\/a>Hann leiddi mig a\u00f0 dyrunum \u00e1 nor\u00f0urhli\u00f0i musteris Drottins. \u00dear s\u00e1tu konurnar, \u00fe\u00e6r er gr\u00e9tu Tamm\u00fas.<a name=\"15\"><span class=\"versanumer\">15<\/span><\/a>Og hann sag\u00f0i vi\u00f0 mig: S\u00e9r \u00fe\u00fa \u00fea\u00f0, mannsson? \u00de\u00fa munt enn sj\u00e1 sv\u00edvir\u00f0ingar, sem meiri eru en \u00feessar.<a name=\"16\"><span class=\"versanumer\">16<\/span><\/a>Hann leiddi mig inn \u00ed innra forgar\u00f0 h\u00fass Drottins, og voru \u00fe\u00e1 \u00fear fyrir dyrum musteris Drottins, milli forsalsins og altarisins, um tuttugu og fimm menn. Sneru \u00feeir b\u00f6kum vi\u00f0 musteri Drottins, en \u00e1sj\u00f3num s\u00ednum \u00ed austur, og tilb\u00e1\u00f0u s\u00f3lina \u00ed austri.<a name=\"17\"><span class=\"versanumer\">17<\/span><\/a>Og hann sag\u00f0i vi\u00f0 mig: S\u00e9r \u00fe\u00fa \u00fea\u00f0, mannsson? N\u00e6gir J\u00fadam\u00f6nnum \u00fea\u00f0 eigi a\u00f0 hafa \u00ed frammi \u00fe\u00e6r sv\u00edvir\u00f0ingar, sem \u00feeir h\u00e9r fremja, \u00fe\u00f3 a\u00f0 \u00feeir ekki \u00fear \u00e1 ofan fylli landi\u00f0 me\u00f0 gl\u00e6p og reiti mig hva\u00f0 eftir anna\u00f0 til rei\u00f0i? Sj\u00e1, hversu \u00feeir halda v\u00f6ndlinum upp a\u00f0 n\u00f6sum s\u00e9r.<a name=\"18\"><span class=\"versanumer\">18<\/span><\/a>Fyrir \u00fev\u00ed vil \u00e9g og fara m\u00ednu fram \u00ed rei\u00f0i: \u00c9g vil ekki l\u00edta \u00fe\u00e1 v\u00e6g\u00f0arauga og enga me\u00f0aumkun s\u00fdna. Og \u00fe\u00f3tt \u00feeir \u00fe\u00e1 kalli h\u00e1rri r\u00f6ddu \u00ed eyru m\u00edn, \u00fe\u00e1 mun \u00e9g ekki heyra \u00fe\u00e1.<\/p>\n<div class=\"footnote1981\"><b>8.1<\/b> H\u00f6nd Drottins Esk 1.3; 1Kon 18.46; 2Kon 3.15 \u2013 til a\u00f0 refsa Esk 13.9<br \/>\n<b>8.2<\/b> L\u00edktist manni Esk 1.26-28<br \/>\n<b>8.3<\/b> Andinn Esk 3.14+<br \/>\n<b>8.4<\/b> D\u00fdr\u00f0 Drottins Esk 1.28+ &#8211; fr\u00e1 musterinu Esk 9.3; 10.3,18-19; 11.22-23 \u2013 eins og Esk 43.2-5<br \/>\n<b>8.16<\/b> Tilb\u00e1\u00f0u s\u00f3lina 2Kon 21.5; 23.5,11; sbr 5M\u00f3s 4.19; 5.8<br \/>\n<b>8.18<\/b> Ekki s\u00fdna miskun Esk 5.11+<\/div>\n","protected":false},"excerpt":{"rendered":"<p>1\u00dea\u00f0 var \u00e1 sj\u00f6tta \u00e1ri, fimmta dag hins sj\u00f6tta m\u00e1na\u00f0ar, \u00fe\u00e1 er \u00e9g sat \u00ed h\u00fasi m\u00ednu, og \u00f6ldungar J\u00fada s\u00e1tu frammi fyrir m\u00e9r, a\u00f0 h\u00f6nd Drottins Gu\u00f0s kom \u00fear yfir mig.2Og \u00e9g s\u00e1, og sj\u00e1, \u00fear var mynd, \u00e1s\u00fdndum sem ma\u00f0ur. \u00dear \u00ed fr\u00e1, sem m\u00e9r \u00fe\u00f3ttu lendar hans vera, og ni\u00f0ur eftir, var eins og eldur, en fr\u00e1 lendum hans og upp eftir var a\u00f0 sj\u00e1 sem bjarma, eins og lj\u00f3ma\u00f0i af l\u00fdsigulli.3Og hann r\u00e9tti \u00fat l\u00edkast sem h\u00f6nd v\u00e6ri og t\u00f3k \u00ed h\u00f6fu\u00f0h\u00e1r mitt, og andinn h\u00f3f mig upp milli himins og jar\u00f0ar og flutti mig til <a href=\"https:\/\/biblian.is\/1981\/esekiel-8-kafli\/\"> [&#8230;]<\/a><\/p>\n","protected":false},"author":1,"featured_media":0,"parent":0,"menu_order":0,"comment_status":"open","ping_status":"open","template":"bibliukaflar.php","meta":{"footnotes":""},"class_list":["post-2157","page","type-page","status-publish","hentry"],"_links":{"self":[{"href":"https:\/\/biblian.is\/1981\/wp-json\/wp\/v2\/pages\/2157","targetHints":{"allow":["GET"]}}],"collection":[{"href":"https:\/\/biblian.is\/1981\/wp-json\/wp\/v2\/pages"}],"about":[{"href":"https:\/\/biblian.is\/1981\/wp-json\/wp\/v2\/types\/page"}],"author":[{"embeddable":true,"href":"https:\/\/biblian.is\/1981\/wp-json\/wp\/v2\/users\/1"}],"replies":[{"embeddable":true,"href":"https:\/\/biblian.is\/1981\/wp-json\/wp\/v2\/comments?post=2157"}],"version-history":[{"count":0,"href":"https:\/\/biblian.is\/1981\/wp-json\/wp\/v2\/pages\/2157\/revisions"}],"wp:attachment":[{"href":"https:\/\/biblian.is\/1981\/wp-json\/wp\/v2\/media?parent=2157"}],"curies":[{"name":"wp","href":"https:\/\/api.w.org\/{rel}","templated":true}]}}