{"id":2137,"date":"2017-11-18T20:20:20","date_gmt":"2017-11-18T20:20:20","guid":{"rendered":"http:\/\/biblian.is\/1981\/jeremia-45-kafli\/"},"modified":"2017-11-18T20:20:20","modified_gmt":"2017-11-18T20:20:20","slug":"jeremia-45-kafli","status":"publish","type":"page","link":"https:\/\/biblian.is\/1981\/jeremia-45-kafli\/","title":{"rendered":"Jerem\u00eda 45. kafli"},"content":{"rendered":"<p><a name=\"1\"><span class=\"versanumer\">1<\/span><\/a>Or\u00f0i\u00f0 sem Jerem\u00eda sp\u00e1ma\u00f0ur tala\u00f0i til Bar\u00faks Ner\u00edasonar, \u00fe\u00e1 er hann skrifa\u00f0i \u00feessi or\u00f0 \u00ed b\u00f3kina eftir fors\u00f6gn Jerem\u00eda \u00e1 fj\u00f3r\u00f0a r\u00edkis\u00e1ri J\u00f3jak\u00edms J\u00f3s\u00edasonar, konungs \u00ed J\u00fada:<a name=\"2\"><span class=\"versanumer\">2<\/span><\/a>Svo segir Drottinn, \u00cdsraels Gu\u00f0, um \u00feig, Bar\u00fak:<a name=\"3\"><span class=\"versanumer\">3<\/span><\/a>\u00de\u00fa sag\u00f0ir: Vei m\u00e9r, \u00fev\u00ed a\u00f0 Drottinn b\u00e6tir harmi vi\u00f0 kv\u00f6l m\u00edna. \u00c9g er \u00fereyttur or\u00f0inn af andv\u00f6rpum m\u00ednum, og hv\u00edld finn \u00e9g enga!<a name=\"4\"><span class=\"versanumer\">4<\/span><\/a>Svo skalt \u00fe\u00fa til hans m\u00e6la: Svo segir Drottinn: Sj\u00e1, \u00fea\u00f0 sem \u00e9g hefi byggt, r\u00edf \u00e9g ni\u00f0ur, og \u00fea\u00f0 sem \u00e9g hefi gr\u00f3\u00f0ursett, uppr\u00e6ti \u00e9g.<a name=\"5\"><span class=\"versanumer\">5<\/span><\/a>En \u00fe\u00fa \u00e6tlar \u00fe\u00e9r mikinn hlut! Girnst \u00fea\u00f0 eigi! \u00dev\u00ed a\u00f0 sj\u00e1, \u00e9g lei\u00f0i \u00f3g\u00e6fu yfir allt hold segir Drottinn. En \u00fe\u00e9r gef \u00e9g l\u00edf \u00feitt a\u00f0 herfangi, hvert sem \u00fe\u00fa fer.<\/p>\n<div class=\"footnote1981\"><b>45.1<\/b> Bar\u00fak Jer 32.12+ &#8211; skrifa Jer 36.4 \u2013 fj\u00f3\u00f0ra stj\u00f3rnar\u00e1ri\u00f0 Jer 25.1+<br \/>\n<b>45.3<\/b> Vei m\u00e9r Jer 10.19 \u2013 finn enga hv\u00edld Hlj 5.5<br \/>\n<b>45.4<\/b> Brj\u00f3ta ni\u00f0ur, uppr\u00e6ta Jer 1.10+<br \/>\n<b>45.5<\/b> \u00c6tla s\u00e9r mikinn hlut R\u00f3m 12.3,16 \u2013 sendi \u00f3g\u00e6fu Jer 6.19; 25.29 \u2013 gefa \u00fe\u00e9r l\u00edf 21.9+<\/div>\n","protected":false},"excerpt":{"rendered":"<p>1Or\u00f0i\u00f0 sem Jerem\u00eda sp\u00e1ma\u00f0ur tala\u00f0i til Bar\u00faks Ner\u00edasonar, \u00fe\u00e1 er hann skrifa\u00f0i \u00feessi or\u00f0 \u00ed b\u00f3kina eftir fors\u00f6gn Jerem\u00eda \u00e1 fj\u00f3r\u00f0a r\u00edkis\u00e1ri J\u00f3jak\u00edms J\u00f3s\u00edasonar, konungs \u00ed J\u00fada:2Svo segir Drottinn, \u00cdsraels Gu\u00f0, um \u00feig, Bar\u00fak:3\u00de\u00fa sag\u00f0ir: Vei m\u00e9r, \u00fev\u00ed a\u00f0 Drottinn b\u00e6tir harmi vi\u00f0 kv\u00f6l m\u00edna. \u00c9g er \u00fereyttur or\u00f0inn af andv\u00f6rpum m\u00ednum, og hv\u00edld finn \u00e9g enga!4Svo skalt \u00fe\u00fa til hans m\u00e6la: Svo segir Drottinn: Sj\u00e1, \u00fea\u00f0 sem \u00e9g hefi byggt, r\u00edf \u00e9g ni\u00f0ur, og \u00fea\u00f0 sem \u00e9g hefi gr\u00f3\u00f0ursett, uppr\u00e6ti \u00e9g.5En \u00fe\u00fa \u00e6tlar \u00fe\u00e9r mikinn hlut! Girnst \u00fea\u00f0 eigi! \u00dev\u00ed a\u00f0 sj\u00e1, \u00e9g lei\u00f0i \u00f3g\u00e6fu yfir allt hold segir <a href=\"https:\/\/biblian.is\/1981\/jeremia-45-kafli\/\"> [&#8230;]<\/a><\/p>\n","protected":false},"author":1,"featured_media":0,"parent":0,"menu_order":0,"comment_status":"open","ping_status":"open","template":"bibliukaflar.php","meta":{"footnotes":""},"class_list":["post-2137","page","type-page","status-publish","hentry"],"_links":{"self":[{"href":"https:\/\/biblian.is\/1981\/wp-json\/wp\/v2\/pages\/2137","targetHints":{"allow":["GET"]}}],"collection":[{"href":"https:\/\/biblian.is\/1981\/wp-json\/wp\/v2\/pages"}],"about":[{"href":"https:\/\/biblian.is\/1981\/wp-json\/wp\/v2\/types\/page"}],"author":[{"embeddable":true,"href":"https:\/\/biblian.is\/1981\/wp-json\/wp\/v2\/users\/1"}],"replies":[{"embeddable":true,"href":"https:\/\/biblian.is\/1981\/wp-json\/wp\/v2\/comments?post=2137"}],"version-history":[{"count":0,"href":"https:\/\/biblian.is\/1981\/wp-json\/wp\/v2\/pages\/2137\/revisions"}],"wp:attachment":[{"href":"https:\/\/biblian.is\/1981\/wp-json\/wp\/v2\/media?parent=2137"}],"curies":[{"name":"wp","href":"https:\/\/api.w.org\/{rel}","templated":true}]}}