{"id":2133,"date":"2017-11-18T20:20:20","date_gmt":"2017-11-18T20:20:20","guid":{"rendered":"http:\/\/biblian.is\/1981\/jeremia-41-kafli\/"},"modified":"2017-11-18T20:20:20","modified_gmt":"2017-11-18T20:20:20","slug":"jeremia-41-kafli","status":"publish","type":"page","link":"https:\/\/biblian.is\/1981\/jeremia-41-kafli\/","title":{"rendered":"Jerem\u00eda 41. kafli"},"content":{"rendered":"<p><a name=\"1\"><span class=\"versanumer\">1<\/span><\/a>En \u00e1 sj\u00f6unda m\u00e1nu\u00f0i kom \u00cdsmael Netanjason, El\u00edsamasonar, af konungs\u00e6ttinni, og t\u00edu menn me\u00f0 honum til Gedalja Ah\u00edkamssonar \u00ed Mispa, og \u00feeir m\u00f6tu\u00f0ust \u00fear me\u00f0 honum \u00ed Mispa.<a name=\"2\"><span class=\"versanumer\">2<\/span><\/a>Og \u00cdsmael Netanjason og t\u00edu mennirnir, sem me\u00f0 honum voru, spruttu upp og myrtu Gedalja, er Babelkonungur haf\u00f0i sett yfir landi\u00f0,<a name=\"3\"><span class=\"versanumer\">3<\/span><\/a>svo og alla J\u00fadamenn, er me\u00f0 honum voru \u00ed Mispa, og \u00fe\u00e1 Kaldea, er \u00fear voru.<a name=\"4\"><span class=\"versanumer\">4<\/span><\/a>En \u00e1 \u00f6\u00f0rum degi fr\u00e1 \u00fev\u00ed er Gedalja var myrtur og \u00e1\u00f0ur en nokkur var\u00f0 \u00feess v\u00eds,<a name=\"5\"><span class=\"versanumer\">5<\/span><\/a>komu menn fr\u00e1 Sikem, fr\u00e1 S\u00edl\u00f3 og fr\u00e1 Samar\u00edu, \u00e1ttat\u00edu manns, me\u00f0 skornu skeggi og rifnum kl\u00e6\u00f0um og skinnsprettum \u00e1 l\u00edkamanum. H\u00f6f\u00f0u \u00feeir me\u00f0 s\u00e9r matf\u00f3rnir og reykelsi til \u00feess a\u00f0 bera fram \u00ed musteri Drottins.<a name=\"6\"><span class=\"versanumer\">6<\/span><\/a>Gekk \u00cdsmael Netanjason \u00fat \u00ed m\u00f3ti \u00feeim fr\u00e1 Mispa, og var hann s\u00edgr\u00e1tandi, er hann gekk. Og er hann m\u00e6tti \u00feeim, sag\u00f0i hann vi\u00f0 \u00fe\u00e1: Komi\u00f0 inn til Gedalja Ah\u00edkamssonar!<a name=\"7\"><span class=\"versanumer\">7<\/span><\/a>En jafnskj\u00f3tt og \u00feeir voru komnir inn \u00ed borgina, brytja\u00f0i hann \u00fe\u00e1 ni\u00f0ur og kasta\u00f0i \u00feeim \u00ed gryfju.<a name=\"8\"><span class=\"versanumer\">8<\/span><\/a>En me\u00f0al \u00feeirra voru t\u00edu menn, sem s\u00f6g\u00f0u vi\u00f0 \u00cdsmael: Dey\u00f0 oss eigi, \u00fev\u00ed a\u00f0 v\u00e9r eigum ni\u00f0urgrafnar birg\u00f0ir \u00fati \u00e1 akrinum, hveiti og bygg og ol\u00edu og hunang. \u00de\u00e1 h\u00e6tti hann vi\u00f0 og drap \u00fe\u00e1 ekki \u00e1samt br\u00e6\u00f0rum \u00feeirra.<a name=\"9\"><span class=\"versanumer\">9<\/span><\/a>En gryfjan, sem \u00cdsmael kasta\u00f0i \u00ed \u00f6llum l\u00edkum \u00feeirra manna, er hann drap, var st\u00f3ra gryfjan, sem Asa konungur haf\u00f0i gj\u00f6ra l\u00e1ti\u00f0 til varnar gegn Basa \u00cdsraelskonungi. Hana fyllti \u00cdsmael Netanjason vegnum m\u00f6nnum.<a name=\"10\"><span class=\"versanumer\">10<\/span><\/a>\u00dev\u00ed n\u00e6st flutti \u00cdsmael allar leifar l\u00fd\u00f0sins, sem voru \u00ed Mispa, konungsd\u00e6turnar og allan l\u00fd\u00f0inn, sem eftir var \u00ed Mispa, sem Neb\u00fasaradan l\u00edfvar\u00f0arforingi haf\u00f0i sett Gedalja Ah\u00edkamsson yfir \u00fe\u00e1 flutti \u00cdsmael Netanjason burt hertekna og h\u00e9lt af sta\u00f0 til \u00feess a\u00f0 fara yfir til Amm\u00f3n\u00edta.<a name=\"11\"><span class=\"versanumer\">11<\/span><\/a>En er J\u00f3hanan Kareason og allir hersh\u00f6f\u00f0ingjarnir, sem me\u00f0 honum voru, fr\u00e9ttu \u00f6ll \u00feau illvirki, er \u00cdsmael Netanjason haf\u00f0i frami\u00f0,<a name=\"12\"><span class=\"versanumer\">12<\/span><\/a>t\u00f3ku \u00feeir alla menn s\u00edna og l\u00f6g\u00f0u af sta\u00f0 til \u00feess a\u00f0 berjast vi\u00f0 \u00cdsmael Netanjason, og var\u00f0 fundur \u00feeirra vi\u00f0 st\u00f3ru tj\u00f6rnina hj\u00e1 G\u00edbeon.<a name=\"13\"><span class=\"versanumer\">13<\/span><\/a>En er allur l\u00fd\u00f0urinn, sem var me\u00f0 \u00cdsmael, s\u00e1 J\u00f3hanan Kareason og alla hersh\u00f6f\u00f0ingjana, sem me\u00f0 honum voru, gladdist hann,<a name=\"14\"><span class=\"versanumer\">14<\/span><\/a>og allur l\u00fd\u00f0urinn, sem \u00cdsmael haf\u00f0i flutt hertekinn fr\u00e1 Mispa, sneri vi\u00f0 og hvarf aftur og gekk \u00ed li\u00f0 me\u00f0 J\u00f3hanan Kareasyni.<a name=\"15\"><span class=\"versanumer\">15<\/span><\/a>En \u00cdsmael Netanjason komst undan J\u00f3hanan vi\u00f0 \u00e1ttunda mann og f\u00f3r til Amm\u00f3n\u00edta.<a name=\"16\"><span class=\"versanumer\">16<\/span><\/a>\u00dev\u00ed n\u00e6st t\u00f3k J\u00f3hanan Kareason og allir hersh\u00f6f\u00f0ingjarnir, sem me\u00f0 honum voru, allar leifar l\u00fd\u00f0sins, er \u00cdsmael Netanjason haf\u00f0i flutt herteknar fr\u00e1 Mispa, eftir a\u00f0 hann haf\u00f0i drepi\u00f0 Gedalja Ah\u00edkamsson, menn, konur og b\u00f6rn og geldinga, er hann haf\u00f0i flutt aftur fr\u00e1 G\u00edbeon,<a name=\"17\"><span class=\"versanumer\">17<\/span><\/a>og \u00feeir l\u00f6g\u00f0u af sta\u00f0 og n\u00e1mu sta\u00f0ar \u00ed Ger\u00fat-Kimham, sem er hj\u00e1 Betlehem, til \u00feess a\u00f0 halda \u00fea\u00f0an \u00e1fram fer\u00f0inni til Egyptalands,<a name=\"18\"><span class=\"versanumer\">18<\/span><\/a>til \u00feess a\u00f0 komast undan Kaldeum, sem \u00feeir \u00f3ttu\u00f0ust, af \u00fev\u00ed a\u00f0 \u00cdsmael Netanjason haf\u00f0i drepi\u00f0 Gedalja Ah\u00edkamsson, er Babelkonungur haf\u00f0i sett yfir landi\u00f0.<\/p>\n<div class=\"footnote1981\"><b>41.1<\/b> \u00cd sj\u00f6unda m\u00e1nu\u00f0i 2Kon 25.25<br \/>\n<b>41.6<\/b> Falskur gr\u00e1tur S\u00edr 12.16<br \/>\n<b>41.9<\/b> Til varnar Mispa 1Kon 15.22<br \/>\n<b>41.10<\/b> Neb\u00fasaradan Jer 39.9+<br \/>\n<b>41.18<\/b> \u00d3tti vi\u00f0 Kaleda Jer 42.11<\/div>\n","protected":false},"excerpt":{"rendered":"<p>1En \u00e1 sj\u00f6unda m\u00e1nu\u00f0i kom \u00cdsmael Netanjason, El\u00edsamasonar, af konungs\u00e6ttinni, og t\u00edu menn me\u00f0 honum til Gedalja Ah\u00edkamssonar \u00ed Mispa, og \u00feeir m\u00f6tu\u00f0ust \u00fear me\u00f0 honum \u00ed Mispa.2Og \u00cdsmael Netanjason og t\u00edu mennirnir, sem me\u00f0 honum voru, spruttu upp og myrtu Gedalja, er Babelkonungur haf\u00f0i sett yfir landi\u00f0,3svo og alla J\u00fadamenn, er me\u00f0 honum voru \u00ed Mispa, og \u00fe\u00e1 Kaldea, er \u00fear voru.4En \u00e1 \u00f6\u00f0rum degi fr\u00e1 \u00fev\u00ed er Gedalja var myrtur og \u00e1\u00f0ur en nokkur var\u00f0 \u00feess v\u00eds,5komu menn fr\u00e1 Sikem, fr\u00e1 S\u00edl\u00f3 og fr\u00e1 Samar\u00edu, \u00e1ttat\u00edu manns, me\u00f0 skornu skeggi og rifnum kl\u00e6\u00f0um og skinnsprettum \u00e1 l\u00edkamanum. H\u00f6f\u00f0u <a href=\"https:\/\/biblian.is\/1981\/jeremia-41-kafli\/\"> [&#8230;]<\/a><\/p>\n","protected":false},"author":1,"featured_media":0,"parent":0,"menu_order":0,"comment_status":"open","ping_status":"open","template":"bibliukaflar.php","meta":{"footnotes":""},"class_list":["post-2133","page","type-page","status-publish","hentry"],"_links":{"self":[{"href":"https:\/\/biblian.is\/1981\/wp-json\/wp\/v2\/pages\/2133","targetHints":{"allow":["GET"]}}],"collection":[{"href":"https:\/\/biblian.is\/1981\/wp-json\/wp\/v2\/pages"}],"about":[{"href":"https:\/\/biblian.is\/1981\/wp-json\/wp\/v2\/types\/page"}],"author":[{"embeddable":true,"href":"https:\/\/biblian.is\/1981\/wp-json\/wp\/v2\/users\/1"}],"replies":[{"embeddable":true,"href":"https:\/\/biblian.is\/1981\/wp-json\/wp\/v2\/comments?post=2133"}],"version-history":[{"count":0,"href":"https:\/\/biblian.is\/1981\/wp-json\/wp\/v2\/pages\/2133\/revisions"}],"wp:attachment":[{"href":"https:\/\/biblian.is\/1981\/wp-json\/wp\/v2\/media?parent=2133"}],"curies":[{"name":"wp","href":"https:\/\/api.w.org\/{rel}","templated":true}]}}

Jeremía 41. kafli

<p><a name="1"><span class="versanumer">1</span></a>En á sjöunda mánuði kom Ísmael Netanjason, Elísamasonar, af konungsættinni, og tíu menn með honum til Gedalja Ahíkamssonar í Mispa, og þeir mötuðust þar með honum í Mispa.<a name="2"><span class="versanumer">2</span></a>Og Ísmael Netanjason og tíu mennirnir, sem með honum voru, spruttu upp og myrtu Gedalja, er Babelkonungur hafði sett yfir landið,<a name="3"><span class="versanumer">3</span></a>svo og alla Júdamenn, er með honum voru í Mispa, og þá Kaldea, er þar voru.<a name="4"><span class="versanumer">4</span></a>En á öðrum degi frá því er Gedalja var myrtur og áður en nokkur varð þess vís,<a name="5"><span class="versanumer">5</span></a>komu menn frá Sikem, frá Síló og frá Samaríu, áttatíu manns, með skornu skeggi og rifnum klæðum og skinnsprettum á líkamanum. Höfðu þeir með sér matfórnir og reykelsi til þess að bera fram í musteri Drottins.<a name="6"><span class="versanumer">6</span></a>Gekk Ísmael Netanjason út í móti þeim frá Mispa, og var hann sígrátandi, er hann gekk. Og er hann mætti þeim, sagði hann við þá: Komið inn til Gedalja Ahíkamssonar!<a name="7"><span class="versanumer">7</span></a>En jafnskjótt og þeir voru komnir inn í borgina, brytjaði hann þá niður og kastaði þeim í gryfju.<a name="8"><span class="versanumer">8</span></a>En meðal þeirra voru tíu menn, sem sögðu við Ísmael: Deyð oss eigi, því að vér eigum niðurgrafnar birgðir úti á akrinum, hveiti og bygg og olíu og hunang. Þá hætti hann við og drap þá ekki ásamt bræðrum þeirra.<a name="9"><span class="versanumer">9</span></a>En gryfjan, sem Ísmael kastaði í öllum líkum þeirra manna, er hann drap, var stóra gryfjan, sem Asa konungur hafði gjöra látið til varnar gegn Basa Ísraelskonungi. Hana fyllti Ísmael Netanjason vegnum mönnum.<a name="10"><span class="versanumer">10</span></a>Því næst flutti Ísmael allar leifar lýðsins, sem voru í Mispa, konungsdæturnar og allan lýðinn, sem eftir var í Mispa, sem Nebúsaradan lífvarðarforingi hafði sett Gedalja Ahíkamsson yfir þá flutti Ísmael Netanjason burt hertekna og hélt af stað til þess að fara yfir til Ammóníta.<a name="11"><span class="versanumer">11</span></a>En er Jóhanan Kareason og allir hershöfðingjarnir, sem með honum voru, fréttu öll þau illvirki, er Ísmael Netanjason hafði framið,<a name="12"><span class="versanumer">12</span></a>tóku þeir alla menn sína og lögðu af stað til þess að berjast við Ísmael Netanjason, og varð fundur þeirra við stóru tjörnina hjá Gíbeon.<a name="13"><span class="versanumer">13</span></a>En er allur lýðurinn, sem var með Ísmael, sá Jóhanan Kareason og alla hershöfðingjana, sem með honum voru, gladdist hann,<a name="14"><span class="versanumer">14</span></a>og allur lýðurinn, sem Ísmael hafði flutt hertekinn frá Mispa, sneri við og hvarf aftur og gekk í lið með Jóhanan Kareasyni.<a name="15"><span class="versanumer">15</span></a>En Ísmael Netanjason komst undan Jóhanan við áttunda mann og fór til Ammóníta.<a name="16"><span class="versanumer">16</span></a>Því næst tók Jóhanan Kareason og allir hershöfðingjarnir, sem með honum voru, allar leifar lýðsins, er Ísmael Netanjason hafði flutt herteknar frá Mispa, eftir að hann hafði drepið Gedalja Ahíkamsson, menn, konur og börn og geldinga, er hann hafði flutt aftur frá Gíbeon,<a name="17"><span class="versanumer">17</span></a>og þeir lögðu af stað og námu staðar í Gerút-Kimham, sem er hjá Betlehem, til þess að halda þaðan áfram ferðinni til Egyptalands,<a name="18"><span class="versanumer">18</span></a>til þess að komast undan Kaldeum, sem þeir óttuðust, af því að Ísmael Netanjason hafði drepið Gedalja Ahíkamsson, er Babelkonungur hafði sett yfir landið.</p>
<div class="footnote1981"><b>41.1</b> Í sjöunda mánuði 2Kon 25.25<br />
<b>41.6</b> Falskur grátur Sír 12.16<br />
<b>41.9</b> Til varnar Mispa 1Kon 15.22<br />
<b>41.10</b> Nebúsaradan Jer 39.9+<br />
<b>41.18</b> Ótti við Kaleda Jer 42.11</div>

<p>1En á sjöunda mánuði kom Ísmael Netanjason, Elísamasonar, af konungsættinni, og tíu menn með honum til Gedalja Ahíkamssonar í Mispa, og þeir mötuðust þar með honum í Mispa.2Og Ísmael Netanjason og tíu mennirnir, sem með honum voru, spruttu upp og myrtu Gedalja, er Babelkonungur hafði sett yfir landið,3svo og alla Júdamenn, er með honum voru í Mispa, og þá Kaldea, er þar voru.4En á öðrum degi frá því er Gedalja var myrtur og áður en nokkur varð þess vís,5komu menn frá Sikem, frá Síló og frá Samaríu, áttatíu manns, með skornu skeggi og rifnum klæðum og skinnsprettum á líkamanum. Höfðu <a href="https://biblian.is/1981/jeremia-41-kafli/"> [&#8230;]</a></p>
