{"id":2128,"date":"2017-11-18T20:20:20","date_gmt":"2017-11-18T20:20:20","guid":{"rendered":"http:\/\/biblian.is\/1981\/jeremia-36-kafli\/"},"modified":"2017-11-18T20:20:20","modified_gmt":"2017-11-18T20:20:20","slug":"jeremia-36-kafli","status":"publish","type":"page","link":"https:\/\/biblian.is\/1981\/jeremia-36-kafli\/","title":{"rendered":"Jerem\u00eda 36. kafli"},"content":{"rendered":"<p><a name=\"1\"><span class=\"versanumer\">1<\/span><\/a>\u00c1 fj\u00f3r\u00f0a r\u00edkis\u00e1ri J\u00f3jak\u00edms J\u00f3s\u00edasonar, J\u00fadakonungs, kom \u00feetta or\u00f0 til Jerem\u00eda fr\u00e1 Drottni:<a name=\"2\"><span class=\"versanumer\">2<\/span><\/a>&#8222;Tak \u00fe\u00e9r b\u00f3krollu og rita \u00e1 hana \u00f6ll \u00feau or\u00f0, sem \u00e9g hefi til \u00fe\u00edn tala\u00f0 um \u00cdsrael og J\u00fada og allar \u00fej\u00f3\u00f0ir, fr\u00e1 \u00feeim degi er \u00e9g tala\u00f0i vi\u00f0 \u00feig, fr\u00e1 d\u00f6gum J\u00f3s\u00eda, og allt fram \u00e1 \u00feennan dag;&#8220;<a name=\"3\"><span class=\"versanumer\">3<\/span><\/a>vera m\u00e1 a\u00f0 J\u00fada h\u00fas hl\u00fd\u00f0i \u00e1 alla \u00fe\u00e1 \u00f3g\u00e6fu, sem \u00e9g hygg a\u00f0 lei\u00f0a yfir \u00fe\u00e1, svo a\u00f0 \u00feeir sn\u00fai s\u00e9r, hver og einn fr\u00e1 s\u00ednum vonda vegi, og \u00fe\u00e1 mun \u00e9g fyrirgefa \u00feeim misgj\u00f6r\u00f0 \u00feeirra og synd.<a name=\"4\"><span class=\"versanumer\">4<\/span><\/a>\u00de\u00e1 kalla\u00f0i Jerem\u00eda \u00e1 Bar\u00fak Ner\u00edason, og Bar\u00fak rita\u00f0i af munni Jerem\u00eda \u00e1 b\u00f3krolluna \u00f6ll or\u00f0 Drottins, \u00feau er hann haf\u00f0i til hans tala\u00f0.<a name=\"5\"><span class=\"versanumer\">5<\/span><\/a>Og Jerem\u00eda skipa\u00f0i Bar\u00fak og m\u00e6lti: M\u00e9r er t\u00e1lma\u00f0, \u00e9g get ekki fari\u00f0 \u00ed musteri Drottins.<a name=\"6\"><span class=\"versanumer\">6<\/span><\/a>Far \u00fe\u00fa \u00fev\u00ed og lestu upph\u00e1tt \u00far b\u00f3krollunni \u00fea\u00f0, er \u00fe\u00fa hefir rita\u00f0 af munni m\u00e9r, or\u00f0in Drottins, fyrir l\u00fd\u00f0num \u00ed musteri Drottins \u00e1 f\u00f6stu-degi. \u00de\u00fa skalt og lesa \u00feau upph\u00e1tt fyrir \u00f6llum J\u00fadam\u00f6nnum, sem komnir eru hinga\u00f0 \u00far borgum s\u00ednum.<a name=\"7\"><span class=\"versanumer\">7<\/span><\/a>Vera m\u00e1, a\u00f0 \u00feeir gj\u00f6ri au\u00f0mj\u00fakir b\u00e6n s\u00edna til Drottins og sn\u00fai s\u00e9r hver og einn fr\u00e1 s\u00ednum vonda vegi, \u00fev\u00ed a\u00f0 mikil er rei\u00f0in og heiftin, sem Drottinn hefir h\u00f3ta\u00f0 \u00feessum l\u00fd\u00f0.<a name=\"8\"><span class=\"versanumer\">8<\/span><\/a>Og Bar\u00fak Ner\u00edason gj\u00f6r\u00f0i me\u00f0 \u00f6llu svo sem Jerem\u00eda sp\u00e1ma\u00f0ur lag\u00f0i fyrir hann og las or\u00f0 Drottins upph\u00e1tt \u00far b\u00f3kinni \u00ed musteri Drottins.<a name=\"9\"><span class=\"versanumer\">9<\/span><\/a>En \u00e1 fimmta r\u00edkis\u00e1ri J\u00f3jak\u00edms J\u00f3s\u00edasonar, konungs \u00ed J\u00fada, \u00ed n\u00edunda m\u00e1nu\u00f0inum, bo\u00f0u\u00f0u menn allan l\u00fd\u00f0inn \u00ed Jer\u00fasalem og allt \u00fea\u00f0 f\u00f3lk, sem komi\u00f0 var \u00far J\u00fadaborgum til Jer\u00fasalem, til f\u00f6stuhalds fyrir Drottni.<a name=\"10\"><span class=\"versanumer\">10<\/span><\/a>\u00de\u00e1 las Bar\u00fak upph\u00e1tt fyrir \u00f6llum l\u00fd\u00f0num \u00far b\u00f3kinni or\u00f0 Jerem\u00eda \u00ed musteri Drottins, \u00ed herbergi Gemar\u00eda Safanssonar kanslara, \u00ed efra forgar\u00f0inum, vi\u00f0 n\u00fdja hli\u00f0i\u00f0 \u00e1 musteri Drottins.<a name=\"11\"><span class=\"versanumer\">11<\/span><\/a>En er M\u00edka Gemar\u00edason, Safanssonar, heyr\u00f0i \u00f6ll or\u00f0 Drottins \u00far b\u00f3kinni,<a name=\"12\"><span class=\"versanumer\">12<\/span><\/a>\u00fe\u00e1 gekk hann ofan \u00ed konungsh\u00f6llina, inn \u00ed herbergi kanslarans, og s\u00e1tu \u00fe\u00e1 allir h\u00f6f\u00f0ingjarnir \u00fear: El\u00edsama kanslari, Delaja Semajason, Elnatan Akb\u00f3rsson, Gemar\u00eda Safansson, Sedek\u00eda Hanan\u00edason og allir hinir h\u00f6f\u00f0ingjarnir.<a name=\"13\"><span class=\"versanumer\">13<\/span><\/a>En M\u00edka sk\u00fdr\u00f0i \u00feeim fr\u00e1 \u00f6llu \u00fev\u00ed, er hann haf\u00f0i heyrt, \u00fe\u00e1 er Bar\u00fak las upph\u00e1tt \u00far b\u00f3kinni fyrir \u00f6llum l\u00fd\u00f0num.<a name=\"14\"><span class=\"versanumer\">14<\/span><\/a>\u00de\u00e1 sendu allir h\u00f6f\u00f0ingjarnir J\u00fad\u00ed Natan\u00edason, Selem\u00edasonar, K\u00fas\u00edsonar, til Bar\u00faks me\u00f0 svol\u00e1tandi or\u00f0sending: Tak \u00fe\u00e9r \u00ed h\u00f6nd b\u00f3krolluna, sem \u00fe\u00fa last upph\u00e1tt \u00far fyrir l\u00fd\u00f0num og kom hinga\u00f0. Og Bar\u00fak Ner\u00edason t\u00f3k b\u00f3krolluna s\u00e9r \u00ed h\u00f6nd og kom til \u00feeirra.<a name=\"15\"><span class=\"versanumer\">15<\/span><\/a>En \u00feeir s\u00f6g\u00f0u vi\u00f0 hann: Sestu ni\u00f0ur og lestu hana upph\u00e1tt fyrir oss. Og Bar\u00fak gj\u00f6r\u00f0i svo.<a name=\"16\"><span class=\"versanumer\">16<\/span><\/a>En er \u00feeir h\u00f6f\u00f0u heyrt \u00f6ll or\u00f0in, litu \u00feeir felmtsfullir hver \u00e1 annan og s\u00f6g\u00f0u vi\u00f0 Bar\u00fak: V\u00e9r ver\u00f0um a\u00f0 segja konungi fr\u00e1 \u00f6llu \u00feessu!<a name=\"17\"><span class=\"versanumer\">17<\/span><\/a>Jafnframt spur\u00f0u \u00feeir Bar\u00fak: Seg oss, hvernig \u00fe\u00fa hefir skrifa\u00f0 \u00f6ll \u00feessi or\u00f0?<a name=\"18\"><span class=\"versanumer\">18<\/span><\/a>Og Bar\u00fak svara\u00f0i \u00feeim: Hann haf\u00f0i munnlega upp fyrir m\u00e9r \u00f6ll \u00feessi or\u00f0, en \u00e9g skrifa\u00f0i \u00feau \u00ed b\u00f3kina me\u00f0 bleki.<a name=\"19\"><span class=\"versanumer\">19<\/span><\/a>\u00de\u00e1 s\u00f6g\u00f0u h\u00f6f\u00f0ingjarnir vi\u00f0 Bar\u00fak: Far og fel \u00feig, \u00e1samt Jerem\u00eda, svo a\u00f0 enginn viti, hvar \u00fei\u00f0 eru\u00f0.<a name=\"20\"><span class=\"versanumer\">20<\/span><\/a>S\u00ed\u00f0an gengu \u00feeir til konungs inn \u00ed afh\u00fdsi hans, en l\u00e9tu b\u00f3krolluna eftir \u00ed herbergi El\u00edsama kanslara, og s\u00f6g\u00f0u konungi fr\u00e1 \u00f6llu \u00feessu.<a name=\"21\"><span class=\"versanumer\">21<\/span><\/a>\u00de\u00e1 sendi konungur J\u00fad\u00ed til \u00feess a\u00f0 s\u00e6kja b\u00f3krolluna, og hann s\u00f3tti hana \u00ed herbergi El\u00edsama kanslara. S\u00ed\u00f0an las J\u00fad\u00ed hana upph\u00e1tt fyrir konungi og h\u00f6f\u00f0ingjunum, sem umhverfis konung st\u00f3\u00f0u.<a name=\"22\"><span class=\"versanumer\">22<\/span><\/a>Konungur bj\u00f3 \u00ed vetrarh\u00f6llinni, me\u00f0 \u00fev\u00ed a\u00f0 \u00feetta var \u00ed n\u00edunda m\u00e1nu\u00f0inum, og eldur brann \u00ed gl\u00f3\u00f0arkerinu fyrir framan hann.<a name=\"23\"><span class=\"versanumer\">23<\/span><\/a>\u00cd hvert sinn, er J\u00fad\u00ed haf\u00f0i lesi\u00f0 \u00ferj\u00fa e\u00f0a fj\u00f6gur bl\u00f6\u00f0, skar konungur \u00feau sundur me\u00f0 pennahn\u00edf og kasta\u00f0i \u00feeim \u00e1 eldinn \u00ed gl\u00f3\u00f0arkerinu, uns \u00f6ll b\u00f3krollan var brunnin \u00e1 eldinum \u00ed gl\u00f3\u00f0arkerinu.<a name=\"24\"><span class=\"versanumer\">24<\/span><\/a>En hvorki var\u00f0 konungur hr\u00e6ddur, n\u00e9 nokkur af \u00fej\u00f3num hans, \u00feeim er heyr\u00f0u \u00f6ll \u00feessi or\u00f0, n\u00e9 heldur rifu \u00feeir kl\u00e6\u00f0i s\u00edn,<a name=\"25\"><span class=\"versanumer\">25<\/span><\/a>og \u00fe\u00f3tt Elnatan, Delaja og Gemar\u00eda leg\u00f0u a\u00f0 konungi a\u00f0 brenna ekki b\u00f3krolluna, \u00fe\u00e1 hl\u00fdddi hann \u00feeim ekki,<a name=\"26\"><span class=\"versanumer\">26<\/span><\/a>heldur skipa\u00f0i hann Jerahmeel konungssyni og Seraja Asr\u00edelssyni og Selemja Abdeelssyni a\u00f0 s\u00e6kja Bar\u00fak skrifara og Jerem\u00eda sp\u00e1mann, en Drottinn f\u00f3l \u00fe\u00e1.<a name=\"27\"><span class=\"versanumer\">27<\/span><\/a>\u00de\u00e1 kom or\u00f0 Drottins til Jerem\u00eda, eftir a\u00f0 konungur haf\u00f0i brennt b\u00f3krolluna, sem haf\u00f0i inni a\u00f0 halda or\u00f0 \u00feau, er Bar\u00fak haf\u00f0i rita\u00f0 af munni Jerem\u00eda:<a name=\"28\"><span class=\"versanumer\">28<\/span><\/a>Tak \u00fe\u00e9r aftur a\u00f0ra b\u00f3krollu og rita \u00e1 hana \u00f6ll hin fyrri or\u00f0in, er voru \u00e1 fyrri b\u00f3krollunni, \u00feeirri sem J\u00f3jak\u00edm J\u00fadakonungur brenndi.<a name=\"29\"><span class=\"versanumer\">29<\/span><\/a>En vi\u00f0v\u00edkjandi J\u00f3jak\u00edm J\u00fadakonungi skalt \u00fe\u00fa segja: Svo segir Drottinn: \u00de\u00fa hefir brennt b\u00f3krolluna me\u00f0 \u00feeim umm\u00e6lum: Hvers vegna hefir \u00fe\u00fa skrifa\u00f0 \u00e1 hana: Babelkonungur mun vissulega koma og ey\u00f0a \u00feetta land og \u00fatr\u00fdma \u00far \u00fev\u00ed m\u00f6nnum og skepnum!<a name=\"30\"><span class=\"versanumer\">30<\/span><\/a>Fyrir \u00fev\u00ed segir Drottinn svo um J\u00f3jak\u00edm J\u00fadakonung: Hann skal engan ni\u00f0ja eiga, er sitji \u00ed h\u00e1s\u00e6ti Dav\u00ed\u00f0s, og hr\u00e6 hans skal liggja \u00fati \u00ed hitanum \u00e1 daginn og kuldanum \u00e1 n\u00f3ttinni.<a name=\"31\"><span class=\"versanumer\">31<\/span><\/a>Og \u00e9g vil hegna honum og ni\u00f0jum hans og \u00fej\u00f3num hans fyrir misgj\u00f6r\u00f0 \u00feeirra og \u00e9g vil l\u00e1ta yfir \u00fe\u00e1 koma og yfir Jer\u00fasalemb\u00faa og J\u00fadamenn alla \u00fe\u00e1 \u00f3g\u00e6fu, er \u00e9g hefi h\u00f3ta\u00f0 \u00feeim, \u00e1n \u00feess a\u00f0 \u00feeir hl\u00fdddu.<a name=\"32\"><span class=\"versanumer\">32<\/span><\/a>Og Jerem\u00eda t\u00f3k a\u00f0ra b\u00f3krollu og f\u00e9kk hana Bar\u00fak skrifara Ner\u00edasyni, og hann skrifa\u00f0i \u00e1 hana af munni Jerem\u00eda \u00f6ll or\u00f0 b\u00f3kar \u00feeirrar, er J\u00f3jak\u00edm J\u00fadakonungur haf\u00f0i brennt \u00ed eldi, en auk \u00feeirra var enn fremur b\u00e6tt vi\u00f0 m\u00f6rgum or\u00f0um l\u00edkum hinum.<\/p>\n<div class=\"footnote1981\"><b>36.1<\/b> J\u00f3jak\u00edm Jer 1.3+ &#8211; fj\u00f3r\u00f0a stj\u00f3rnar\u00e1r Jer 25.1+<br \/>\n<b>36.2<\/b> B\u00f3k Esk 2.9-10; Sak 5.1 \u2013 skr\u00e1\u00f0u Jer 30.2; 51.60 \u2013 gegn \u00cdsrael Jer 3.6-13; 30.1-31.22 \u2013 J\u00f3s\u00eda Jer 1.2+<br \/>\n<b>36.3<\/b> Ef til vill Jer 26.3; Sef 2.3; sbr L\u00fak 20.13 \u2013 sn\u00faa af Jer 36.7; 18.11+<br \/>\n<b>36.4<\/b> Bar\u00fak Jer 32.12<br \/>\n<b>36.5<\/b> Get ekki Neh 6.10; sbr Jer 20.1-6<br \/>\n<b>36.7<\/b> Rei\u00f0i og heift Jer 7.20+<br \/>\n<b>36.10<\/b> Gemar\u00eda Jer 36.12 \u2013 Safanssonar Jer 26.24+ &#8211; efri forgar\u00f0urinn 2Kon 21.5; 2Kro 20.5<br \/>\n<b>36.12<\/b> Elnatan Jer 26.22+<br \/>\n<b>36.16<\/b> Slelfingu lostnir Jer 36.24<br \/>\n<b>36.24<\/b> Hvergi hr\u00e6ddir Jer 36.16; 2.19; 5.22<br \/>\n<b>36.29<\/b> \u00datr\u00fdma m\u00f6nnum og skepnum Jer 9.10; 11.23; sbr 4.25+<br \/>\n<b>36.30<\/b> Um J\u00f3jak\u00edm Jer 22.13-19; sbr 21.11-22.9 \u2013 l\u00edki\u00f0 liggja \u00fati Jer 8.2; Bar 2.25<br \/>\n<b>36.31<\/b> Skeyttu ekki um Jer 35.17<\/div>\n","protected":false},"excerpt":{"rendered":"<p>1\u00c1 fj\u00f3r\u00f0a r\u00edkis\u00e1ri J\u00f3jak\u00edms J\u00f3s\u00edasonar, J\u00fadakonungs, kom \u00feetta or\u00f0 til Jerem\u00eda fr\u00e1 Drottni:2&#8222;Tak \u00fe\u00e9r b\u00f3krollu og rita \u00e1 hana \u00f6ll \u00feau or\u00f0, sem \u00e9g hefi til \u00fe\u00edn tala\u00f0 um \u00cdsrael og J\u00fada og allar \u00fej\u00f3\u00f0ir, fr\u00e1 \u00feeim degi er \u00e9g tala\u00f0i vi\u00f0 \u00feig, fr\u00e1 d\u00f6gum J\u00f3s\u00eda, og allt fram \u00e1 \u00feennan dag;&#8220;3vera m\u00e1 a\u00f0 J\u00fada h\u00fas hl\u00fd\u00f0i \u00e1 alla \u00fe\u00e1 \u00f3g\u00e6fu, sem \u00e9g hygg a\u00f0 lei\u00f0a yfir \u00fe\u00e1, svo a\u00f0 \u00feeir sn\u00fai s\u00e9r, hver og einn fr\u00e1 s\u00ednum vonda vegi, og \u00fe\u00e1 mun \u00e9g fyrirgefa \u00feeim misgj\u00f6r\u00f0 \u00feeirra og synd.4\u00de\u00e1 kalla\u00f0i Jerem\u00eda \u00e1 Bar\u00fak Ner\u00edason, og Bar\u00fak rita\u00f0i af munni <a href=\"https:\/\/biblian.is\/1981\/jeremia-36-kafli\/\"> [&#8230;]<\/a><\/p>\n","protected":false},"author":1,"featured_media":0,"parent":0,"menu_order":0,"comment_status":"open","ping_status":"open","template":"bibliukaflar.php","meta":{"footnotes":""},"class_list":["post-2128","page","type-page","status-publish","hentry"],"_links":{"self":[{"href":"https:\/\/biblian.is\/1981\/wp-json\/wp\/v2\/pages\/2128","targetHints":{"allow":["GET"]}}],"collection":[{"href":"https:\/\/biblian.is\/1981\/wp-json\/wp\/v2\/pages"}],"about":[{"href":"https:\/\/biblian.is\/1981\/wp-json\/wp\/v2\/types\/page"}],"author":[{"embeddable":true,"href":"https:\/\/biblian.is\/1981\/wp-json\/wp\/v2\/users\/1"}],"replies":[{"embeddable":true,"href":"https:\/\/biblian.is\/1981\/wp-json\/wp\/v2\/comments?post=2128"}],"version-history":[{"count":0,"href":"https:\/\/biblian.is\/1981\/wp-json\/wp\/v2\/pages\/2128\/revisions"}],"wp:attachment":[{"href":"https:\/\/biblian.is\/1981\/wp-json\/wp\/v2\/media?parent=2128"}],"curies":[{"name":"wp","href":"https:\/\/api.w.org\/{rel}","templated":true}]}}