{"id":2117,"date":"2017-11-18T20:20:14","date_gmt":"2017-11-18T20:20:14","guid":{"rendered":"http:\/\/biblian.is\/1981\/jeremia-25-kafli\/"},"modified":"2017-11-18T20:20:14","modified_gmt":"2017-11-18T20:20:14","slug":"jeremia-25-kafli","status":"publish","type":"page","link":"https:\/\/biblian.is\/1981\/jeremia-25-kafli\/","title":{"rendered":"Jerem\u00eda 25. kafli"},"content":{"rendered":"<p><a name=\"1\"><span class=\"versanumer\">1<\/span><\/a>Or\u00f0i\u00f0 sem kom til Jerem\u00eda um alla J\u00fadamenn \u00e1 fj\u00f3r\u00f0a r\u00edkis\u00e1ri J\u00f3jak\u00edms J\u00f3s\u00edasonar, konungs \u00ed J\u00fada \u00fea\u00f0 var fyrsta r\u00edkis\u00e1r Neb\u00fakadresars Babelkonungs,<a name=\"2\"><span class=\"versanumer\">2<\/span><\/a>or\u00f0i\u00f0, sem Jerem\u00eda sp\u00e1ma\u00f0ur tala\u00f0 til alls J\u00fadal\u00fd\u00f0s og til allra Jer\u00fasalemb\u00faa:<a name=\"3\"><span class=\"versanumer\">3<\/span><\/a>Fr\u00e1 \u00ferett\u00e1nda r\u00edkis\u00e1ri J\u00f3s\u00eda Am\u00f3nssonar, J\u00fadakonungs, og fram \u00e1 \u00feennan dag, n\u00fa \u00ed tuttugu og \u00ferj\u00fa \u00e1r, hefir or\u00f0 Drottins komi\u00f0 til m\u00edn og \u00e9g hefi tala\u00f0 til y\u00f0ar seint og snemma, en \u00fe\u00e9r hafi\u00f0 ekki heyrt.<a name=\"4\"><span class=\"versanumer\">4<\/span><\/a>Og Drottinn hefir sent til y\u00f0ar alla \u00fej\u00f3na s\u00edna, sp\u00e1mennina, b\u00e6\u00f0i seint og snemma, en \u00fe\u00e9r hafi\u00f0 ekki heyrt, n\u00e9 heldur lagt vi\u00f0 eyrun til \u00feess a\u00f0 heyra.<a name=\"5\"><span class=\"versanumer\">5<\/span><\/a>Hann sag\u00f0i: Sn\u00fai\u00f0 y\u00f0ur, hver og einn fr\u00e1 s\u00ednum vonda vegi og fr\u00e1 y\u00f0ar vondu verkum, \u00fe\u00e1 skulu\u00f0 \u00fe\u00e9r b\u00faa kyrrir \u00ed landinu, sem Drottinn gaf y\u00f0ur og fe\u00f0rum y\u00f0ar, fr\u00e1 eil\u00edf\u00f0 til eil\u00edf\u00f0ar.<a name=\"6\"><span class=\"versanumer\">6<\/span><\/a>En elti\u00f0 ekki a\u00f0ra gu\u00f0i til \u00feess a\u00f0 \u00fej\u00f3na \u00feeim og falla fram fyrir \u00feeim, og egni\u00f0 mig ekki til rei\u00f0i me\u00f0 handaverkum y\u00f0ar, svo a\u00f0 \u00e9g l\u00e1ti y\u00f0ur ekkert b\u00f6l a\u00f0 h\u00f6ndum bera.<a name=\"7\"><span class=\"versanumer\">7<\/span><\/a>En \u00fe\u00e9r hl\u00fdddu\u00f0 ekki \u00e1 mig segir Drottinn heldur egndu\u00f0 mig til rei\u00f0i me\u00f0 handaverkum y\u00f0ar, y\u00f0ur sj\u00e1lfum til ills.<a name=\"8\"><span class=\"versanumer\">8<\/span><\/a>Fyrir \u00fev\u00ed segir Drottinn allsherjar svo: Af \u00fev\u00ed a\u00f0 \u00fe\u00e9r hl\u00fdddu\u00f0 ekki or\u00f0um m\u00ednum,<a name=\"9\"><span class=\"versanumer\">9<\/span><\/a>\u00fe\u00e1 vil \u00e9g l\u00e1ta s\u00e6kja allar kynkv\u00edslir nor\u00f0ursins segir Drottinn og Neb\u00fakadresar Babelkonung, \u00fej\u00f3n minn, og l\u00e1ta \u00fe\u00e1 brj\u00f3tast inn yfir \u00feetta land og inn \u00e1 \u00edb\u00faa \u00feess og inn \u00e1 allar \u00feessar \u00fej\u00f3\u00f0ir h\u00e9r umhverfis, og \u00e9g vil helga \u00fe\u00e1 banni og gj\u00f6ra \u00fe\u00e1 a\u00f0 skelfing og spotti og eil\u00edfri h\u00e1\u00f0ung,<a name=\"10\"><span class=\"versanumer\">10<\/span><\/a>og \u00e9g vil l\u00e1ta gj\u00f6rsamlega hverfa me\u00f0al \u00feeirra \u00f6ll \u00e1n\u00e6gju- og gle\u00f0ihlj\u00f3\u00f0, \u00f6ll fagna\u00f0arl\u00e6ti br\u00fa\u00f0guma og br\u00fa\u00f0ar, \u00f6ll kvarnarhlj\u00f3\u00f0 og lampalj\u00f3s.<a name=\"11\"><span class=\"versanumer\">11<\/span><\/a>Og allt \u00feetta land skal ver\u00f0a a\u00f0 r\u00fast, a\u00f0 au\u00f0n, og \u00feessar \u00fej\u00f3\u00f0ir skulu \u00fej\u00f3na Babelkonungi \u00ed sj\u00f6t\u00edu \u00e1r.<a name=\"12\"><span class=\"versanumer\">12<\/span><\/a>En \u00feegar sj\u00f6t\u00edu \u00e1r eru li\u00f0in, mun \u00e9g refsa Babelkonungi og \u00feessari \u00fej\u00f3\u00f0 segir Drottinn fyrir misgj\u00f6r\u00f0 \u00feeirra, og gj\u00f6ra land Kaldea a\u00f0 eil\u00edfri au\u00f0n.<a name=\"13\"><span class=\"versanumer\">13<\/span><\/a>Og \u00e9g mun l\u00e1ta fram koma \u00e1 \u00feessu landi \u00f6ll \u00feau h\u00f3tunaror\u00f0, er \u00e9g hefi tala\u00f0 gegn \u00fev\u00ed, allt \u00fea\u00f0 sem rita\u00f0 er \u00ed \u00feessari b\u00f3k, \u00fea\u00f0 sem Jerem\u00eda hefir sp\u00e1\u00f0 um allar \u00fej\u00f3\u00f0ir.<a name=\"14\"><span class=\"versanumer\">14<\/span><\/a>\u00dev\u00ed a\u00f0 voldugar \u00fej\u00f3\u00f0ir og miklir konungar munu og gj\u00f6ra \u00fe\u00e1 a\u00f0 \u00fer\u00e6lum, og \u00e9g mun gjalda \u00feeim eftir ath\u00e6fi \u00feeirra og eftir handaverkum \u00feeirra.<a name=\"15\"><span class=\"versanumer\">15<\/span><\/a>Svo sag\u00f0i Drottinn, \u00cdsraels Gu\u00f0, vi\u00f0 mig: Tak vi\u00f0 \u00feessum bikar rei\u00f0iv\u00ednsins af hendi m\u00e9r og l\u00e1t allar \u00fej\u00f3\u00f0irnar drekka af honum, \u00fe\u00e6r er \u00e9g sendi \u00feig til,<a name=\"16\"><span class=\"versanumer\">16<\/span><\/a>svo a\u00f0 \u00fe\u00e6r drekki og reiki og ver\u00f0i vitskertar af sver\u00f0inu, er \u00e9g sendi me\u00f0al \u00feeirra.<a name=\"17\"><span class=\"versanumer\">17<\/span><\/a>\u00de\u00e1 t\u00f3k \u00e9g vi\u00f0 bikarnum af hendi Drottins og l\u00e9t allar \u00fe\u00e6r \u00fej\u00f3\u00f0ir drekka, sem Drottinn haf\u00f0i sent mig til:<a name=\"18\"><span class=\"versanumer\">18<\/span><\/a>Jer\u00fasalem og borgirnar \u00ed J\u00fada, konunga hennar og h\u00f6f\u00f0ingja, til a\u00f0 gj\u00f6ra \u00fe\u00e1 a\u00f0 r\u00fast, a\u00f0 skelfing, a\u00f0 spotti og form\u00e6ling, eins og n\u00fa er fram komi\u00f0,<a name=\"19\"><span class=\"versanumer\">19<\/span><\/a>Fara\u00f3, Egyptalandskonung, og \u00fej\u00f3na hans og h\u00f6f\u00f0ingja, alla \u00fej\u00f3\u00f0 hans og allan \u00fej\u00f3\u00f0blending,<a name=\"20\"><span class=\"versanumer\">20<\/span><\/a>alla konunga \u00ed \u00das-landi, alla konunga \u00ed Filistalandi, sem s\u00e9 Askalon, Gasa, Ekron og leifarnar af Asd\u00f3d,<a name=\"21\"><span class=\"versanumer\">21<\/span><\/a>Ed\u00f3m og M\u00f3ab og Amm\u00f3n\u00edta,<a name=\"22\"><span class=\"versanumer\">22<\/span><\/a>alla konunga \u00ed T\u00fdrus og alla konunga \u00ed S\u00eddon og konungana \u00e1 str\u00f6ndunum, hinum megin hafsins,<a name=\"23\"><span class=\"versanumer\">23<\/span><\/a>Dedan og Tema og B\u00fas og alla sem skera h\u00e1r sitt vi\u00f0 vangann,<a name=\"24\"><span class=\"versanumer\">24<\/span><\/a>alla konunga Arab\u00edu og alla konunga \u00fej\u00f3\u00f0blendinganna, sem b\u00faa \u00ed ey\u00f0im\u00f6rkinni,<a name=\"25\"><span class=\"versanumer\">25<\/span><\/a>alla konungana \u00ed Simr\u00ed og alla konungana \u00ed Elam og alla konungana \u00ed Med\u00edu,<a name=\"26\"><span class=\"versanumer\">26<\/span><\/a>alla konungana nor\u00f0ur fr\u00e1, hvort sem \u00feeir b\u00faa n\u00e1l\u00e6gt hver \u00f6\u00f0rum e\u00f0a langt hver fr\u00e1 \u00f6\u00f0rum, \u00ed stuttu m\u00e1li \u00f6ll konungsr\u00edki \u00e1 j\u00f6r\u00f0inni. En konungurinn \u00ed Sesak skal drekka \u00e1 eftir \u00feeim.<a name=\"27\"><span class=\"versanumer\">27<\/span><\/a>En \u00fe\u00fa skalt segja vi\u00f0 \u00fe\u00e1: Svo segir Drottinn allsherjar, \u00cdsraels Gu\u00f0: Drekki\u00f0, til \u00feess a\u00f0 \u00fe\u00e9r ver\u00f0i\u00f0 drukknir, sp\u00fai\u00f0 og detti\u00f0 og standi\u00f0 ekki upp aftur, af sver\u00f0inu, sem \u00e9g sendi me\u00f0al y\u00f0ar.<a name=\"28\"><span class=\"versanumer\">28<\/span><\/a>En f\u00e6rist \u00feeir undan a\u00f0 taka vi\u00f0 bikarnum af hendi \u00feinni til \u00feess a\u00f0 drekka, \u00fe\u00e1 seg vi\u00f0 \u00fe\u00e1: Svo segir Drottinn allsherjar: Drekka skulu\u00f0 \u00fe\u00e9r!<a name=\"29\"><span class=\"versanumer\">29<\/span><\/a>\u00dev\u00ed sj\u00e1, hj\u00e1 borginni, sem nefnd er eftir nafni m\u00ednu, l\u00e6t \u00e9g \u00f3g\u00e6funa fyrst r\u00ed\u00f0a yfir, og \u00fe\u00e9r skyldu\u00f0 sleppa \u00f3hegndir? \u00de\u00e9r skulu\u00f0 ekki sleppa \u00f3hegndir, \u00fev\u00ed a\u00f0 sver\u00f0i b\u00fd\u00f0 \u00e9g \u00fat gegn \u00f6llum \u00edb\u00faum jar\u00f0arinnar segir Drottinn allsherjar.<a name=\"30\"><span class=\"versanumer\">30<\/span><\/a>\u00de\u00fa skalt kunngj\u00f6ra \u00feeim \u00f6ll \u00feessi or\u00f0 og segja vi\u00f0 \u00fe\u00e1: Af h\u00e6\u00f0um kve\u00f0a vi\u00f0 rei\u00f0ar\u00ferumur Drottins. Hann l\u00e6tur r\u00f6dd s\u00edna gjalla fr\u00e1 s\u00ednum heilaga b\u00fasta\u00f0. Hann \u00ferumar h\u00e1tt \u00fat yfir haglendi sitt, raust hans gellur, eins og hr\u00f3p \u00feeirra, sem v\u00ednber tro\u00f0a.<a name=\"31\"><span class=\"versanumer\">31<\/span><\/a>Dynurinn berst \u00f6llum \u00feeim sem \u00e1 j\u00f6r\u00f0u b\u00faa, \u00fat \u00e1 enda jar\u00f0ar, \u00fev\u00ed a\u00f0 Drottinn \u00fereytir deilu vi\u00f0 \u00fej\u00f3\u00f0irnar, hann gengur \u00ed d\u00f3m vi\u00f0 allt hold. Hina \u00f3gu\u00f0legu ofurselur hann sver\u00f0inu! segir Drottinn.<a name=\"32\"><span class=\"versanumer\">32<\/span><\/a>Svo segir Drottinn allsherjar: Sj\u00e1, \u00f3g\u00e6fa fer fr\u00e1 einni \u00fej\u00f3\u00f0 til annarrar, og \u00e1kafur stormur r\u00eds \u00e1 \u00fatja\u00f0ri jar\u00f0ar.<a name=\"33\"><span class=\"versanumer\">33<\/span><\/a>\u00deeir sem Drottinn hefir fellt, munu \u00e1 \u00feeim degi liggja dau\u00f0ir fr\u00e1 einum enda jar\u00f0arinnar til annars. \u00deeir munu eigi ver\u00f0a harma\u00f0ir, eigi safna\u00f0 saman og eigi jar\u00f0a\u00f0ir, \u00feeir skulu ver\u00f0a a\u00f0 \u00e1bur\u00f0i \u00e1 akrinum.<a name=\"34\"><span class=\"versanumer\">34<\/span><\/a>\u00c6pi\u00f0, hir\u00f0ar, og kveini\u00f0! Velti\u00f0 y\u00f0ur \u00ed duftinu, \u00fe\u00e9r lei\u00f0togar hjar\u00f0arinnar! \u00dev\u00ed a\u00f0 y\u00f0ar t\u00edmi er kominn, a\u00f0 y\u00f0ur ver\u00f0i sl\u00e1tra\u00f0 og y\u00f0ur tv\u00edstra\u00f0, og \u00fe\u00e9r skulu\u00f0 detta ni\u00f0ur eins og ver\u00f0m\u00e6tt ker.<a name=\"35\"><span class=\"versanumer\">35<\/span><\/a>\u00de\u00e1 er ekkert athvarf lengur fyrir hir\u00f0ana og engin undankoma fyrir lei\u00f0toga hjar\u00f0arinnar.<a name=\"36\"><span class=\"versanumer\">36<\/span><\/a>Heyr kvein hir\u00f0anna og \u00f3p lei\u00f0toga hjar\u00f0arinnar, af \u00fev\u00ed a\u00f0 Drottinn ey\u00f0ir haglendi \u00feeirra,<a name=\"37\"><span class=\"versanumer\">37<\/span><\/a>og hin fri\u00f0s\u00e6lu beitil\u00f6nd eru gj\u00f6reydd or\u00f0in fyrir hinni brennandi rei\u00f0i Drottins.<a name=\"38\"><span class=\"versanumer\">38<\/span><\/a>Hann hefir yfirgefi\u00f0 sk\u00f3garrunn sinn, eins og lj\u00f3ni\u00f0, j\u00e1, a\u00f0 au\u00f0n var\u00f0 land \u00feeirra fyrir hinu v\u00edgfreka sver\u00f0i og fyrir hans brennandi rei\u00f0i.<\/p>\n<div class=\"footnote1981\"><b>25.1<\/b> \u00c1 fj\u00f3r\u00f0a stj\u00f3rnar\u00e1ri Jer 36.1; 45.1; 46.2<br \/>\n<b>25.3<\/b> Fr\u00e1 \u00ferett\u00e1nda stj\u00f3rnar\u00e1ri Jer 1.2+<br \/>\n<b>25.4<\/b> \u00dej\u00f3na s\u00edna Jer 7.25+<br \/>\n<b>25.5<\/b> Hverfi\u00f0 Jer 18.11<br \/>\n<b>25.6<\/b> Elta a\u00f0ra gu\u00f0i Jer 7.9+ &#8211; vekja rei\u00f0i Jer 25.7; 32.29-30; 44.8<br \/>\n<b>25.9<\/b> \u00c6ttb\u00e1lkar fyrir nor\u00f0an Jer 1.14+ &#8211; gegn J\u00fada Jer 1.15; Jes 5.26; 10.5-6 \u2013 \u00f3gn og a\u00f0hl\u00e1tursefni Jer 18.16+ &#8211; \u00fej\u00f3nn minn Jer 27.6; 43.10<br \/>\n<b>25.10<\/b> Gle\u00f0i\u00f3p hverfa Jer 16.9+<br \/>\n<b>25.11<\/b> Sj\u00f6t\u00edu \u00e1r, manns\u00e6vi Slm 90.10 \u2013 refsit\u00edmi J\u00fada Jer 29.10; Sak 1.12; 7.5; Dan 9.2; 2Kro 36.21<br \/>\n<b>25.12<\/b> Draga til \u00e1byrg\u00f0ar Jes 10.16-19<br \/>\n<b>25.13<\/b> R\u00e6tast Jer 11.8 \u2013 h\u00f3tunaror\u00f0 Jer 46-51; sbr 1.5<br \/>\n<b>25.14<\/b> Bab\u00fdl\u00f3nar \u00fer\u00e6lar Jer 27.7 \u2013 Gu\u00f0 endurgeldur Jer 50.29; 51.6,24,56; Jes 59.18; 66.6; sbr Jer 17.10; Slm 28.4; 62.13; 137.8<br \/>\n<b>25.15<\/b> Bikar rei\u00f0innar (rei\u00f0i Gu\u00f0s) Jer 25-27; 48.26; 49.12; 51.39,57; Jes 29.9-10; 51.17; Esk 23.32-34; \u00d3b 16; Nah 3.11; Hab 2.16; Slm 60.5; 75.9; Hlj 4.21; Opb 14.10; 15.7; 16.1; 21.9; sbr Mrk 14.36 og hlst.<br \/>\n<b>25.16<\/b> Viti s\u00ednu fj\u00e6r ands\u00e6nis sver\u00f0inu Jer 25.27; 50.35-37<br \/>\n<b>25.18<\/b> Borgirnar, konungar og h\u00f6f\u00f0ingjar Jer 25.29; 17.20; 19.3; 21.11-14; 22.6-9 \u2013 r\u00fast Jer 18.16+ ; 44.22 \u2013 n\u00fa er fram komi\u00f0 Jer 44.6,22,23<br \/>\n<b>25.19<\/b> Um Egyptaland Jer 46.2-28; Jes 19-20; Esk 29-30<br \/>\n<b>25.20<\/b> Filistear Jer 47.1-7; Am 1.6+<br \/>\n<b>25.21<\/b> Ed\u00f3m Jer 49.7-22; Am 1.11+ &#8211; M\u00f3ab Jer 48.1-47; Am 2.1+ &#8211; Ammon Jer 49.1-6; Am 1.13+<br \/>\n<b>25.22<\/b> T\u00fdrus og S\u00eddon Am 1.9+<br \/>\n<b>25.23<\/b> Dedan og Tema Jes 21.13-14 \u2013 h\u00e1ri\u00f0 skori\u00f0 stutt Jer 9.26; 49.32<br \/>\n<b>25.24<\/b> Arab\u00eda Jer 49.28-39; Jes 21.13-17<br \/>\n<b>25.25<\/b> Elam Jer 49.34-39<br \/>\n<b>25.26<\/b> \u00d6ll konungsr\u00edki drekka Nah 3.11 \u2013 Bab\u00fdlon Jer 50-51; Jes 13.1-14.23; 21.1-10<br \/>\n<b>25.27<\/b> Refsing sbr Jer 25.15<br \/>\n<b>25.29<\/b> Kennd vi\u00f0 mig Jer 7.10+ &#8211; komist ekki undan Jer 49.12<br \/>\n<b>25.30<\/b> Drottinn \u00f6skrar Am 1.2 \u2013 hagi Drottins Jer 10.25<br \/>\n<b>25.31<\/b> Drottinn h\u00f6f\u00f0ar m\u00e1l H\u00f3s 4.1; M\u00edk 6.1-2; Slm 50.6<br \/>\n<b>25.32<\/b> Stormur Jer 23.19; 30.23-24<br \/>\n<b>25.33<\/b> Eigi grafnir Jer 8.2+<br \/>\n<b>25.34<\/b> Lei\u00f0togar hjar\u00f0arinnar Jer 6.3<br \/>\n<b>25.35<\/b> Ekkert skj\u00f3l Am 2.14<br \/>\n<b>25.37<\/b> \u00de\u00f6gn Slm 94.17 \u2013 brennandi rei\u00f0i Jer 4.8+<\/div>\n","protected":false},"excerpt":{"rendered":"<p>1Or\u00f0i\u00f0 sem kom til Jerem\u00eda um alla J\u00fadamenn \u00e1 fj\u00f3r\u00f0a r\u00edkis\u00e1ri J\u00f3jak\u00edms J\u00f3s\u00edasonar, konungs \u00ed J\u00fada \u00fea\u00f0 var fyrsta r\u00edkis\u00e1r Neb\u00fakadresars Babelkonungs,2or\u00f0i\u00f0, sem Jerem\u00eda sp\u00e1ma\u00f0ur tala\u00f0 til alls J\u00fadal\u00fd\u00f0s og til allra Jer\u00fasalemb\u00faa:3Fr\u00e1 \u00ferett\u00e1nda r\u00edkis\u00e1ri J\u00f3s\u00eda Am\u00f3nssonar, J\u00fadakonungs, og fram \u00e1 \u00feennan dag, n\u00fa \u00ed tuttugu og \u00ferj\u00fa \u00e1r, hefir or\u00f0 Drottins komi\u00f0 til m\u00edn og \u00e9g hefi tala\u00f0 til y\u00f0ar seint og snemma, en \u00fe\u00e9r hafi\u00f0 ekki heyrt.4Og Drottinn hefir sent til y\u00f0ar alla \u00fej\u00f3na s\u00edna, sp\u00e1mennina, b\u00e6\u00f0i seint og snemma, en \u00fe\u00e9r hafi\u00f0 ekki heyrt, n\u00e9 heldur lagt vi\u00f0 eyrun til \u00feess a\u00f0 heyra.5Hann sag\u00f0i: Sn\u00fai\u00f0 y\u00f0ur, hver <a href=\"https:\/\/biblian.is\/1981\/jeremia-25-kafli\/\"> [&#8230;]<\/a><\/p>\n","protected":false},"author":1,"featured_media":0,"parent":0,"menu_order":0,"comment_status":"open","ping_status":"open","template":"bibliukaflar.php","meta":{"footnotes":""},"class_list":["post-2117","page","type-page","status-publish","hentry"],"_links":{"self":[{"href":"https:\/\/biblian.is\/1981\/wp-json\/wp\/v2\/pages\/2117","targetHints":{"allow":["GET"]}}],"collection":[{"href":"https:\/\/biblian.is\/1981\/wp-json\/wp\/v2\/pages"}],"about":[{"href":"https:\/\/biblian.is\/1981\/wp-json\/wp\/v2\/types\/page"}],"author":[{"embeddable":true,"href":"https:\/\/biblian.is\/1981\/wp-json\/wp\/v2\/users\/1"}],"replies":[{"embeddable":true,"href":"https:\/\/biblian.is\/1981\/wp-json\/wp\/v2\/comments?post=2117"}],"version-history":[{"count":0,"href":"https:\/\/biblian.is\/1981\/wp-json\/wp\/v2\/pages\/2117\/revisions"}],"wp:attachment":[{"href":"https:\/\/biblian.is\/1981\/wp-json\/wp\/v2\/media?parent=2117"}],"curies":[{"name":"wp","href":"https:\/\/api.w.org\/{rel}","templated":true}]}}