{"id":2107,"date":"2017-11-18T20:20:08","date_gmt":"2017-11-18T20:20:08","guid":{"rendered":"http:\/\/biblian.is\/1981\/jeremia-15-kafli\/"},"modified":"2017-11-18T20:20:08","modified_gmt":"2017-11-18T20:20:08","slug":"jeremia-15-kafli","status":"publish","type":"page","link":"https:\/\/biblian.is\/1981\/jeremia-15-kafli\/","title":{"rendered":"Jerem\u00eda 15. kafli"},"content":{"rendered":"<p><a name=\"1\"><span class=\"versanumer\">1<\/span><\/a>\u00de\u00e1 sag\u00f0i Drottinn vi\u00f0 mig: \u00de\u00f3 a\u00f0 M\u00f3se og Sam\u00fael gengju fram fyrir mig, mundi s\u00e1l m\u00edn ekki hneigjast a\u00f0 \u00feessum l\u00fd\u00f0 framar. Rek \u00fe\u00e1 fr\u00e1 augliti m\u00ednu, svo a\u00f0 \u00feeir fari burt.<a name=\"2\"><span class=\"versanumer\">2<\/span><\/a>Og ef \u00feeir segja vi\u00f0 \u00feig: Hvert eigum v\u00e9r a\u00f0 fara? \u00fe\u00e1 seg vi\u00f0 \u00fe\u00e1: Svo segir Drottinn: Til dreps\u00f3ttar s\u00e1, sem dreps\u00f3tt er \u00e6tla\u00f0ur, til sver\u00f0s s\u00e1, sem sver\u00f0i er \u00e6tla\u00f0ur, til hungurs s\u00e1, sem hungri er \u00e6tla\u00f0ur, til herlei\u00f0ingar s\u00e1, sem til herlei\u00f0ingar er \u00e6tla\u00f0ur.<a name=\"3\"><span class=\"versanumer\">3<\/span><\/a>\u00c9g b\u00fd\u00f0 ferns konar kyni \u00fat \u00ed m\u00f3ti \u00feeim segir Drottinn: Sver\u00f0inu til \u00feess a\u00f0 myr\u00f0a \u00fe\u00e1, hundunum til \u00feess a\u00f0 draga \u00fe\u00e1 burt, fuglum himinsins og d\u00fdrum jar\u00f0arinnar til \u00feess a\u00f0 eta \u00fe\u00e1 og ey\u00f0a \u00feeim.<a name=\"4\"><span class=\"versanumer\">4<\/span><\/a>\u00c9g gj\u00f6ri \u00fe\u00e1 a\u00f0 gr\u00fdlu fyrir \u00f6ll konungsr\u00edki jar\u00f0ar, s\u00f6kum Manasse Hisk\u00edasonar,J\u00fadakonungs, fyrir \u00fea\u00f0 sem hann a\u00f0haf\u00f0ist \u00ed Jer\u00fasalem.<a name=\"5\"><span class=\"versanumer\">5<\/span><\/a>Hver mun kenna \u00ed brj\u00f3sti um \u00feig, Jer\u00fasalem, og hver mun s\u00fdna \u00fe\u00e9r hluttekning og hver mun koma vi\u00f0 til \u00feess a\u00f0 spyrja um, hvernig \u00fe\u00e9r l\u00ed\u00f0i?<a name=\"6\"><span class=\"versanumer\">6<\/span><\/a>\u00dea\u00f0 ert \u00fe\u00fa, sem hefir \u00fatsk\u00fafa\u00f0 m\u00e9r segir Drottinn. \u00de\u00fa h\u00f6rfa\u00f0ir fr\u00e1. Fyrir \u00fev\u00ed r\u00e9tti \u00e9g h\u00f6ndina \u00fat \u00e1 m\u00f3ti \u00fe\u00e9r og eyddi \u00feig, \u00e9g er or\u00f0inn \u00fereyttur \u00e1 a\u00f0 miskunna.<a name=\"7\"><span class=\"versanumer\">7<\/span><\/a>Fyrir \u00fev\u00ed s\u00e1ldra\u00f0i \u00e9g \u00feeim me\u00f0 varpkv\u00edsl vi\u00f0 borgarhli\u00f0 landsins, gj\u00f6r\u00f0i menn barnlausa, eyddi \u00fej\u00f3\u00f0 m\u00edna, fr\u00e1 s\u00ednum vondu vegum sneru \u00feeir ekki aftur.<a name=\"8\"><span class=\"versanumer\">8<\/span><\/a>Ekkjur \u00feeirra ur\u00f0u fleiri en sandkorn \u00e1 sj\u00e1varstr\u00f6nd. \u00c9g leiddi yfir m\u00e6\u00f0ur unglinga \u00feeirra ey\u00f0anda um h\u00e1bjartan dag, l\u00e9t skyndilega yfir \u00fe\u00e6r koma angist og skelfing.<a name=\"9\"><span class=\"versanumer\">9<\/span><\/a>Sj\u00f6 barna m\u00f3\u00f0irin morna\u00f0i og \u00feorna\u00f0i, h\u00fan gaf upp \u00f6ndina. S\u00f3l hennar gekk undir \u00e1\u00f0ur dagur var \u00e1 enda, h\u00fan var\u00f0 til sm\u00e1nar og fyrirvar\u00f0 sig. Og \u00fea\u00f0, sem eftir er af \u00feeim, ofursel \u00e9g sver\u00f0inu, \u00fe\u00e1 er \u00feeir fl\u00fdja fyrir \u00f3vinum s\u00ednum segir Drottinn.<a name=\"10\"><span class=\"versanumer\">10<\/span><\/a>Vei m\u00e9r, m\u00f3\u00f0ir m\u00edn, a\u00f0 \u00fe\u00fa skyldir f\u00e6\u00f0a mig, mig sem allir menn \u00ed landinu deila og \u00fer\u00e1tta vi\u00f0. Ekkert hefi \u00e9g \u00f6\u00f0rum l\u00e1na\u00f0 og ekkert hafa a\u00f0rir l\u00e1na\u00f0 m\u00e9r, og \u00fe\u00f3 form\u00e6la \u00feeir m\u00e9r allir.<a name=\"11\"><span class=\"versanumer\">11<\/span><\/a>Drottinn sag\u00f0i: Vissulega mun \u00e9g frelsa \u00feig, \u00e9g mun vissulega l\u00e1ta \u00f3vininn gr\u00e1tb\u00e6na \u00feig, \u00feegar \u00f3hamingjuna og ney\u00f0ina ber a\u00f0 h\u00f6ndum.<a name=\"12\"><span class=\"versanumer\">12<\/span><\/a>Ver\u00f0ur j\u00e1rn broti\u00f0 sundur, j\u00e1rn a\u00f0 nor\u00f0an, og eir?<a name=\"13\"><span class=\"versanumer\">13<\/span><\/a>Eigur \u00fe\u00ednar og fj\u00e1rsj\u00f3\u00f0u ofursel \u00e9g a\u00f0 herfangi, ekki fyrir ver\u00f0, heldur fyrir allar syndir \u00fe\u00ednar, og \u00fea\u00f0 fyrir \u00fe\u00e6r syndir, er \u00fe\u00fa hefir dr\u00fdgt \u00ed \u00f6llum h\u00e9ru\u00f0um \u00fe\u00ednum.<a name=\"14\"><span class=\"versanumer\">14<\/span><\/a>Og \u00e9g l\u00e6t \u00feig \u00fej\u00f3na \u00f3vinum \u00fe\u00ednum \u00ed landi, sem \u00fe\u00fa \u00feekkir ekki, \u00fev\u00ed a\u00f0 rei\u00f0i m\u00edn er eldur brennandi, gegn y\u00f0ur logar hann.<a name=\"15\"><span class=\"versanumer\">15<\/span><\/a>\u00de\u00fa veist \u00fea\u00f0, Drottinn, minnstu m\u00edn og vitja\u00f0u m\u00edn og hefn m\u00edn \u00e1 ofs\u00f3knurum m\u00ednum. Hr\u00edf mig ekki burt \u00ed \u00feolinm\u00e6\u00f0i \u00feinni vi\u00f0 \u00fe\u00e1, mundu \u00fea\u00f0, a\u00f0 \u00e9g \u00feoli sm\u00e1n \u00fe\u00edn vegna.<a name=\"16\"><span class=\"versanumer\">16<\/span><\/a>K\u00e6mu or\u00f0 fr\u00e1 \u00fe\u00e9r, gleypti \u00e9g vi\u00f0 \u00feeim, og or\u00f0 \u00fe\u00edn voru m\u00e9r unun og f\u00f6gnu\u00f0ur hjarta m\u00edns, \u00fev\u00ed a\u00f0 \u00e9g er nefndur eftir nafni \u00fe\u00ednu, Drottinn, Gu\u00f0 allsherjar.<a name=\"17\"><span class=\"versanumer\">17<\/span><\/a>\u00c9g sat ekki \u00ed h\u00f3p hl\u00e6jandi manna til \u00feess a\u00f0 skemmta m\u00e9r. Gripinn af \u00feinni hendi sat \u00e9g einsamall, af \u00fev\u00ed a\u00f0 \u00fe\u00fa fylltir mig helgri rei\u00f0i.<a name=\"18\"><span class=\"versanumer\">18<\/span><\/a>Hv\u00ed er kv\u00f6l m\u00edn or\u00f0in \u00e6varandi og s\u00e1r mitt svo illkynja\u00f0, a\u00f0 \u00fea\u00f0 ver\u00f0ur ekki gr\u00e6tt? \u00de\u00fa ert m\u00e9r sem svikull l\u00e6kur, eins og vatn, sem ekki er unnt a\u00f0 rei\u00f0a sig \u00e1.<a name=\"19\"><span class=\"versanumer\">19<\/span><\/a>\u00deessu svara\u00f0i Drottinn svo: Ef \u00fe\u00fa l\u00e6tur af \u00feessu v\u00edli \u00fe\u00ednu, mun \u00e9g aftur l\u00e1ta \u00feig ganga fram fyrir mig. Og ef \u00fe\u00fa framlei\u00f0ir a\u00f0eins d\u00fdrm\u00e6ta hluti, en enga l\u00e9lega, \u00fe\u00e1 skalt \u00fe\u00fa aftur vera m\u00e9r munnur. \u00deeir skulu sn\u00faa vi\u00f0 til \u00fe\u00edn, en \u00fe\u00fa skalt ekki sn\u00faa vi\u00f0 til \u00feeirra.<a name=\"20\"><span class=\"versanumer\">20<\/span><\/a>Og \u00e9g gj\u00f6ri \u00feig gagnvart \u00feessum l\u00fd\u00f0 a\u00f0 rammbygg\u00f0um eirvegg, og \u00fe\u00f3tt \u00feeir berjist vi\u00f0 \u00feig, skulu \u00feeir eigi f\u00e1 yfirstigi\u00f0 \u00feig, \u00fev\u00ed a\u00f0 \u00e9g er me\u00f0 \u00fe\u00e9r til \u00feess a\u00f0 hj\u00e1lpa \u00fe\u00e9r og frelsa \u00feig segir Drottinn.<a name=\"21\"><span class=\"versanumer\">21<\/span><\/a>\u00c9g frelsa \u00feig undan valdi vondra manna og losa \u00feig \u00far h\u00f6ndum ofbeldismanna.<\/p>\n<div class=\"footnote1981\"><b>15.1<\/b> Me\u00f0algangarar M\u00f3se 2M\u00f3s 32.11; 34.9; 4M\u00f3s 11.2; Slm 106.23, o.s.frv.; Sam\u00fael 1Sam 7.8-10; 12.19,23; S\u00edr 46.16; Slm 99.6 \u2013 sp\u00e1ma\u00f0ur Jer 7.16+ &#8211; rektu \u00fe\u00e1 fr\u00e1 Jer 11.14<br \/>\n<b>15.2<\/b> Til dau\u00f0a Jer 14.12; 43.11; Esk 5.12; 6.11-12; Sak 11.9; Opb 13.10<br \/>\n<b>15.3<\/b> Ferns konar Esk 14.21<br \/>\n<b>15.4<\/b> Hrylla vi\u00f0 \u00feeim Jer 24.9; 29.18; 34.17; sbr Nah 3.6 \u2013 vegna Manasse 2Kon 21.1-16; 24.3-4<br \/>\n<b>15.5<\/b> Hver vorkennir? Jer 13.14; Nah 3.7; Slm 69.21<br \/>\n<b>15.6<\/b> H\u00f6nd m\u00edna gegn \u00fe\u00e9r Jer 6.12; 51.25 \u2013 \u00fereyttur Jer 44.22; Am 7.8<br \/>\n<b>15.7<\/b> Gu\u00f0 agar Jer 5.3; 9.9-11 \u2013 breytti ekki  Jer 5.3+<br \/>\n<b>15.8<\/b> Fleiri en sandkorn 1M\u00f3s 22.17; J\u00f3s 11.4; Slm 78.27; Job 6.3; sbr Jer 33.22<br \/>\n<b>15.10<\/b> Vei m\u00e9r Jer 11.18+ &#8211; b\u00f6lva\u00f0ur s\u00e9 f\u00e6\u00f0ingardagurinn Jer 20.14; Job 3.3<br \/>\n<b>15.12<\/b> A\u00f0 nor\u00f0an Jer 1.14+<br \/>\n<b>15.13<\/b> Laun syndarinnar Jer 6.19; 14.16; Jes 50.1<br \/>\n<b>15.14<\/b> A\u00f0 \u00fer\u00e6li Jer 17.4 \u2013 rei\u00f0i m\u00edn 5M\u00f3s 32.22; Slm 18.9<br \/>\n<b>15.16<\/b> Or\u00f0 \u00fe\u00edn Slm 19.11; 119.131; J\u00f3h 4.34; Heb 6.4; sbr Esk 3.1-3 \u2013 gle\u00f0i Slm 19.9; 119.111 \u2013 kenndur vi\u00f0 \u00feig Jer 14.9+ ; sbr 7.10<br \/>\n<b>15.17<\/b> Einn sbr Jer 16.8<br \/>\n<b>15.18<\/b> Ekki ver\u00f0ur gr\u00e6tt Jer 10.19+ &#8211; svikult vatnsb\u00f3l Job 6.15-20<br \/>\n<b>15.19<\/b> Sn\u00faa vi\u00f0 Jer 31.18 \u2013 aftur \u00fej\u00f3na\u00f0 m\u00e9r Jer 1.8,18-19 \u2013 sn\u00fd \u00e9g \u00fe\u00e9r sbr Jer 20.13<br \/>\n<b>15.21<\/b> \u00dar greipum Jer 26.24; 36.26; 39.9,13<\/div>\n","protected":false},"excerpt":{"rendered":"<p>1\u00de\u00e1 sag\u00f0i Drottinn vi\u00f0 mig: \u00de\u00f3 a\u00f0 M\u00f3se og Sam\u00fael gengju fram fyrir mig, mundi s\u00e1l m\u00edn ekki hneigjast a\u00f0 \u00feessum l\u00fd\u00f0 framar. Rek \u00fe\u00e1 fr\u00e1 augliti m\u00ednu, svo a\u00f0 \u00feeir fari burt.2Og ef \u00feeir segja vi\u00f0 \u00feig: Hvert eigum v\u00e9r a\u00f0 fara? \u00fe\u00e1 seg vi\u00f0 \u00fe\u00e1: Svo segir Drottinn: Til dreps\u00f3ttar s\u00e1, sem dreps\u00f3tt er \u00e6tla\u00f0ur, til sver\u00f0s s\u00e1, sem sver\u00f0i er \u00e6tla\u00f0ur, til hungurs s\u00e1, sem hungri er \u00e6tla\u00f0ur, til herlei\u00f0ingar s\u00e1, sem til herlei\u00f0ingar er \u00e6tla\u00f0ur.3\u00c9g b\u00fd\u00f0 ferns konar kyni \u00fat \u00ed m\u00f3ti \u00feeim segir Drottinn: Sver\u00f0inu til \u00feess a\u00f0 myr\u00f0a \u00fe\u00e1, hundunum til \u00feess a\u00f0 draga <a href=\"https:\/\/biblian.is\/1981\/jeremia-15-kafli\/\"> [&#8230;]<\/a><\/p>\n","protected":false},"author":1,"featured_media":0,"parent":0,"menu_order":0,"comment_status":"open","ping_status":"open","template":"bibliukaflar.php","meta":{"footnotes":""},"class_list":["post-2107","page","type-page","status-publish","hentry"],"_links":{"self":[{"href":"https:\/\/biblian.is\/1981\/wp-json\/wp\/v2\/pages\/2107","targetHints":{"allow":["GET"]}}],"collection":[{"href":"https:\/\/biblian.is\/1981\/wp-json\/wp\/v2\/pages"}],"about":[{"href":"https:\/\/biblian.is\/1981\/wp-json\/wp\/v2\/types\/page"}],"author":[{"embeddable":true,"href":"https:\/\/biblian.is\/1981\/wp-json\/wp\/v2\/users\/1"}],"replies":[{"embeddable":true,"href":"https:\/\/biblian.is\/1981\/wp-json\/wp\/v2\/comments?post=2107"}],"version-history":[{"count":0,"href":"https:\/\/biblian.is\/1981\/wp-json\/wp\/v2\/pages\/2107\/revisions"}],"wp:attachment":[{"href":"https:\/\/biblian.is\/1981\/wp-json\/wp\/v2\/media?parent=2107"}],"curies":[{"name":"wp","href":"https:\/\/api.w.org\/{rel}","templated":true}]}}