{"id":2096,"date":"2017-11-18T20:20:08","date_gmt":"2017-11-18T20:20:08","guid":{"rendered":"http:\/\/biblian.is\/1981\/jeremia-4-kafli\/"},"modified":"2017-11-18T20:20:08","modified_gmt":"2017-11-18T20:20:08","slug":"jeremia-4-kafli","status":"publish","type":"page","link":"https:\/\/biblian.is\/1981\/jeremia-4-kafli\/","title":{"rendered":"Jerem\u00eda 4. kafli"},"content":{"rendered":"<p><a name=\"1\"><span class=\"versanumer\">1<\/span><\/a>\u00deegar \u00fe\u00fa hverfur aftur, \u00cdsrael segir Drottinn skalt \u00fe\u00fa hverfa aftur til m\u00edn. Ef \u00fe\u00fa flytur vi\u00f0urstygg\u00f0ir \u00fe\u00ednar burt fr\u00e1 augliti m\u00ednu og ert ekki framar \u00e1 sveimi<a name=\"2\"><span class=\"versanumer\">2<\/span><\/a>og vinnur ei\u00f0inn svo sannarlega sem Drottinn lifir \u00ed sannleika, r\u00e9ttv\u00edsi og einl\u00e6gni, munu \u00fej\u00f3\u00f0ir \u00f3ska s\u00e9r hans blessunar og hr\u00f3sa s\u00e9r af honum.<a name=\"3\"><span class=\"versanumer\">3<\/span><\/a>J\u00e1, svo segir Drottinn vi\u00f0 J\u00fadamenn og vi\u00f0 Jer\u00fasalem: Taki\u00f0 n\u00fdtt land til yrkingar og s\u00e1i\u00f0 ekki ofan \u00ed \u00feyrna!<a name=\"4\"><span class=\"versanumer\">4<\/span><\/a>Umskeri\u00f0 y\u00f0ur fyrir Drottni og taki\u00f0 burt yfirh\u00fa\u00f0 hjarta y\u00f0ar, \u00fe\u00e9r J\u00fadamenn og Jer\u00fasalemb\u00faar, svo a\u00f0 heiftarrei\u00f0i m\u00edn brj\u00f3tist ekki \u00fat, eins og eldur, og brenni svo, a\u00f0 eigi ver\u00f0i sl\u00f6kkt, sakir vonskuverka y\u00f0ar.<a name=\"5\"><span class=\"versanumer\">5<\/span><\/a>Kunngj\u00f6ri\u00f0 \u00ed J\u00fada og bo\u00f0i\u00f0 \u00ed Jer\u00fasalem og segi\u00f0: \u00deeyti\u00f0 l\u00fa\u00f0ur \u00ed landinu! Kalli\u00f0 fullum r\u00f3mi og segi\u00f0: Safnist saman, og f\u00f6rum inn \u00ed v\u00edggirtu borgirnar!<a name=\"6\"><span class=\"versanumer\">6<\/span><\/a>Reisi\u00f0 upp hermerki \u00ed \u00e1ttina til S\u00edonar, fl\u00fdi\u00f0 undan, standi\u00f0 eigi vi\u00f0! \u00dev\u00ed a\u00f0 \u00e9g kem me\u00f0 \u00f3g\u00e6fu \u00far nor\u00f0ri og mikla ey\u00f0ing.<a name=\"7\"><span class=\"versanumer\">7<\/span><\/a>Lj\u00f3n er risi\u00f0 upp \u00far runni s\u00ednum, \u00fej\u00f3\u00f0a-ey\u00f0ir lag\u00f0ur af sta\u00f0, farinn a\u00f0 heiman til \u00feess a\u00f0 gj\u00f6ra land \u00feitt a\u00f0 au\u00f0n, borgir \u00fe\u00ednar ver\u00f0a gj\u00f6reyddar, mannlausar.<a name=\"8\"><span class=\"versanumer\">8<\/span><\/a>Gyr\u00f0i\u00f0 y\u00f0ur \u00fev\u00ed h\u00e6rusekk, harmi\u00f0 og kveini\u00f0, \u00fev\u00ed a\u00f0 hin brennandi rei\u00f0i Drottins hefir ekki sn\u00fai\u00f0 s\u00e9r fr\u00e1 oss.<a name=\"9\"><span class=\"versanumer\">9<\/span><\/a>En \u00e1 \u00feeim degi segir Drottinn munu konungurinn og h\u00f6f\u00f0ingjarnir standa r\u00e1\u00f0alausir, prestarnir ver\u00f0a agndofa og sp\u00e1mennirnir skelfast.<a name=\"10\"><span class=\"versanumer\">10<\/span><\/a>\u00de\u00e1 m\u00e6lti \u00e9g: \u00c6, herra Drottinn! Vissulega hefir \u00fe\u00fa illa sviki\u00f0 \u00feessa \u00fej\u00f3\u00f0 og Jer\u00fasalem, \u00fe\u00e1 er \u00fe\u00fa sag\u00f0ir: Y\u00f0ur mun heill hlotnast! \u00fear sem sver\u00f0i\u00f0 gengur n\u00fa mj\u00f6g n\u00e6rri \u00feeim.<a name=\"11\"><span class=\"versanumer\">11<\/span><\/a>\u00de\u00e1 mun sagt ver\u00f0a um \u00feessa \u00fej\u00f3\u00f0 og um Jer\u00fasalem: Gl\u00f3andi vindur af sk\u00f3glausum h\u00e6\u00f0um \u00ed ey\u00f0im\u00f6rkinni kemur gegn \u00fej\u00f3\u00f0 minni, hvorki ver\u00f0ur s\u00e1ldra\u00f0 n\u00e9 hreinsa\u00f0!<a name=\"12\"><span class=\"versanumer\">12<\/span><\/a>\u00c1kafur vindur kemur \u00ed m\u00f3ti m\u00e9r, en n\u00fa vil \u00e9g einnig kve\u00f0a upp d\u00f3ma gegn \u00feeim.<a name=\"13\"><span class=\"versanumer\">13<\/span><\/a>Sj\u00e1, eins og sk\u00fd \u00fe\u00fdtur hann \u00e1fram, og vagnar hans eru eins og vindbylur, hestar hans eru flj\u00f3tari en ernir. Vei oss, \u00fea\u00f0 er \u00fati um oss!<a name=\"14\"><span class=\"versanumer\">14<\/span><\/a>\u00devo illskuna af hjarta \u00fe\u00ednu, Jer\u00fasalem, til \u00feess a\u00f0 \u00fe\u00fa frelsist. Hversu lengi eiga \u00fe\u00ednar syndsamlegu hugsanir a\u00f0 b\u00faa \u00ed brj\u00f3sti \u00fe\u00e9r?<a name=\"15\"><span class=\"versanumer\">15<\/span><\/a>\u00dev\u00ed heyr, menn segja t\u00ed\u00f0indi fr\u00e1 Dan og bo\u00f0a \u00f3g\u00e6fu fr\u00e1 Efra\u00edmfj\u00f6llum.<a name=\"16\"><span class=\"versanumer\">16<\/span><\/a>Segi\u00f0 \u00fej\u00f3\u00f0unum fr\u00e1 \u00fev\u00ed, kalli\u00f0 \u00e1 \u00fe\u00e6r gegn Jer\u00fasalem! Ums\u00e1tursmenn koma \u00far fjarl\u00e6gu landi og hefja \u00f3p gegn J\u00fadaborgum.<a name=\"17\"><span class=\"versanumer\">17<\/span><\/a>Eins og akurver\u00f0ir sitja \u00feeir hringinn \u00ed kringum hana, af \u00fev\u00ed a\u00f0 h\u00fan hefir \u00ferj\u00f3skast \u00ed gegn m\u00e9r segir Drottinn.<a name=\"18\"><span class=\"versanumer\">18<\/span><\/a>Atferli \u00feitt og gj\u00f6r\u00f0ir \u00fe\u00ednar hafa baka\u00f0 \u00fe\u00e9r \u00feetta, \u00feetta hefir \u00fe\u00fa fyrir illsku \u00fe\u00edna. J\u00e1, beiskt er \u00fea\u00f0, \u00fea\u00f0 gengur mj\u00f6g n\u00e6rri \u00fe\u00e9r.<a name=\"19\"><span class=\"versanumer\">19<\/span><\/a>I\u00f0ur m\u00edn, i\u00f0ur m\u00edn! \u00c9g engist sundur og saman! \u00d3, veggir hjarta m\u00edns! Hjarta\u00f0 berst \u00e1kaft \u00ed brj\u00f3sti m\u00e9r, \u00e9g get ekki \u00feaga\u00f0! \u00dev\u00ed a\u00f0 \u00f6nd m\u00edn heyrir l\u00fa\u00f0urhlj\u00f3minn, bardaga\u00f3pi\u00f0.<a name=\"20\"><span class=\"versanumer\">20<\/span><\/a>Hrun \u00e1 hrun ofan er bo\u00f0a\u00f0, j\u00e1 allt landi\u00f0 er eytt. Skyndilega eru tj\u00f6ld m\u00edn eydd, tjaldd\u00fakar m\u00ednir t\u00e6ttir sundur allt \u00ed einu.<a name=\"21\"><span class=\"versanumer\">21<\/span><\/a>Hversu lengi \u00e1 \u00e9g a\u00f0 sj\u00e1 gunnf\u00e1na, hversu lengi \u00e1 \u00e9g a\u00f0 heyra l\u00fa\u00f0urhlj\u00f3m?<a name=\"22\"><span class=\"versanumer\">22<\/span><\/a>J\u00e1, f\u00edflsk er \u00fej\u00f3\u00f0 m\u00edn, mig \u00feekkja \u00feeir ekki. Heimskir synir eru \u00feeir, og vanhyggnir eru \u00feeir. Vitmenn eru \u00feeir illt a\u00f0 fremja, en gott a\u00f0 gj\u00f6ra kunna \u00feeir ekki.<a name=\"23\"><span class=\"versanumer\">23<\/span><\/a>&#8222;\u00c9g leit j\u00f6r\u00f0ina, og sj\u00e1, h\u00fan var au\u00f0 og t\u00f3m; \u00e9g horf\u00f0i til himins, og lj\u00f3s hans var slokkna\u00f0.&#8220;<a name=\"24\"><span class=\"versanumer\">24<\/span><\/a>\u00c9g leit \u00e1 fj\u00f6llin, og sj\u00e1, \u00feau n\u00f6tru\u00f0u, og allar h\u00e6\u00f0irnar, \u00fe\u00e6r bifu\u00f0ust.<a name=\"25\"><span class=\"versanumer\">25<\/span><\/a>\u00c9g lita\u00f0ist um, og sj\u00e1, \u00fear var enginn ma\u00f0ur, og allir fuglar himinsins voru fl\u00fanir.<a name=\"26\"><span class=\"versanumer\">26<\/span><\/a>\u00c9g lita\u00f0ist um, og sj\u00e1, aldingar\u00f0urinn var or\u00f0inn a\u00f0 ey\u00f0im\u00f6rk og allar borgir hans gj\u00f6reyddar af v\u00f6ldum Drottins, af v\u00f6ldum hans brennandi rei\u00f0i.<a name=\"27\"><span class=\"versanumer\">27<\/span><\/a>Svo segir Drottinn: Au\u00f0n skal allt landi\u00f0 ver\u00f0a, en aley\u00f0ing \u00e1 \u00fev\u00ed vil \u00e9g ekki gj\u00f6ra.<a name=\"28\"><span class=\"versanumer\">28<\/span><\/a>Vegna \u00feessa syrgir j\u00f6r\u00f0in og himinninn uppi er dimmur, af \u00fev\u00ed a\u00f0 \u00e9g hefi sagt \u00fea\u00f0, og mig i\u00f0rar \u00feess eigi, hefi \u00e1kve\u00f0i\u00f0 \u00fea\u00f0 og h\u00e6tti ekki vi\u00f0 \u00fea\u00f0.<a name=\"29\"><span class=\"versanumer\">29<\/span><\/a>Fyrir harki riddaranna og bogmannanna er hver borg \u00e1 fl\u00f3tta. Menn skr\u00ed\u00f0a inn \u00ed runna og st\u00edga upp \u00e1 kletta. Allar borgir eru yfirgefnar og enginn ma\u00f0ur b\u00fdr framar \u00ed \u00feeim.<a name=\"30\"><span class=\"versanumer\">30<\/span><\/a>En \u00fe\u00fa, ey\u00f0ingunni ofurseld, hva\u00f0 \u00e6tlar \u00fe\u00fa a\u00f0 gj\u00f6ra? \u00de\u00f3tt \u00fe\u00fa kl\u00e6\u00f0ist skarlati, \u00fe\u00f3tt \u00fe\u00fa skreytir \u00feig me\u00f0 gullskarti, \u00fe\u00f3tt \u00fe\u00fa smyrjir augu \u00fe\u00edn bl\u00fdlit, til einskis gj\u00f6rir \u00fe\u00fa \u00feig fagra. Fri\u00f0larnir hafna \u00fe\u00e9r, \u00feeir sitja um l\u00edf \u00feitt.<a name=\"31\"><span class=\"versanumer\">31<\/span><\/a>J\u00e1, hlj\u00f3\u00f0 heyri \u00e9g, eins og \u00ed j\u00f3\u00f0sj\u00fakri konu, angistar\u00f3p, eins og \u00ed konu, sem er a\u00f0 ala fyrsta barni\u00f0, \u00f3p d\u00f3tturinnar S\u00edonar, sem stendur \u00e1 \u00f6ndinni af kv\u00f6lum og brei\u00f0ir \u00fat hendurnar: \u00d3, vei m\u00e9r, \u00fev\u00ed a\u00f0 \u00f6rmagna hn\u00edgur s\u00e1l m\u00edn fyrir mor\u00f0ingjum.<\/p>\n<div class=\"footnote1981\"><b>4.1<\/b> Sn\u00fdr\u00f0 aftur Jer 3.12+ &#8211; til m\u00edn Jl 2.12 \u2013 vi\u00f0urstyggilega Jer 7.30; 13.27; 16.18; 32.34;  5M\u00f3s 29.17; 2Kon 23.13,24; Esk 5.11; 7.20; Nah 3.6, sbr 2M\u00f3s 20.3<br \/>\n<b>4.2<\/b> Sverja Jer 5.2; 12.16; 23.7-8; 44.26; 5M\u00f3s 6.13 \u2013 nj\u00f3ta blessunar sbr 1M\u00f3s 22.18; 26.4; Jes 65.16; Matt 5.16<br \/>\n<b>4.3<\/b> N\u00fdtt land H\u00f3s 10.12; Matt 13.23<br \/>\n<b>4.4<\/b> Umskurn hjartans 5M\u00f3s 10.16; 30.6; R\u00f3m 2.29; sbr Jer 9.25-26; 3M\u00f3s 26.41; sbr Jer 6.10<br \/>\n<b>4.5<\/b> L\u00fa\u00f0urhlj\u00f3mur (h\u00e6ttumerki) Jer 4.19,21; 6.1,17; 42.14; 51.27 \u2013 safnist saman Jer 8.14<br \/>\n<b>4.6<\/b> \u00dar nor\u00f0ri Jer 1.14+ &#8211; tort\u00edming 4.20; 6.1; 8.21; 10.19; 14.17; 30.12<br \/>\n<b>4.7<\/b> Lj\u00f3n Jer 2.15; 5.6; 49.19; 50.44; Jes 5.29; Nah 2.12<br \/>\n<b>4.8<\/b> Gyr\u00f0a sig h\u00e6rusekk Jer 6.26; 48.37; 49.3; Jes 15.3; Esk 7.18 \u2013 hin gl\u00f3andi rei\u00f0i Jer 4.26; 12.13; 25.37-38; 51.45; Nah 1.6 \u2013 er ekki horfin fr\u00e1 oss Jer 4.26, Jes 5.25<br \/>\n<b>4.10<\/b> Farnast vel Jer 14.13; sbr 28.6<br \/>\n<b>4.12<\/b> D\u00f3mar Drottins Jer 1.16; 12.1<br \/>\n<b>4.13<\/b> Vagnar hans Nah 2.5 \u2013 hestarnir Hab 1.8; Hlj 4.19<br \/>\n<b>4.14<\/b> Hreinsa\u00f0u hjarta \u00feitt Jes 1.16; Esk 18.31; Jak 4.8<br \/>\n<b>4.18<\/b> \u00de\u00edn eigin illska Jer 2.17,19; Slm 107.17<br \/>\n<b>4.19<\/b> Engist sundur og saman Jer 13.17; 2Kon 8.11; Hab 3.16; Hlj 1.20<br \/>\n<b>4.20<\/b> Hrun Jer 4.6+ ; Esk 7.26<br \/>\n<b>4.22<\/b> Heimsk er \u00fej\u00f3\u00f0in Jer 5.21; 8.7; 5M\u00f3s 32.28; Jes 27.11; H\u00f3s 4.6; Slm 82.5; L\u00fak 24.25 \u2013 kunna ekki Jer 13.23; R\u00f3m 7.21 \u2013 gott a\u00f0 gera Am 5.14-15, Slm 34.13-15<br \/>\n<b>4.23<\/b> Au\u00f0 og t\u00f3m 1M\u00f3s 1.2 \u2013 dimmur himinn Jer 4.28; Jes 50.3; Mrk 15.33<br \/>\n<b>4.24<\/b> Fj\u00f6llin skulfu D\u00f3m 5.5; Jes 5.25+ ; Nah 1.5; Slm 46.3-4<br \/>\n<b>4.25<\/b> Fuglarnir flognir Jer 9.9; 12.4; 50.3; H\u00f3s 4.3; Sef 1.3<br \/>\n<b>4.26<\/b> Aldingar\u00f0ur a\u00f0 ey\u00f0im\u00f6rk 3M\u00f3s 26.33; Slm 107.34<br \/>\n<b>4.27<\/b> Ekki gerey\u00f0a Jer 5.10,18; 30.11<br \/>\n<b>4.28<\/b> J\u00f6r\u00f0in syrgir Jer 12.4; 23.10 \u2013 i\u00f0rar \u00feess ekki Am 1.3,6 og fl.; sbr Jer 23.19<br \/>\n<b>4.30<\/b> \u00deeir sem girntust \u00feig Jer 22.20,22; 30.14; Esk 16.33-37; 23.7,9,22; H\u00f3s 2.7,9; Hlj 1.19<br \/>\n<b>4.31<\/b> Vein j\u00f3\u00f0sj\u00fakrar konu Jer 6.24; 30.6; 48.41; 49.22; 50.43; M\u00edk 4.9-10+<\/div>\n","protected":false},"excerpt":{"rendered":"<p>1\u00deegar \u00fe\u00fa hverfur aftur, \u00cdsrael segir Drottinn skalt \u00fe\u00fa hverfa aftur til m\u00edn. Ef \u00fe\u00fa flytur vi\u00f0urstygg\u00f0ir \u00fe\u00ednar burt fr\u00e1 augliti m\u00ednu og ert ekki framar \u00e1 sveimi2og vinnur ei\u00f0inn svo sannarlega sem Drottinn lifir \u00ed sannleika, r\u00e9ttv\u00edsi og einl\u00e6gni, munu \u00fej\u00f3\u00f0ir \u00f3ska s\u00e9r hans blessunar og hr\u00f3sa s\u00e9r af honum.3J\u00e1, svo segir Drottinn vi\u00f0 J\u00fadamenn og vi\u00f0 Jer\u00fasalem: Taki\u00f0 n\u00fdtt land til yrkingar og s\u00e1i\u00f0 ekki ofan \u00ed \u00feyrna!4Umskeri\u00f0 y\u00f0ur fyrir Drottni og taki\u00f0 burt yfirh\u00fa\u00f0 hjarta y\u00f0ar, \u00fe\u00e9r J\u00fadamenn og Jer\u00fasalemb\u00faar, svo a\u00f0 heiftarrei\u00f0i m\u00edn brj\u00f3tist ekki \u00fat, eins og eldur, og brenni svo, a\u00f0 eigi ver\u00f0i sl\u00f6kkt, <a href=\"https:\/\/biblian.is\/1981\/jeremia-4-kafli\/\"> [&#8230;]<\/a><\/p>\n","protected":false},"author":1,"featured_media":0,"parent":0,"menu_order":0,"comment_status":"open","ping_status":"open","template":"bibliukaflar.php","meta":{"footnotes":""},"class_list":["post-2096","page","type-page","status-publish","hentry"],"_links":{"self":[{"href":"https:\/\/biblian.is\/1981\/wp-json\/wp\/v2\/pages\/2096","targetHints":{"allow":["GET"]}}],"collection":[{"href":"https:\/\/biblian.is\/1981\/wp-json\/wp\/v2\/pages"}],"about":[{"href":"https:\/\/biblian.is\/1981\/wp-json\/wp\/v2\/types\/page"}],"author":[{"embeddable":true,"href":"https:\/\/biblian.is\/1981\/wp-json\/wp\/v2\/users\/1"}],"replies":[{"embeddable":true,"href":"https:\/\/biblian.is\/1981\/wp-json\/wp\/v2\/comments?post=2096"}],"version-history":[{"count":0,"href":"https:\/\/biblian.is\/1981\/wp-json\/wp\/v2\/pages\/2096\/revisions"}],"wp:attachment":[{"href":"https:\/\/biblian.is\/1981\/wp-json\/wp\/v2\/media?parent=2096"}],"curies":[{"name":"wp","href":"https:\/\/api.w.org\/{rel}","templated":true}]}}