{"id":2094,"date":"2017-11-18T20:20:08","date_gmt":"2017-11-18T20:20:08","guid":{"rendered":"http:\/\/biblian.is\/1981\/jeremia-2-kafli\/"},"modified":"2017-11-18T20:20:08","modified_gmt":"2017-11-18T20:20:08","slug":"jeremia-2-kafli","status":"publish","type":"page","link":"https:\/\/biblian.is\/1981\/jeremia-2-kafli\/","title":{"rendered":"Jerem\u00eda 2. kafli"},"content":{"rendered":"<p><a name=\"1\"><span class=\"versanumer\">1<\/span><\/a>Or\u00f0 Drottins kom til m\u00edn:<a name=\"2\"><span class=\"versanumer\">2<\/span><\/a>Far og kunngj\u00f6r Jer\u00fasalem \u00feetta: Svo segir Drottinn: \u00c9g man eftir k\u00e6rleika \u00e6sku \u00feinnar, elsku festart\u00edma \u00fe\u00edns, hversu \u00fe\u00fa fylgdir m\u00e9r \u00ed ey\u00f0im\u00f6rkinni, \u00ed \u00f3frj\u00f3u landi.<a name=\"3\"><span class=\"versanumer\">3<\/span><\/a>\u00cdsrael var helga\u00f0ur Drottni, frumgr\u00f3\u00f0i uppskeru hans, allir \u00feeir, sem vildu eta hann, ur\u00f0u sekir, \u00f3g\u00e6fa kom yfir \u00fe\u00e1 segir Drottinn.<a name=\"4\"><span class=\"versanumer\">4<\/span><\/a>Heyri\u00f0 or\u00f0 Drottins, Jakobs h\u00fas og allar \u00fe\u00e9r \u00e6ttkv\u00edslir \u00cdsraels h\u00fass!<a name=\"5\"><span class=\"versanumer\">5<\/span><\/a>Svo segir Drottinn: Hver rangindi hafa fe\u00f0ur y\u00f0ar fundi\u00f0 hj\u00e1 m\u00e9r, a\u00f0 \u00feeir hurfu fr\u00e1 m\u00e9r og eltu f\u00e1n\u00fdt go\u00f0 og breyttu heimskulega,<a name=\"6\"><span class=\"versanumer\">6<\/span><\/a>og s\u00f6g\u00f0u ekki: Hvar er Drottinn, sem flutti oss burt af Egyptalandi, sem leiddi oss um ey\u00f0im\u00f6rkina, um hei\u00f0a- og gj\u00f3tulandi\u00f0, um \u00feurra og ni\u00f0dimma landi\u00f0, um landi\u00f0, sem enginn fer um og enginn ma\u00f0ur b\u00fdr \u00ed?<a name=\"7\"><span class=\"versanumer\">7<\/span><\/a>\u00c9g leiddi y\u00f0ur inn \u00ed aldingar\u00f0slandi\u00f0, til \u00feess a\u00f0 \u00fe\u00e9r nytu\u00f0 \u00e1vaxta \u00feess og g\u00e6\u00f0a, en \u00feegar \u00fe\u00e9r voru\u00f0 komnir \u00feanga\u00f0, saurgu\u00f0u\u00f0 \u00fe\u00e9r land mitt og gj\u00f6r\u00f0u\u00f0 \u00f3\u00f0al mitt a\u00f0 vi\u00f0urstygg\u00f0.<a name=\"8\"><span class=\"versanumer\">8<\/span><\/a>Prestarnir s\u00f6g\u00f0u ekki: Hvar er Drottinn? og \u00feeir, er vi\u00f0 l\u00f6gm\u00e1li\u00f0 fengust, \u00feekktu mig ekki. Hir\u00f0arnir rufu tr\u00fana\u00f0 vi\u00f0 mig, og sp\u00e1mennirnir sp\u00e1\u00f0u \u00ed nafni Baals og eltu \u00fe\u00e1, sem ekki geta hj\u00e1lpa\u00f0.<a name=\"9\"><span class=\"versanumer\">9<\/span><\/a>Fyrir \u00fev\u00ed mun \u00e9g enn \u00fereyta m\u00e1l vi\u00f0 y\u00f0ur segir Drottinn og vi\u00f0 sonasonu y\u00f0ar mun \u00e9g \u00fereyta m\u00e1l:<a name=\"10\"><span class=\"versanumer\">10<\/span><\/a>Fari\u00f0 yfir til stranda Kitta og gangi\u00f0 \u00far skugga um, og sendi\u00f0 til Kedars og hyggi\u00f0 vandlega a\u00f0. Gangi\u00f0 \u00far skugga um, hvort sl\u00edkt hafi nokkurn t\u00edma vi\u00f0 bori\u00f0!<a name=\"11\"><span class=\"versanumer\">11<\/span><\/a>hvort nokkur \u00fej\u00f3\u00f0 hafi skipt um gu\u00f0 og \u00fea\u00f0 \u00fe\u00f3tt \u00feeir v\u00e6ru ekki gu\u00f0ir! En m\u00edn \u00fej\u00f3\u00f0 hefir l\u00e1ti\u00f0 vegsemd s\u00edna fyrir \u00fea\u00f0, sem ekki getur hj\u00e1lpa\u00f0.<a name=\"12\"><span class=\"versanumer\">12<\/span><\/a>Fur\u00f0i\u00f0 y\u00f0ur, himnar, \u00e1 \u00feessu og skelfist og veri\u00f0 agndofa segir Drottinn.<a name=\"13\"><span class=\"versanumer\">13<\/span><\/a>\u00dev\u00ed a\u00f0 tvennt illt hefir \u00fej\u00f3\u00f0 m\u00edn a\u00f0hafst: \u00deeir hafa yfirgefi\u00f0 mig, uppsprettu hins lifandi vatns, til \u00feess a\u00f0 grafa s\u00e9r brunna, brunna me\u00f0 sprungum, sem ekki halda vatni.<a name=\"14\"><span class=\"versanumer\">14<\/span><\/a>Er \u00cdsrael \u00fer\u00e6ll, e\u00f0a er hann heimaf\u00e6tt \u00fe\u00fd? Hv\u00ed er hann or\u00f0inn a\u00f0 herfangi?<a name=\"15\"><span class=\"versanumer\">15<\/span><\/a>Lj\u00f3n grenju\u00f0u m\u00f3ti honum, h\u00f3fu upp \u00f6skur sitt og gj\u00f6r\u00f0u land hans a\u00f0 au\u00f0n. Borgir hans voru brenndar, ur\u00f0u mannau\u00f0ar.<a name=\"16\"><span class=\"versanumer\">16<\/span><\/a>N\u00f3f-menn og Takpanes-menn reyttu \u00e1 \u00fe\u00e9r skallann.<a name=\"17\"><span class=\"versanumer\">17<\/span><\/a>Hefir \u00fe\u00fa ekki baka\u00f0 \u00fe\u00e9r \u00feetta me\u00f0 \u00fev\u00ed a\u00f0 yfirgefa Drottin, Gu\u00f0 \u00feinn, \u00fe\u00e1 er hann leiddi \u00feig \u00e1 veginum?<a name=\"18\"><span class=\"versanumer\">18<\/span><\/a>Og n\u00fa, hva\u00f0 \u00fearft \u00fe\u00fa a\u00f0 fara til Egyptalands? Til \u00feess a\u00f0 drekka vatn \u00far N\u00edl? Og hva\u00f0 \u00fearft \u00fe\u00fa a\u00f0 fara til Ass\u00fdr\u00edu? Til \u00feess a\u00f0 drekka vatn \u00far Efrat?<a name=\"19\"><span class=\"versanumer\">19<\/span><\/a>Vonska \u00fe\u00edn mun aga \u00feig og fr\u00e1hvarf \u00feitt refsa \u00fe\u00e9r. \u00de\u00fa skalt f\u00e1 a\u00f0 kenna \u00e1 \u00fev\u00ed og reyna \u00fea\u00f0, hve illt og beiskt \u00fea\u00f0 er, a\u00f0 \u00fe\u00fa yfirgafst Drottin, Gu\u00f0 \u00feinn. \u00de\u00fa haf\u00f0ir ekki \u00f3tta fyrir m\u00e9r segir herrann, Drottinn allsherjar.<a name=\"20\"><span class=\"versanumer\">20<\/span><\/a>Fyrir l\u00f6ngu hefir \u00fe\u00fa sundurbroti\u00f0 ok \u00feitt, sliti\u00f0 b\u00f6ndin og sagt: \u00c9g vil ekki \u00fej\u00f3na! \u00dev\u00ed a\u00f0 \u00e1 hverjum h\u00e1um h\u00f3l og undir hverju gr\u00e6nu tr\u00e9 lag\u00f0ist \u00fe\u00fa ni\u00f0ur og h\u00f3ra\u00f0ist.<a name=\"21\"><span class=\"versanumer\">21<\/span><\/a>En \u00e9g haf\u00f0i gr\u00f3\u00f0ursett \u00feig sem g\u00e6\u00f0av\u00ednvi\u00f0, eint\u00f3mt \u00farvalss\u00e6\u00f0i, hvernig gastu breytst fyrir m\u00e9r \u00ed villiv\u00ednvi\u00f0arteinunga.<a name=\"22\"><span class=\"versanumer\">22<\/span><\/a>J\u00e1, \u00fe\u00f3tt \u00fe\u00fa \u00fev\u00e6gir \u00fe\u00e9r me\u00f0 l\u00fat og br\u00faka\u00f0ir mikla s\u00e1pu \u00e1 \u00feig, \u00fe\u00e1 ver\u00f0ur samt misgj\u00f6r\u00f0 \u00fe\u00edn \u00f3hrein fyrir m\u00e9r herrann Drottinn segir \u00fea\u00f0.<a name=\"23\"><span class=\"versanumer\">23<\/span><\/a>Hvernig getur \u00fe\u00fa sagt: \u00c9g hefi ekki saurga\u00f0 mig, \u00e9g hefi ekki elt Baalana? Hygg a\u00f0 ath\u00e6fi \u00fe\u00ednu \u00ed dalnum, sj\u00e1, hva\u00f0 \u00fe\u00fa hefir gj\u00f6rt, l\u00e9ttf\u00e6tta \u00falfaldahryssa, sem hleypur til og fr\u00e1.<a name=\"24\"><span class=\"versanumer\">24<\/span><\/a>Eins og villiasna, sem v\u00f6n er ey\u00f0im\u00f6rkinni, stendur h\u00fan \u00e1 \u00f6ndinni \u00ed girndarbruna s\u00ednum, hver f\u00e6r aftra\u00f0 losta hennar? \u00deeir sem hennar leita, \u00feurfa engir a\u00f0 \u00fereyta sig, \u00feeir finna hana \u00ed m\u00e1nu\u00f0i hennar.<a name=\"25\"><span class=\"versanumer\">25<\/span><\/a>Var\u00f0veit \u00fe\u00fa f\u00f3t \u00feinn, svo a\u00f0 sk\u00f3rinn fari ekki af honum, og h\u00e1ls \u00feinn, svo a\u00f0 hann ver\u00f0i ekki \u00feurr! En \u00fe\u00fa segir: \u00dea\u00f0 er til einskis! Nei! \u00c9g elska hina \u00fatlendu og \u00fe\u00e1 vil \u00e9g elta!<a name=\"26\"><span class=\"versanumer\">26<\/span><\/a>Eins og \u00fej\u00f3furinn m\u00e1 skammast s\u00edn, \u00feegar hann er sta\u00f0inn a\u00f0 verkinu, svo m\u00e1 \u00cdsraels h\u00fas skammast s\u00edn: \u00deeir, konungar \u00feeirra, h\u00f6f\u00f0ingjar \u00feeirra, prestar \u00feeirra og sp\u00e1menn \u00feeirra,<a name=\"27\"><span class=\"versanumer\">27<\/span><\/a>segja vi\u00f0 tr\u00e9drumb: \u00de\u00fa ert fa\u00f0ir minn! og vi\u00f0 stein: \u00de\u00fa hefir f\u00e6tt mig! \u00deeir hafa sn\u00fai\u00f0 vi\u00f0 m\u00e9r bakinu, en ekki andlitinu, en \u00feegar \u00feeir eru \u00ed nau\u00f0um staddir, \u00fe\u00e1 hr\u00f3pa \u00feeir: R\u00eds upp og hj\u00e1lpa oss!<a name=\"28\"><span class=\"versanumer\">28<\/span><\/a>En hvar eru gu\u00f0ir \u00fe\u00ednir, sem \u00fe\u00fa hefir gj\u00f6rt \u00fe\u00e9r? \u00deeir ver\u00f0a a\u00f0 r\u00edsa upp, ef \u00feeir geta hj\u00e1lpa\u00f0 \u00fe\u00e9r, \u00feegar \u00fe\u00fa ert \u00ed nau\u00f0um staddur! \u00dev\u00ed a\u00f0 gu\u00f0ir \u00fe\u00ednir, J\u00fada, eru or\u00f0nir eins margir og borgir \u00fe\u00ednar.<a name=\"29\"><span class=\"versanumer\">29<\/span><\/a>Hv\u00ed \u00fer\u00e1tti\u00f0 \u00fe\u00e9r vi\u00f0 mig? \u00de\u00e9r hafi\u00f0 allir rofi\u00f0 tr\u00fana\u00f0 vi\u00f0 mig segir Drottinn.<a name=\"30\"><span class=\"versanumer\">30<\/span><\/a>Til einskis hefi \u00e9g slegi\u00f0 sonu y\u00f0ar, aga \u00fe\u00fdddust \u00fe\u00e9r ekki, sver\u00f0 y\u00f0ar tort\u00edmdi sp\u00e1m\u00f6nnum y\u00f0ar, eins og ey\u00f0andi lj\u00f3n.<a name=\"31\"><span class=\"versanumer\">31<\/span><\/a>\u00de\u00fa kynsl\u00f3\u00f0, gef gaum or\u00f0i Drottins! Hefi \u00e9g veri\u00f0 ey\u00f0im\u00f6rk fyrir \u00cdsrael e\u00f0a ni\u00f0dimmt land? Hv\u00ed segir \u00fe\u00e1 \u00fej\u00f3\u00f0 m\u00edn: V\u00e9r erum lausir, v\u00e9r munum ekki koma aftur til \u00fe\u00edn!<a name=\"32\"><span class=\"versanumer\">32<\/span><\/a>Mun m\u00e6r gleyma skarti s\u00ednu, br\u00fa\u00f0ur belti s\u00ednu? Og \u00fe\u00f3 hefir \u00fej\u00f3\u00f0 m\u00edn gleymt m\u00e9r afar langan t\u00edma.<a name=\"33\"><span class=\"versanumer\">33<\/span><\/a>Hversu haganlega fer \u00fe\u00fa a\u00f0 r\u00e1\u00f0i \u00fe\u00ednu, til \u00feess a\u00f0 leita \u00fe\u00e9r \u00e1star! Til \u00feess hefir \u00fe\u00fa jafnvel vani\u00f0 \u00feig \u00e1 gl\u00e6pa-atferli.<a name=\"34\"><span class=\"versanumer\">34<\/span><\/a>Jafnvel \u00e1 faldi kl\u00e6\u00f0a \u00feinna s\u00e9st bl\u00f3\u00f0 saklausra aumingja. \u00de\u00fa st\u00f3\u00f0st \u00fe\u00e1 eigi a\u00f0 innbroti.<a name=\"35\"><span class=\"versanumer\">35<\/span><\/a>\u00der\u00e1tt fyrir allt \u00feetta segir \u00fe\u00fa: \u00c9g er saklaus, vissulega hefir rei\u00f0i hans sn\u00faist fr\u00e1 m\u00e9r. Sj\u00e1, n\u00fa dreg \u00e9g \u00feig fyrir d\u00f3m, af \u00fev\u00ed a\u00f0 \u00fe\u00fa segir: \u00c9g hefi ekki syndga\u00f0.<a name=\"36\"><span class=\"versanumer\">36<\/span><\/a>Hv\u00ed fl\u00fdtir \u00fe\u00fa \u00fe\u00e9r svo mj\u00f6g burt til \u00feess a\u00f0 halda a\u00f0ra lei\u00f0? Vonir \u00fe\u00ednar um Egyptaland munu og breg\u00f0ast, eins og vonir \u00fe\u00ednar um Ass\u00fdr\u00edu brug\u00f0ust.<a name=\"37\"><span class=\"versanumer\">37<\/span><\/a>Einnig \u00fea\u00f0an munt \u00fe\u00fa koma, sl\u00e1andi h\u00f6ndum saman yfir h\u00f6f\u00f0i \u00fe\u00e9r, \u00fev\u00ed a\u00f0 Drottinn hefir hafna\u00f0 \u00feeim, er \u00fe\u00fa treystir \u00e1, og \u00fe\u00e9r mun ekkert l\u00e1nast me\u00f0 \u00fe\u00e1.<\/p>\n<div class=\"footnote1981\"><b>2.2<\/b> \u00cd ey\u00f0im\u00f6rkinni 5M\u00f3s 2.7; 8.2-4; Esk 20.13; H\u00f3s 2.16-22; Am 5.25; Slm 78.40; 95.10; 106.14<br \/>\n<b>2.3<\/b> Helga\u00f0ur Drottni 2M\u00f3s 28.36; Slm 105.15; sbr H\u00f3s 2.20 \u2013 \u00f3g\u00e6fa kom yfir \u00fe\u00e1 1M\u00f3s 12.17; 20.3,7; Jes 10.5-19; 47.6-14; Sak 1.15; Slm 105.14-15<br \/>\n<b>2.5<\/b> Hva\u00f0a rangindi? 5M\u00f3s 32.4; Jes 1.2; Job 34.10<br \/>\n<b>2.6<\/b> Hvar er Drottinn? Jes 63.11; Job 35.10 \u2013 leiddi oss 5M\u00f3s 32.10-12<br \/>\n<b>2.7<\/b> Saurga\u00f0 land Jer 3.2,9; 23.15; Jes 24.5<br \/>\n<b>2.8<\/b> Hvar er Drottinn? 2Kon 2.14 \u2013 l\u00f6gvitringar L\u00fak 11.52 \u2013 lei\u00f0togar breg\u00f0ast M\u00edk 3.11 \u2013 svik presta og sp\u00e1manna Jer 6.13; 8.10 \u2013 \u00feeir sem g\u00e6ta laganna Jer 18.18; 3M\u00f3s 10.11; 4M\u00f3s 27.21; 5M\u00f3s 31.9-13; 33.10; Esk 7.26; H\u00f3s 4.6; Mal 2.7; S\u00edr 45.17; sbr 1Sam 14.37-43 \u2013 hir\u00f0arnir sviku mig Jer 21.1-23.8 \u2013 svik sp\u00e1manna Jer 5.13,31; 14.13-15; 23.9-40; 27.9,14-18; 28; 29.8-9,15 \u2013 f\u00e1n\u00fdt go\u00f0 Jer 2.11; 16.19; 1Sam 12.21; Jes 44.9<br \/>\n<b>2.10<\/b> Kittar 4M\u00f3s 24.24 \u2013 Kedar Jer 49.28; Jes 21.16+<br \/>\n<b>2.11<\/b> Eru engir gu\u00f0ir Jer 5.7; 16.20; Jes 41.23; 42.17; SSal 15.16-17 \u2013 Drottinn, vegsemd \u00fej\u00f3\u00f0ar sinnar 2Kor 3.18; K\u00f3l 1.11; 1P\u00e9t 4.14 \u2013 l\u00e1ti\u00f0 vegsemd s\u00edna fyrir &#8230; Slm 106.20<br \/>\n<b>2.13<\/b> Tvennt illt H\u00f3s 10.10 \u2013 yfirgefi\u00f0 mig Jer 1.16; 2.17,19; 5.7,19; 16.11; 17.13; Bar 3.12 \u2013 lifandi vatn J\u00f3h 4.10<br \/>\n<b>2.14<\/b> \u00der\u00e6lborin 1M\u00f3s 14.14; 17.12-13,23,27; 3M\u00f3s 22.11<br \/>\n<b>2.15<\/b> Lj\u00f3n grenju\u00f0u Jer 12.8; 51.38; sbr Jer 4.7+<br \/>\n<b>2.16<\/b> Menn fr\u00e1 N\u00f3f Jer 44.1; 46.14; Jes 19.13; Esk 30.13 \u2013 Takpanes Jer 43.7-9; 44.1; Esk 30.18<br \/>\n<b>2.18<\/b> Til Egyptalands og Ass\u00fdr\u00edu H\u00f3s 7.11; 12.2 \u2013 Hva\u00f0a \u00e1vinning? H\u00f3s 5.13; 8.9; 14.4; Jer 2.36; Jes 20.1-6; 30.1-5; 31.1-3; Esk 29.6<br \/>\n<b>2.19<\/b> Illska \u00fe\u00edn 4M\u00f3s 14.34; Slm 107.17; sbr Jer 14.16 \u2013 \u00f3ttast Drottin Job 28.28; Okv 1.7+<br \/>\n<b>2.20<\/b> Uppreisn fyrir l\u00f6ngu Jer 6.28; 8.5; 13.23; sbr Esk 20; 23; Post 7.51 \u2013 broti\u00f0 ok \u00feitt Jer 5.5; sbr Matt 11.30 \u2013 gr\u00e6n tr\u00e9 Jer 3.6,13; 17.2; 5M\u00f3s 12.2; 1Kon 14.23; 2Kon 16.4; 17.10; Jes 57.5; Esk 6.13<br \/>\n<b>2.21<\/b> Gr\u00f3\u00f0ursetja Slm 80.9 \u2013 g\u00e6\u00f0av\u00ednvi\u00f0ur Jes 5.1+ &#8211; breyst 5M\u00f3s 32.32<br \/>\n<b>2.22<\/b> \u00devo me\u00f0 l\u00fat Job 9.30 \u2013 synd \u00fe\u00edn Jer 17.1<br \/>\n<b>2.23<\/b> Hvernig getur \u00fe\u00fa sagt? Jer 48.14 \u2013 \u00ed dalnum Jer 7.31-32; 19.6; 32.35; J\u00f3s 15.8; 2Kon 23.10<br \/>\n<b>2.25<\/b> Til einskis Jer 18.12 \u2013 la\u00f0ast a\u00f0 \u00feeim sem eru framandi Jer 3.13; Esk 16.15,32-33; 23.5-7; sbr 5M\u00f3s 32.16<br \/>\n<b>2.27<\/b> Tr\u00e9drumbur, steinn Jer 3.9; sbr SSal 13.17 \u2013 fa\u00f0ir minn 5M\u00f3s 32.6<br \/>\n<b>2.28<\/b> Vanm\u00e1ttugir gu\u00f0ir Jer 10.8,14; 5M\u00f3s 32.37-38; 1Kon 18.26-29 \u2013 \u00fe\u00fa hefur gert Jer 16.20; Jes 2.8; H\u00f3s 14.4 \u2013 jafnmargir og &#8230; Jer 11.13; H\u00f3s 8.11; sbr 5M\u00f3s 12.5<br \/>\n<b>2.30<\/b> L\u00e9tu s\u00e9r ekki segjast Jer 5.3 \u2013 sp\u00e1m\u00f6nnum tort\u00edmt Neh 9.26; Matt 23.35; 1\u00deess 2.15<br \/>\n<b>2.31<\/b> Sn\u00faum ekki aftur Jer 2.20; 5.23; 14.10<br \/>\n<b>2.32<\/b> Gleyma Gu\u00f0i Jer 2.17; 3.21; 6.19; 13.25; 18.15; 5M\u00f3s 8.19<br \/>\n<b>2.34<\/b> Bl\u00f3\u00f0 Hlj 4.14<br \/>\n<b>2.35<\/b> Rei\u00f0i Gu\u00f0s Jer 3.5<br \/>\n<b>2.36<\/b> Egyptaland og Ass\u00fdr\u00eda Jer 2.18+<\/div>\n","protected":false},"excerpt":{"rendered":"<p>1Or\u00f0 Drottins kom til m\u00edn:2Far og kunngj\u00f6r Jer\u00fasalem \u00feetta: Svo segir Drottinn: \u00c9g man eftir k\u00e6rleika \u00e6sku \u00feinnar, elsku festart\u00edma \u00fe\u00edns, hversu \u00fe\u00fa fylgdir m\u00e9r \u00ed ey\u00f0im\u00f6rkinni, \u00ed \u00f3frj\u00f3u landi.3\u00cdsrael var helga\u00f0ur Drottni, frumgr\u00f3\u00f0i uppskeru hans, allir \u00feeir, sem vildu eta hann, ur\u00f0u sekir, \u00f3g\u00e6fa kom yfir \u00fe\u00e1 segir Drottinn.4Heyri\u00f0 or\u00f0 Drottins, Jakobs h\u00fas og allar \u00fe\u00e9r \u00e6ttkv\u00edslir \u00cdsraels h\u00fass!5Svo segir Drottinn: Hver rangindi hafa fe\u00f0ur y\u00f0ar fundi\u00f0 hj\u00e1 m\u00e9r, a\u00f0 \u00feeir hurfu fr\u00e1 m\u00e9r og eltu f\u00e1n\u00fdt go\u00f0 og breyttu heimskulega,6og s\u00f6g\u00f0u ekki: Hvar er Drottinn, sem flutti oss burt af Egyptalandi, sem leiddi oss um ey\u00f0im\u00f6rkina, um hei\u00f0a- <a href=\"https:\/\/biblian.is\/1981\/jeremia-2-kafli\/\"> [&#8230;]<\/a><\/p>\n","protected":false},"author":1,"featured_media":0,"parent":0,"menu_order":0,"comment_status":"open","ping_status":"open","template":"bibliukaflar.php","meta":{"footnotes":""},"class_list":["post-2094","page","type-page","status-publish","hentry"],"_links":{"self":[{"href":"https:\/\/biblian.is\/1981\/wp-json\/wp\/v2\/pages\/2094","targetHints":{"allow":["GET"]}}],"collection":[{"href":"https:\/\/biblian.is\/1981\/wp-json\/wp\/v2\/pages"}],"about":[{"href":"https:\/\/biblian.is\/1981\/wp-json\/wp\/v2\/types\/page"}],"author":[{"embeddable":true,"href":"https:\/\/biblian.is\/1981\/wp-json\/wp\/v2\/users\/1"}],"replies":[{"embeddable":true,"href":"https:\/\/biblian.is\/1981\/wp-json\/wp\/v2\/comments?post=2094"}],"version-history":[{"count":0,"href":"https:\/\/biblian.is\/1981\/wp-json\/wp\/v2\/pages\/2094\/revisions"}],"wp:attachment":[{"href":"https:\/\/biblian.is\/1981\/wp-json\/wp\/v2\/media?parent=2094"}],"curies":[{"name":"wp","href":"https:\/\/api.w.org\/{rel}","templated":true}]}}