{"id":2091,"date":"2017-11-18T20:20:08","date_gmt":"2017-11-18T20:20:08","guid":{"rendered":"http:\/\/biblian.is\/1981\/jesaja-65-kafli\/"},"modified":"2017-11-18T20:20:08","modified_gmt":"2017-11-18T20:20:08","slug":"jesaja-65-kafli","status":"publish","type":"page","link":"https:\/\/biblian.is\/1981\/jesaja-65-kafli\/","title":{"rendered":"Jesaja 65. kafli"},"content":{"rendered":"<p><a name=\"1\"><span class=\"versanumer\">1<\/span><\/a>\u00c9g var f\u00fas a\u00f0 veita \u00feeim \u00e1heyrn, sem eigi spur\u00f0u eftir m\u00e9r, \u00e9g gaf \u00feeim kost \u00e1 a\u00f0 finna mig, sem eigi leitu\u00f0u m\u00edn. \u00c9g sag\u00f0i: H\u00e9r er \u00e9g, h\u00e9r er \u00e9g, vi\u00f0 \u00fe\u00e1 \u00fej\u00f3\u00f0, er eigi \u00e1kalla\u00f0i nafn mitt.<a name=\"2\"><span class=\"versanumer\">2<\/span><\/a>\u00c9g hefi r\u00e9tt \u00fat hendur m\u00ednar allan daginn \u00ed m\u00f3ti \u00ferj\u00f3skum l\u00fd\u00f0, \u00ed m\u00f3ti \u00feeim, sem ganga \u00e1 illum vegum, eftir eigin hug\u00fe\u00f3tta s\u00ednum,<a name=\"3\"><span class=\"versanumer\">3<\/span><\/a>\u00ed m\u00f3ti f\u00f3lki, sem reitir mig st\u00f6\u00f0uglega til rei\u00f0i upp \u00ed opin augun, sem f\u00f3rnar \u00ed lundunum og brennir reykelsi \u00e1 tigulsteinunum,<a name=\"4\"><span class=\"versanumer\">4<\/span><\/a>sem l\u00e6tur fyrirberast \u00ed gr\u00f6funum og er um n\u00e6tur \u00ed hellunum, etur sv\u00ednakj\u00f6t og hefir vi\u00f0bj\u00f3\u00f0slega s\u00fapu \u00ed \u00edl\u00e1tum s\u00ednum,<a name=\"5\"><span class=\"versanumer\">5<\/span><\/a>sem segir: Far \u00fe\u00fa burt, kom ekki n\u00e6rri m\u00e9r, \u00e9g er \u00fe\u00e9r heilagur! Sl\u00edkir menn eru reykur \u00ed n\u00f6sum m\u00e9r, eldur, sem brennur li\u00f0langan daginn.<a name=\"6\"><span class=\"versanumer\">6<\/span><\/a>Sj\u00e1, \u00fea\u00f0 stendur skrifa\u00f0 frammi fyrir m\u00e9r: \u00c9g mun ekki \u00feagna fyrr en \u00e9g hefi goldi\u00f0, j\u00e1, \u00e9g mun gjalda \u00feeim \u00ed skaut,<a name=\"7\"><span class=\"versanumer\">7<\/span><\/a>b\u00e6\u00f0i fyrir misgj\u00f6r\u00f0ir \u00feeirra og fyrir misgj\u00f6r\u00f0ir fe\u00f0ra \u00feeirra segir Drottinn. \u00deeir brenndu reykelsi \u00e1 fj\u00f6llunum og sm\u00e1nu\u00f0u mig \u00e1 h\u00e6\u00f0unum! \u00c9g vil m\u00e6la \u00feeim \u00ed skaut laun \u00feeirra.<a name=\"8\"><span class=\"versanumer\">8<\/span><\/a>Svo segir Drottinn: Eins og menn segja, \u00feegar l\u00f6gur finnst \u00ed v\u00ednberi: \u00d3n\u00fdt \u00fea\u00f0 eigi, \u00fev\u00ed a\u00f0 blessun er \u00ed \u00fev\u00ed! eins vil \u00e9g gj\u00f6ra fyrir sakir \u00fej\u00f3na minna, svo a\u00f0 \u00e9g tort\u00edmi \u00feeim ekki \u00f6llum.<a name=\"9\"><span class=\"versanumer\">9<\/span><\/a>\u00c9g vil l\u00e1ta afsprengi \u00e6xlast \u00fat af Jakob og \u00fat af J\u00fada erfingja a\u00f0 fj\u00f6llum m\u00ednum. M\u00ednir \u00fatv\u00f6ldu skulu erfa \u00feau og \u00fej\u00f3nar m\u00ednir b\u00faa \u00fear.<a name=\"10\"><span class=\"versanumer\">10<\/span><\/a>Saron skal ver\u00f0a a\u00f0 beitilandi fyrir hjar\u00f0ir og Akordalur a\u00f0 nautast\u00f6\u00f0li fyrir \u00fe\u00e1 af \u00fej\u00f3\u00f0 minni, sem leita m\u00edn.<a name=\"11\"><span class=\"versanumer\">11<\/span><\/a>En \u00fe\u00e9r, sem yfirgefi\u00f0 Drottin, sem gleymi\u00f0 m\u00ednu heilaga fjalli, sem setji\u00f0 bor\u00f0 fyrir heillad\u00edsina og helli\u00f0 \u00e1 kryddv\u00edni fyrir \u00f6rlaganornina,<a name=\"12\"><span class=\"versanumer\">12<\/span><\/a>y\u00f0ur \u00e6tla \u00e9g undir sver\u00f0i\u00f0, og allir skulu\u00f0 \u00fe\u00e9r leggjast ni\u00f0ur til sl\u00e1trunar, af \u00fev\u00ed a\u00f0 \u00fe\u00e9r gegndu\u00f0 ekki, \u00feegar \u00e9g kalla\u00f0i, og heyr\u00f0u\u00f0 ekki, \u00feegar \u00e9g tala\u00f0i, heldur a\u00f0h\u00f6f\u00f0ust \u00fea\u00f0, sem illt var \u00ed m\u00ednum augum, og h\u00f6f\u00f0u\u00f0 m\u00e6tur \u00e1 \u00fev\u00ed, sem m\u00e9r misl\u00edka\u00f0i.<a name=\"13\"><span class=\"versanumer\">13<\/span><\/a>Fyrir \u00fev\u00ed segir hinn alvaldi Drottinn svo: Sj\u00e1, \u00fej\u00f3nar m\u00ednir munu eta, en y\u00f0ur mun hungra, sj\u00e1, \u00fej\u00f3nar m\u00ednir munu drekka, en y\u00f0ur mun \u00feyrsta, sj\u00e1, \u00fej\u00f3nar m\u00ednir munu gle\u00f0jast, en \u00fe\u00e9r munu\u00f0 gl\u00fapna,<a name=\"14\"><span class=\"versanumer\">14<\/span><\/a>sj\u00e1, \u00fej\u00f3nar m\u00ednir munu fagna af hjartans gle\u00f0i, en \u00fe\u00e9r munu\u00f0 kveina af hjartasorg og \u00e6pa af hugarkv\u00f6l.<a name=\"15\"><span class=\"versanumer\">15<\/span><\/a>Og \u00fe\u00e9r munu\u00f0 leifa m\u00ednum \u00fatv\u00f6ldu nafn y\u00f0ar sem form\u00e6ling, en hinn alvaldi Drottinn mun dey\u00f0a y\u00f0ur. En s\u00edna \u00fej\u00f3na mun hann nefna \u00f6\u00f0ru nafni.<a name=\"16\"><span class=\"versanumer\">16<\/span><\/a>Hver s\u00e1 er \u00f3skar s\u00e9r blessunar \u00ed landinu, hann \u00f3ski s\u00e9r blessunar \u00ed nafni hins tr\u00fafasta Gu\u00f0s, og hver sem ei\u00f0 vinnur \u00ed landinu, hann vinni ei\u00f0 vi\u00f0 hinn tr\u00fafasta Gu\u00f0, af \u00fev\u00ed a\u00f0 hinar fyrri \u00ferautir eru \u00fe\u00e1 gleymdar og af \u00fev\u00ed a\u00f0 \u00fe\u00e6r eru huldar fyrir augum m\u00ednum.<a name=\"17\"><span class=\"versanumer\">17<\/span><\/a>Sj\u00e1, \u00e9g skapa n\u00fdjan himin og n\u00fdja j\u00f6r\u00f0, og hins fyrra skal ekki minnst ver\u00f0a, og \u00fea\u00f0 skal engum \u00ed hug koma.<a name=\"18\"><span class=\"versanumer\">18<\/span><\/a>Gle\u00f0jist og fagni\u00f0 \u00e6vinlega yfir \u00fev\u00ed, sem \u00e9g skapa, \u00fev\u00ed sj\u00e1, \u00e9g gj\u00f6ri Jer\u00fasalem a\u00f0 f\u00f6gnu\u00f0i og f\u00f3lki\u00f0 \u00ed henni a\u00f0 gle\u00f0i.<a name=\"19\"><span class=\"versanumer\">19<\/span><\/a>\u00c9g vil fagna yfir Jer\u00fasalem og gle\u00f0jast yfir f\u00f3lki m\u00ednu, og eigi skal framar heyrast \u00fear gr\u00e1thlj\u00f3\u00f0 e\u00f0a kveinstafir.<a name=\"20\"><span class=\"versanumer\">20<\/span><\/a>Eigi skal \u00fear framar vera nokkurt ungbarn, er a\u00f0eins lifi f\u00e1a daga, n\u00e9 nokkurt gamalmenni, sem ekki n\u00e1i fullum aldri, \u00fev\u00ed a\u00f0 s\u00e1 er \u00fear ungur ma\u00f0ur, sem deyr t\u00edr\u00e6\u00f0ur, og s\u00e1 sem ekki n\u00e6r t\u00edr\u00e6\u00f0isaldri skal \u00e1l\u00edtast einskis ver\u00f0ur.<a name=\"21\"><span class=\"versanumer\">21<\/span><\/a>\u00deeir munu reisa h\u00fas og b\u00faa \u00ed \u00feeim, og \u00feeir munu planta v\u00edngar\u00f0a og eta \u00e1v\u00f6xtu \u00feeirra.<a name=\"22\"><span class=\"versanumer\">22<\/span><\/a>Eigi munu \u00feeir reisa og a\u00f0rir \u00ed b\u00faa, eigi munu \u00feeir planta og a\u00f0rir eta, \u00fev\u00ed a\u00f0 aldur f\u00f3lks m\u00edns mun vera sem aldur trj\u00e1nna, og m\u00ednir \u00fatv\u00f6ldu skulu sj\u00e1lfir nj\u00f3ta handaverka sinna.<a name=\"23\"><span class=\"versanumer\">23<\/span><\/a>Eigi munu \u00feeir erfi\u00f0a til \u00f3n\u00fdtis og eigi b\u00f6rn geta til skamml\u00edfis, \u00fev\u00ed a\u00f0 \u00feeir eru kynsl\u00f3\u00f0 manna, er Drottinn hefir blessa\u00f0, og ni\u00f0jar \u00feeirra ver\u00f0a hj\u00e1 \u00feeim.<a name=\"24\"><span class=\"versanumer\">24<\/span><\/a>\u00c1\u00f0ur en \u00feeir kalla, mun \u00e9g svara, og \u00e1\u00f0ur en \u00feeir hafa or\u00f0inu sleppt, mun \u00e9g b\u00e6nheyra.<a name=\"25\"><span class=\"versanumer\">25<\/span><\/a>\u00dalfur og lamb munu vera saman \u00e1 beit, og lj\u00f3ni\u00f0 mun hey eta sem naut, en moldin skal vera f\u00e6\u00f0a h\u00f6ggormsins. Hvergi \u00e1 m\u00ednu heilaga fjalli munu menn illt fremja e\u00f0a ska\u00f0a gj\u00f6ra segir Drottinn.<\/p>\n<div class=\"footnote1981\"><b>65.1-2<\/b> Sj\u00e1 R\u00f3m 10.20-21<br \/>\n<b>65.2<\/b> Ekki g\u00f3\u00f0ur vegur Jes 55.7; Slm 36.5<br \/>\n<b>65.3<\/b> Reitir mig til rei\u00f0i 5M\u00f3s 32.21; H\u00f3s 12.15 \u2013 \u00ed g\u00f6r\u00f0um Jes 1.29+ &#8211; brenna reykelsi Jer 19.13; 32.29<br \/>\n<b>65.4<\/b> \u00cd gr\u00f6fum sbr Jes 8.19; 3M\u00f3s 19.31; 5M\u00f3s 18.11; Mrk 5.2-3 \u2013 eta sv\u00ednakj\u00f6t Jes 66.3-17; 3M\u00f3s 11.7; 5M\u00f3s 14.8; sbr 1Makk 1.47; 2Makk 6.18-20; 7.1-2<br \/>\n<b>65.5<\/b> \u00c9g helga \u00feig Jes 66.17; sbr Esk 44.19; 46.20<br \/>\n<b>65.6<\/b> \u00deagna Jes 42.14+<br \/>\n<b>65.7<\/b> Sekt \u00feeirra og fe\u00f0ra \u00feeirra 3M\u00f3s 26.39-40; Jer 3.25 \u2013 \u00e1 fj\u00f6llum Jer 2.20; 3.2,6; Esk 6.13; 20.28; H\u00f3s 4.13+ ; 5M\u00f3s 12.2<br \/>\n<b>65.8<\/b> Ey\u00f0ilegg\u00f0u \u00fea\u00f0 ekki sbr Slm 57.1<br \/>\n<b>65.9<\/b> Erfingja Jes 57.13; 60.21<br \/>\n<b>65.10<\/b> Saron Jes 33.9+ &#8211; Akordalur J\u00f3s 7.24-26; 15.7; H\u00f3s 2.17<br \/>\n<b>65.12<\/b> Kalla\u00f0 \u00e1n svars Jes 50.2+ ; sbr Jes 65.24; 66.4<br \/>\n<b>65.13<\/b> Hungra, \u00feyrsta 5M\u00f3s 28.47-48<br \/>\n<b>65.15<\/b> Form\u00e6ling 4M\u00f3s 5.21; Jer 29.22<br \/>\n<b>65.16<\/b> Blessun 1M\u00f3s 22.18; sbr 1M\u00f3s 12.3 \u2013 hinn tr\u00fafasti Gu\u00f0 sbr Slm 31.6; Opb 3.14<br \/>\n<b>65.17<\/b> N\u00fdjan himin, n\u00fdja j\u00f6r\u00f0 Jes 66.22; 2P\u00e9t 3.13; Opb 21.1; sbr Jes 51.6 \u2013 ekki minnst sbr Jes 43.18-19; 2Kor 5.17<br \/>\n<b>65.19<\/b> Gle\u00f0jast Jes 62.5 \u2013 kvein Opb 21.4<br \/>\n<b>65.21-22<\/b> Nj\u00f3ta erfi\u00f0is s\u00edns Jes 62.8-9; Jer 29.5; 31.5; Am 9.14; sbr 3M\u00f3s 26.16; 5M\u00f3s 28.30-33,38-44; Am 5.11; M\u00edk 6.14-15; Sef 1.13<br \/>\n<b>65.23<\/b> Ni\u00f0jar Jes 44.3+<br \/>\n<b>65.25<\/b> \u00dalfur og lamb saman Jes 11.6-9 \u2013 moldin f\u00e6\u00f0a 1M\u00f3s 3.14<\/div>\n","protected":false},"excerpt":{"rendered":"<p>1\u00c9g var f\u00fas a\u00f0 veita \u00feeim \u00e1heyrn, sem eigi spur\u00f0u eftir m\u00e9r, \u00e9g gaf \u00feeim kost \u00e1 a\u00f0 finna mig, sem eigi leitu\u00f0u m\u00edn. \u00c9g sag\u00f0i: H\u00e9r er \u00e9g, h\u00e9r er \u00e9g, vi\u00f0 \u00fe\u00e1 \u00fej\u00f3\u00f0, er eigi \u00e1kalla\u00f0i nafn mitt.2\u00c9g hefi r\u00e9tt \u00fat hendur m\u00ednar allan daginn \u00ed m\u00f3ti \u00ferj\u00f3skum l\u00fd\u00f0, \u00ed m\u00f3ti \u00feeim, sem ganga \u00e1 illum vegum, eftir eigin hug\u00fe\u00f3tta s\u00ednum,3\u00ed m\u00f3ti f\u00f3lki, sem reitir mig st\u00f6\u00f0uglega til rei\u00f0i upp \u00ed opin augun, sem f\u00f3rnar \u00ed lundunum og brennir reykelsi \u00e1 tigulsteinunum,4sem l\u00e6tur fyrirberast \u00ed gr\u00f6funum og er um n\u00e6tur \u00ed hellunum, etur sv\u00ednakj\u00f6t og hefir vi\u00f0bj\u00f3\u00f0slega s\u00fapu <a href=\"https:\/\/biblian.is\/1981\/jesaja-65-kafli\/\"> [&#8230;]<\/a><\/p>\n","protected":false},"author":1,"featured_media":0,"parent":0,"menu_order":0,"comment_status":"open","ping_status":"open","template":"bibliukaflar.php","meta":{"footnotes":""},"class_list":["post-2091","page","type-page","status-publish","hentry"],"_links":{"self":[{"href":"https:\/\/biblian.is\/1981\/wp-json\/wp\/v2\/pages\/2091","targetHints":{"allow":["GET"]}}],"collection":[{"href":"https:\/\/biblian.is\/1981\/wp-json\/wp\/v2\/pages"}],"about":[{"href":"https:\/\/biblian.is\/1981\/wp-json\/wp\/v2\/types\/page"}],"author":[{"embeddable":true,"href":"https:\/\/biblian.is\/1981\/wp-json\/wp\/v2\/users\/1"}],"replies":[{"embeddable":true,"href":"https:\/\/biblian.is\/1981\/wp-json\/wp\/v2\/comments?post=2091"}],"version-history":[{"count":0,"href":"https:\/\/biblian.is\/1981\/wp-json\/wp\/v2\/pages\/2091\/revisions"}],"wp:attachment":[{"href":"https:\/\/biblian.is\/1981\/wp-json\/wp\/v2\/media?parent=2091"}],"curies":[{"name":"wp","href":"https:\/\/api.w.org\/{rel}","templated":true}]}}