{"id":2078,"date":"2017-11-18T20:20:02","date_gmt":"2017-11-18T20:20:02","guid":{"rendered":"http:\/\/biblian.is\/1981\/jesaja-52-kafli\/"},"modified":"2017-11-18T20:20:02","modified_gmt":"2017-11-18T20:20:02","slug":"jesaja-52-kafli","status":"publish","type":"page","link":"https:\/\/biblian.is\/1981\/jesaja-52-kafli\/","title":{"rendered":"Jesaja 52. kafli"},"content":{"rendered":"<p><a name=\"1\"><span class=\"versanumer\">1<\/span><\/a>Vakna \u00fe\u00fa, vakna \u00fe\u00fa, \u00edkl\u00e6\u00f0 \u00feig styrk \u00fe\u00ednum, S\u00edon! Kl\u00e6\u00f0 \u00feig skartkl\u00e6\u00f0um \u00fe\u00ednum, Jer\u00fasalem, \u00fe\u00fa hin heilaga borg! \u00fev\u00ed a\u00f0 enginn \u00f3umskorinn e\u00f0a \u00f3hreinn skal framar inn \u00ed \u00feig ganga.<a name=\"2\"><span class=\"versanumer\">2<\/span><\/a>Hrist af \u00fe\u00e9r ryki\u00f0, r\u00eds upp og sest \u00ed s\u00e6ti \u00feitt, Jer\u00fasalem! Losa \u00fe\u00fa af \u00fe\u00e9r h\u00e1lsfj\u00f6tra \u00fe\u00edna, \u00fe\u00fa hin hertekna, d\u00f3ttirin S\u00edon!<a name=\"3\"><span class=\"versanumer\">3<\/span><\/a>Svo segir Drottinn: \u00de\u00e9r voru\u00f0 seldir fyrir ekkert, \u00fe\u00e9r skulu\u00f0 og \u00e1n silfurs leystir ver\u00f0a.<a name=\"4\"><span class=\"versanumer\">4<\/span><\/a>Svo segir hinn alvaldi Drottinn: Til Egyptalands f\u00f3r l\u00fd\u00f0ur minn for\u00f0um til \u00feess a\u00f0 dveljast \u00fear um hr\u00ed\u00f0, og Ass\u00fdringar k\u00fagu\u00f0u hann heimildarlaust.<a name=\"5\"><span class=\"versanumer\">5<\/span><\/a>Og n\u00fa, hva\u00f0 hefi \u00e9g h\u00e9r a\u00f0 gj\u00f6ra segir Drottinn \u00fear sem l\u00fd\u00f0ur minn hefir veri\u00f0 burt numinn fyrir ekkert? Yfirdrottnarar hans dramba segir Drottinn og st\u00f6\u00f0ugt er nafn mitt sm\u00e1\u00f0 li\u00f0langan daginn.<a name=\"6\"><span class=\"versanumer\">6<\/span><\/a>Fyrir \u00fev\u00ed skal l\u00fd\u00f0ur minn f\u00e1 a\u00f0 \u00feekkja nafn mitt, f\u00e1 a\u00f0 reyna \u00fea\u00f0 \u00e1 \u00feeim degi, a\u00f0 \u00fea\u00f0 er \u00e9g, sem segi: Sj\u00e1, h\u00e9r er \u00e9g!<a name=\"7\"><span class=\"versanumer\">7<\/span><\/a>Hversu yndislegir eru \u00e1 fj\u00f6llunum f\u00e6tur fagna\u00f0arbo\u00f0ans, sem fri\u00f0inn kunngj\u00f6rir, gle\u00f0it\u00ed\u00f0indin flytur, hj\u00e1lpr\u00e6\u00f0i\u00f0 bo\u00f0ar og segir vi\u00f0 S\u00edon: Gu\u00f0 \u00feinn er setstur a\u00f0 v\u00f6ldum!<a name=\"8\"><span class=\"versanumer\">8<\/span><\/a>Var\u00f0menn \u00fe\u00ednir hefja upp raustina allir \u00ed einu, \u00feeir \u00e6pa fagna\u00f0ar\u00f3p, \u00fev\u00ed a\u00f0 me\u00f0 eigin augum sj\u00e1 \u00feeir Drottin hverfa aftur til S\u00edonar.<a name=\"9\"><span class=\"versanumer\">9<\/span><\/a>Hefji\u00f0 gle\u00f0is\u00f6ng, \u00e6pi\u00f0 fagna\u00f0ar\u00f3p allar \u00ed einu, \u00fe\u00e9r ey\u00f0ir\u00fastir Jer\u00fasalem, \u00fev\u00ed a\u00f0 Drottinn huggar l\u00fd\u00f0 sinn, leysir Jer\u00fasalem.<a name=\"10\"><span class=\"versanumer\">10<\/span><\/a>Drottinn hefir beran gj\u00f6rt heilagan armlegg sinn \u00ed augs\u00fdn allra \u00fej\u00f3\u00f0a, og \u00f6ll endim\u00f6rk jar\u00f0arinnar skulu sj\u00e1 hj\u00e1lpr\u00e6\u00f0i Gu\u00f0s vors.<a name=\"11\"><span class=\"versanumer\">11<\/span><\/a>Fari\u00f0 burt, fari\u00f0 burt, gangi\u00f0 \u00fat \u00fea\u00f0an! Snerti\u00f0 ekkert \u00f3hreint! Gangi\u00f0 burt \u00fea\u00f0an, hreinsi\u00f0 y\u00f0ur, \u00fe\u00e9r sem beri\u00f0 ker Drottins!<a name=\"12\"><span class=\"versanumer\">12<\/span><\/a>\u00dev\u00ed a\u00f0 eigi skulu\u00f0 \u00fe\u00e9r \u00ed fl\u00fdti brott ganga n\u00e9 fara me\u00f0 skyndingu, \u00fev\u00ed a\u00f0 Drottinn fer fyrir y\u00f0ur \u00ed fararbroddi og Gu\u00f0 \u00cdsraels gengur aftastur \u00ed flokki y\u00f0ar.<a name=\"13\"><span class=\"versanumer\">13<\/span><\/a>Sj\u00e1, \u00fej\u00f3nn minn mun giftusamur ver\u00f0a, hann mun ver\u00f0a mikill og veglegur og mj\u00f6g h\u00e1tt upp hafinn.<a name=\"14\"><span class=\"versanumer\">14<\/span><\/a>Eins og margir ur\u00f0u agndofa af skelfingu yfir honum svo afskr\u00e6md var \u00e1s\u00fdnd hans framar en nokkurs manns og mynd hans framar en nokkurs af mannanna sonum<a name=\"15\"><span class=\"versanumer\">15<\/span><\/a>eins mun hann vekja undrun margra \u00fej\u00f3\u00f0a, og konungar munu afturlykja munni s\u00ednum fyrir honum. \u00dev\u00ed a\u00f0 \u00feeir munu sj\u00e1 \u00fea\u00f0, sem \u00feeim hefir aldrei veri\u00f0 fr\u00e1 sagt, og ver\u00f0a \u00feess \u00e1skynja, er \u00feeir hafa aldrei heyrt.<\/p>\n<div class=\"footnote1981\"><b>52.1<\/b> Vakna \u00fe\u00fa Jes 51.9,17 \u2013 hin heilaga borg Jes 48.2 \u2013 enginn \u00f3umskorinn Esk 44.9<br \/>\n<b>52.2<\/b> Ryki\u00f0 sbr Jes 47.1- hin hernumda Jes 49.25; sbr Jer 48.46<br \/>\n<b>52.3<\/b> \u00c1n endurgjalds Jes 45.13+ ; sbr 1P\u00e9t 1.18<br \/>\n<b>52.4<\/b> Til Egyptalands 1M\u00f3s 46-47 \u2013 Ass\u00fdringar k\u00fagu\u00f0u Jes 10.24<br \/>\n<b>52.5<\/b> Stj\u00f3rnendur kveina Jes 49.7 \u2013 nafn mitt sm\u00e1\u00f0 Esk 36.20-22; R\u00f3m 2.24<br \/>\n<b>52.6<\/b> J\u00e1ta Jes 49.23+ &#8211; nafn mitt Esk 39.7 \u2013 \u00fea\u00f0 er \u00e9g Jes 41.4+ &#8211; sj\u00e1, h\u00e9r er \u00e9g Jes 40.9-10; 58.9<br \/>\n<b>52.7<\/b> Fagna\u00f0arbo\u00f0ans Jes 40.9+ ; Nah 2.1; R\u00f3m 10.15; Opb 14.6 \u2013 sestur a\u00f0 v\u00f6ldum Slm 93.1+<br \/>\n<b>52.8<\/b> Var\u00f0menn Jes 56.10; Jer 6.17; Esk 3.17; Hab 2.1 \u2013 Drottinn hverfur til S\u00edonar Esk 43.4<br \/>\n<b>52.9<\/b> Drottinn huggar Jes 40.1+ &#8211; leysir Jer\u00fasalem Jes 41.14+<br \/>\n<b>52.10<\/b> \u00cd augs\u00fdn allra \u00fej\u00f3\u00f0a sbr Jes 40.5 \u2013 armleggur Drottins Jes 40.10+ &#8211; endim\u00f6rk jar\u00f0arinnar Jes 45.22+ ; Slm 98.1-4<br \/>\n<b>52.11<\/b> Haldi\u00f0 af sta\u00f0 Jes 48.20+ ; 2Kor 6.17; Opb 18.4<br \/>\n<b>52.12<\/b> \u00cd fl\u00fdti 2M\u00f3s 12.11,33-34; 5M\u00f3s 16.3 \u2013 fer fyrir Jes 45.2+ &#8211; \u00e1 eftir 2M\u00f3s 14.19; Jes 58.8<br \/>\n<b>52.13<\/b> \u00dej\u00f3nn minn Jes 42.1+ ; sbr Jer 23.5 \u2013 veglegur, upp hafinn Jes 57.15; J\u00f3h 12.32; Post 3.13; Fil 2.9<br \/>\n<b>52.14<\/b> Hryllti vi\u00f0 honum Jes 49.7<br \/>\n<b>52.15<\/b> Sj\u00e1 R\u00f3m 15.21 \u2013 undrun \u00fej\u00f3\u00f0a M\u00edk 7.16 \u2013 konungar Jes 49.7 \u2013 sj\u00e1, ver\u00f0a \u00e1skynja Jes 64.3<\/div>\n","protected":false},"excerpt":{"rendered":"<p>1Vakna \u00fe\u00fa, vakna \u00fe\u00fa, \u00edkl\u00e6\u00f0 \u00feig styrk \u00fe\u00ednum, S\u00edon! Kl\u00e6\u00f0 \u00feig skartkl\u00e6\u00f0um \u00fe\u00ednum, Jer\u00fasalem, \u00fe\u00fa hin heilaga borg! \u00fev\u00ed a\u00f0 enginn \u00f3umskorinn e\u00f0a \u00f3hreinn skal framar inn \u00ed \u00feig ganga.2Hrist af \u00fe\u00e9r ryki\u00f0, r\u00eds upp og sest \u00ed s\u00e6ti \u00feitt, Jer\u00fasalem! Losa \u00fe\u00fa af \u00fe\u00e9r h\u00e1lsfj\u00f6tra \u00fe\u00edna, \u00fe\u00fa hin hertekna, d\u00f3ttirin S\u00edon!3Svo segir Drottinn: \u00de\u00e9r voru\u00f0 seldir fyrir ekkert, \u00fe\u00e9r skulu\u00f0 og \u00e1n silfurs leystir ver\u00f0a.4Svo segir hinn alvaldi Drottinn: Til Egyptalands f\u00f3r l\u00fd\u00f0ur minn for\u00f0um til \u00feess a\u00f0 dveljast \u00fear um hr\u00ed\u00f0, og Ass\u00fdringar k\u00fagu\u00f0u hann heimildarlaust.5Og n\u00fa, hva\u00f0 hefi \u00e9g h\u00e9r a\u00f0 gj\u00f6ra segir Drottinn \u00fear sem l\u00fd\u00f0ur <a href=\"https:\/\/biblian.is\/1981\/jesaja-52-kafli\/\"> [&#8230;]<\/a><\/p>\n","protected":false},"author":1,"featured_media":0,"parent":0,"menu_order":0,"comment_status":"open","ping_status":"open","template":"bibliukaflar.php","meta":{"footnotes":""},"class_list":["post-2078","page","type-page","status-publish","hentry"],"_links":{"self":[{"href":"https:\/\/biblian.is\/1981\/wp-json\/wp\/v2\/pages\/2078","targetHints":{"allow":["GET"]}}],"collection":[{"href":"https:\/\/biblian.is\/1981\/wp-json\/wp\/v2\/pages"}],"about":[{"href":"https:\/\/biblian.is\/1981\/wp-json\/wp\/v2\/types\/page"}],"author":[{"embeddable":true,"href":"https:\/\/biblian.is\/1981\/wp-json\/wp\/v2\/users\/1"}],"replies":[{"embeddable":true,"href":"https:\/\/biblian.is\/1981\/wp-json\/wp\/v2\/comments?post=2078"}],"version-history":[{"count":0,"href":"https:\/\/biblian.is\/1981\/wp-json\/wp\/v2\/pages\/2078\/revisions"}],"wp:attachment":[{"href":"https:\/\/biblian.is\/1981\/wp-json\/wp\/v2\/media?parent=2078"}],"curies":[{"name":"wp","href":"https:\/\/api.w.org\/{rel}","templated":true}]}}