{"id":2060,"date":"2017-11-18T20:19:56","date_gmt":"2017-11-18T20:19:56","guid":{"rendered":"http:\/\/biblian.is\/1981\/jesaja-34-kafli\/"},"modified":"2017-11-18T20:19:56","modified_gmt":"2017-11-18T20:19:56","slug":"jesaja-34-kafli","status":"publish","type":"page","link":"https:\/\/biblian.is\/1981\/jesaja-34-kafli\/","title":{"rendered":"Jesaja 34. kafli"},"content":{"rendered":"<p><a name=\"1\"><span class=\"versanumer\">1<\/span><\/a>Gangi\u00f0 n\u00e6r, \u00fe\u00e9r \u00fej\u00f3\u00f0ir, a\u00f0 \u00fe\u00e9r megi\u00f0 heyra! Hl\u00fd\u00f0i\u00f0 til, \u00fe\u00e9r l\u00fd\u00f0ir! Heyri \u00fea\u00f0 j\u00f6r\u00f0in og allt, sem \u00e1 henni er, jar\u00f0arkringlan og allt, sem \u00e1 henni vex!<a name=\"2\"><span class=\"versanumer\">2<\/span><\/a>Drottinn er rei\u00f0ur \u00f6llum \u00fej\u00f3\u00f0unum og gramur \u00f6llum \u00feeirra her. Hann hefir v\u00edgt \u00fe\u00e6r dau\u00f0anum og ofurselt \u00fe\u00e6r til sl\u00e1trunar.<a name=\"3\"><span class=\"versanumer\">3<\/span><\/a>Vegnum m\u00f6nnum \u00feeirra er burt kasta\u00f0, og hr\u00e6vadaunn st\u00edgur upp af l\u00edkum \u00feeirra, og fj\u00f6llin renna sundur af bl\u00f3\u00f0i \u00feeirra.<a name=\"4\"><span class=\"versanumer\">4<\/span><\/a>Allur himinsins her hja\u00f0nar, og himinninn vefst saman eins og b\u00f3kfell. Allur hans her hrynur ni\u00f0ur, eins og laufi\u00f0 fellur af v\u00ednvi\u00f0i og visin bl\u00f6\u00f0 af f\u00edkjutr\u00e9.<a name=\"5\"><span class=\"versanumer\">5<\/span><\/a>Sver\u00f0 mitt hefir drukki\u00f0 sig drukki\u00f0 \u00e1 himnum, n\u00fa l\u00fdstur \u00fev\u00ed ni\u00f0ur til d\u00f3ms yfir Ed\u00f3m, \u00fe\u00e1 \u00fej\u00f3\u00f0, sem \u00e9g hefi v\u00edgt dau\u00f0anum.<a name=\"6\"><span class=\"versanumer\">6<\/span><\/a>Sver\u00f0 Drottins er albl\u00f3\u00f0ugt, l\u00f6\u00f0randi af feiti, af bl\u00f3\u00f0i lamba og kjarnhafra, af n\u00fdrnam\u00f6r \u00far hr\u00fatum, \u00fev\u00ed a\u00f0 Drottinn heldur f\u00f3rnarveislu \u00ed Bosra og sl\u00e1trun mikla \u00ed Ed\u00f3mlandi.<a name=\"7\"><span class=\"versanumer\">7<\/span><\/a>Villinautin hn\u00edga me\u00f0 \u00feeim, og ungneytin me\u00f0 uxunum. Land \u00feeirra fl\u00fdtur \u00ed bl\u00f3\u00f0i, og jar\u00f0vegurinn er l\u00f6\u00f0randi af feiti.<a name=\"8\"><span class=\"versanumer\">8<\/span><\/a>\u00dev\u00ed a\u00f0 n\u00fa er hefndardagur Drottins, endurgjalds\u00e1ri\u00f0, til a\u00f0 reka r\u00e9ttar S\u00edonar.<a name=\"9\"><span class=\"versanumer\">9<\/span><\/a>L\u00e6kirnir skulu ver\u00f0a a\u00f0 biki og jar\u00f0vegurinn a\u00f0 brennisteini, landi\u00f0 skal ver\u00f0a a\u00f0 brennandi biki.<a name=\"10\"><span class=\"versanumer\">10<\/span><\/a>\u00dea\u00f0 skal eigi slokkna n\u00e6tur n\u00e9 daga, reykurinn af \u00fev\u00ed skal upp st\u00edga um aldur og \u00e6vi. \u00dea\u00f0 skal liggja \u00ed ey\u00f0i fr\u00e1 einni kynsl\u00f3\u00f0 til annarrar, enginn ma\u00f0ur skal \u00fear um fara a\u00f0 eil\u00edfu.<a name=\"11\"><span class=\"versanumer\">11<\/span><\/a>Pel\u00edkanar og stj\u00f6rnuhegrar skulu f\u00e1 \u00fea\u00f0 til eignar, n\u00e1ttuglur og hrafnar b\u00faa \u00fear. Hann mun draga yfir \u00fea\u00f0 m\u00e6liva\u00f0 au\u00f0narinnar og m\u00e6lil\u00f3\u00f0 aley\u00f0ingarinnar.<a name=\"12\"><span class=\"versanumer\">12<\/span><\/a>Tignarmenn landsins kve\u00f0ja \u00fear eigi til konungskosningar, og allir h\u00f6f\u00f0ingjarnir ver\u00f0a a\u00f0 engu.<a name=\"13\"><span class=\"versanumer\">13<\/span><\/a>\u00cd h\u00f6llunum munu \u00feyrnar upp vaxa og klungrar og \u00feistlar \u00ed v\u00edggirtum borgunum. \u00dea\u00f0 mun ver\u00f0a sjakalab\u00e6li og str\u00fatsfuglager\u00f0i.<a name=\"14\"><span class=\"versanumer\">14<\/span><\/a>Ur\u00f0arkettir og sjakalar skulu koma \u00fear saman og sk\u00f3gartr\u00f6ll m\u00e6la s\u00e9r \u00fear m\u00f3t. N\u00e6turgr\u00fdlan ein skal hv\u00edlast \u00fear og finna s\u00e9r \u00fear h\u00e6li.<a name=\"15\"><span class=\"versanumer\">15<\/span><\/a>St\u00f6kkormurinn skal b\u00faa s\u00e9r \u00fear hrei\u00f0ur og klekja \u00fear \u00fat, verpa \u00fear eggjum og unga \u00feeim \u00fat \u00ed skugganum. Gle\u00f0ur einar skulu flykkjast \u00fear hver til annarrar.<a name=\"16\"><span class=\"versanumer\">16<\/span><\/a>Leiti\u00f0 \u00ed b\u00f3k Drottins og lesi\u00f0: Ekkert af \u00feessum d\u00fdrum vantar, ekkert \u00feeirra saknar annars. \u00dev\u00ed a\u00f0 munnur Drottins hefir svo um bo\u00f0i\u00f0, og \u00fea\u00f0 er andi hans, sem hefir stefnt \u00feeim saman.<a name=\"17\"><span class=\"versanumer\">17<\/span><\/a>Hann hefir sj\u00e1lfur kasta\u00f0 hlutum fyrir \u00feau, og h\u00f6nd hans hefir skipt landinu milli \u00feeirra me\u00f0 m\u00e6liva\u00f0. \u00deau munu eiga \u00fea\u00f0 um aldur og \u00e6vi og b\u00faa \u00fear fr\u00e1 einni kynsl\u00f3\u00f0 til annarrar.<\/p>\n<div class=\"footnote1981\"><b>34.1<\/b> \u00dej\u00f3\u00f0irnar kalla\u00f0ar saman Jes 41.1; 49.1; Am 3.9; M\u00edk 1.2<br \/>\n<b>34.2<\/b> Drottinn rei\u00f0ur \u00fej\u00f3\u00f0um Jes 30.27-28<br \/>\n<b>34.3<\/b> L\u00edkum burt kasta\u00f0 Jes 5.25; 14.19-20<br \/>\n<b>34.4<\/b> Himinsins her Jes 24.21 \u2013 vefst saman Jes 24.23 \u2013 himininn eins og b\u00f3kfell Opb 6.12-14<br \/>\n<b>34.5<\/b> Sver\u00f0 Drottins Jes 27.1; 66.16; Jer 12.12; 46.10; Esk 21.14-22 \u2013 gegn Ed\u00f3m Jes 63.1-6; Jl 4.19; Slm 137.7; Hlj 4.21-22<br \/>\n<b>34.6<\/b> Bosra Jes 63.1; Jer 49.13,22; Am 1.12 \u2013 sl\u00e1trunin mikla Jer 46.10; Esk 37.17-20; Sef 1.7<br \/>\n<b>34.8<\/b> Endurgjalds\u00e1ri\u00f0 Jes 35.4; 59.18; 61.2; 63.4; 66.6; Jer 50.28; 51.6,11<br \/>\n<b>34.11<\/b> B\u00fasta\u00f0ur villid\u00fdra Jes 13.21+ &#8211; m\u00e6liva\u00f0ur, l\u00f3\u00f0 Jes 28.17; 2Kon 21.13 \u2013 au\u00f0n 1M\u00f3s 1.2<br \/>\n<b>34.13<\/b> \u00deyrnar sbr Jes 5.6+<br \/>\n<b>34.14<\/b> \u00d3v\u00e6ttir Jes 13.21+<br \/>\n<b>34.16<\/b> B\u00f3k Drottins Jes 29.18; Opb 20.12+<\/div>\n","protected":false},"excerpt":{"rendered":"<p>1Gangi\u00f0 n\u00e6r, \u00fe\u00e9r \u00fej\u00f3\u00f0ir, a\u00f0 \u00fe\u00e9r megi\u00f0 heyra! Hl\u00fd\u00f0i\u00f0 til, \u00fe\u00e9r l\u00fd\u00f0ir! Heyri \u00fea\u00f0 j\u00f6r\u00f0in og allt, sem \u00e1 henni er, jar\u00f0arkringlan og allt, sem \u00e1 henni vex!2Drottinn er rei\u00f0ur \u00f6llum \u00fej\u00f3\u00f0unum og gramur \u00f6llum \u00feeirra her. Hann hefir v\u00edgt \u00fe\u00e6r dau\u00f0anum og ofurselt \u00fe\u00e6r til sl\u00e1trunar.3Vegnum m\u00f6nnum \u00feeirra er burt kasta\u00f0, og hr\u00e6vadaunn st\u00edgur upp af l\u00edkum \u00feeirra, og fj\u00f6llin renna sundur af bl\u00f3\u00f0i \u00feeirra.4Allur himinsins her hja\u00f0nar, og himinninn vefst saman eins og b\u00f3kfell. Allur hans her hrynur ni\u00f0ur, eins og laufi\u00f0 fellur af v\u00ednvi\u00f0i og visin bl\u00f6\u00f0 af f\u00edkjutr\u00e9.5Sver\u00f0 mitt hefir drukki\u00f0 sig drukki\u00f0 \u00e1 himnum, n\u00fa <a href=\"https:\/\/biblian.is\/1981\/jesaja-34-kafli\/\"> [&#8230;]<\/a><\/p>\n","protected":false},"author":1,"featured_media":0,"parent":0,"menu_order":0,"comment_status":"open","ping_status":"open","template":"bibliukaflar.php","meta":{"footnotes":""},"class_list":["post-2060","page","type-page","status-publish","hentry"],"_links":{"self":[{"href":"https:\/\/biblian.is\/1981\/wp-json\/wp\/v2\/pages\/2060","targetHints":{"allow":["GET"]}}],"collection":[{"href":"https:\/\/biblian.is\/1981\/wp-json\/wp\/v2\/pages"}],"about":[{"href":"https:\/\/biblian.is\/1981\/wp-json\/wp\/v2\/types\/page"}],"author":[{"embeddable":true,"href":"https:\/\/biblian.is\/1981\/wp-json\/wp\/v2\/users\/1"}],"replies":[{"embeddable":true,"href":"https:\/\/biblian.is\/1981\/wp-json\/wp\/v2\/comments?post=2060"}],"version-history":[{"count":0,"href":"https:\/\/biblian.is\/1981\/wp-json\/wp\/v2\/pages\/2060\/revisions"}],"wp:attachment":[{"href":"https:\/\/biblian.is\/1981\/wp-json\/wp\/v2\/media?parent=2060"}],"curies":[{"name":"wp","href":"https:\/\/api.w.org\/{rel}","templated":true}]}}