{"id":2056,"date":"2017-11-18T20:19:56","date_gmt":"2017-11-18T20:19:56","guid":{"rendered":"http:\/\/biblian.is\/1981\/jesaja-30-kafli\/"},"modified":"2017-11-18T20:19:56","modified_gmt":"2017-11-18T20:19:56","slug":"jesaja-30-kafli","status":"publish","type":"page","link":"https:\/\/biblian.is\/1981\/jesaja-30-kafli\/","title":{"rendered":"Jesaja 30. kafli"},"content":{"rendered":"<p><a name=\"1\"><span class=\"versanumer\">1<\/span><\/a>Vei hinum \u00fever\u00fa\u00f0ugu b\u00f6rnum segir Drottinn. \u00deau taka saman r\u00e1\u00f0, er eigi koma fr\u00e1 m\u00e9r, og gj\u00f6ra bandalag, \u00e1n \u00feess a\u00f0 minn andi s\u00e9 me\u00f0 \u00ed verki, til a\u00f0 hla\u00f0a synd \u00e1 synd ofan.<a name=\"2\"><span class=\"versanumer\">2<\/span><\/a>\u00deau gj\u00f6ra s\u00e9r fer\u00f0 su\u00f0ur til Egyptalands \u00e1n \u00feess a\u00f0 leita minna atkv\u00e6\u00f0a, til a\u00f0 leita s\u00e9r h\u00e6lis hj\u00e1 Fara\u00f3 og f\u00e1 s\u00e9r skj\u00f3l \u00ed skugga Egyptalands.<a name=\"3\"><span class=\"versanumer\">3<\/span><\/a>En h\u00e6li\u00f0 hj\u00e1 Fara\u00f3 skal ver\u00f0a y\u00f0ur til skammar og skj\u00f3li\u00f0 \u00ed skugga Egyptalands til sm\u00e1nar!<a name=\"4\"><span class=\"versanumer\">4<\/span><\/a>L\u00e1tum h\u00f6f\u00f0ingja l\u00fd\u00f0sins vera \u00ed S\u00f3an og sendimenn hans komast alla lei\u00f0 til Hanes!<a name=\"5\"><span class=\"versanumer\">5<\/span><\/a>\u00deeir munu allir skammast s\u00edn fyrir \u00fe\u00e1 \u00fej\u00f3\u00f0, sem eigi hj\u00e1lpar \u00feeim, er a\u00f0 engu li\u00f0i ver\u00f0ur og til engrar hj\u00e1lpar, heldur eing\u00f6ngu til skammar og h\u00e1\u00f0ungar.<a name=\"6\"><span class=\"versanumer\">6<\/span><\/a>Sp\u00e1d\u00f3mur um d\u00fdr Su\u00f0urlandsins. Um torf\u00e6ruland og angistar, \u00fear sem lj\u00f3nynjur og lj\u00f3n, eiturormar og flugdrekar hafast vi\u00f0, flytja \u00feeir au\u00f0\u00e6fi s\u00edn \u00e1 asnab\u00f6kum og fj\u00e1rsj\u00f3\u00f0u s\u00edna \u00e1 \u00falfaldakryppum til \u00feeirrar \u00fej\u00f3\u00f0ar, sem eigi hj\u00e1lpar \u00feeim.<a name=\"7\"><span class=\"versanumer\">7<\/span><\/a>Li\u00f0veisla Egyptalands er f\u00e1n\u00fdt og einskis vir\u00f0i. Fyrir \u00fev\u00ed kalla \u00e9g \u00fea\u00f0: St\u00f3rgortarinn, er eigi hefst a\u00f0.<a name=\"8\"><span class=\"versanumer\">8<\/span><\/a>Far n\u00fa og rita \u00fea\u00f0 \u00e1 spjald hj\u00e1 \u00feeim og letra \u00fea\u00f0 \u00ed b\u00f3k, svo a\u00f0 \u00fea\u00f0 \u00e1 komandi t\u00edmum ver\u00f0i til vitnisbur\u00f0ar \u00e6vinlega.<a name=\"9\"><span class=\"versanumer\">9<\/span><\/a>\u00dev\u00ed a\u00f0 \u00feetta er \u00ferj\u00f3skur l\u00fd\u00f0ur, lygin b\u00f6rn, b\u00f6rn sem eigi vilja heyra kenningu Drottins.<a name=\"10\"><span class=\"versanumer\">10<\/span><\/a>\u00deau segja vi\u00f0 sj\u00e1endur: \u00de\u00e9r skulu\u00f0 eigi sj\u00e1 s\u00fdnir, og vi\u00f0 vitranamenn: \u00de\u00e9r skulu\u00f0 eigi birta oss sannleikann. Sl\u00e1i\u00f0 oss heldur gullhamra og birti\u00f0 oss blekkingar.<a name=\"11\"><span class=\"versanumer\">11<\/span><\/a>Fari\u00f0 \u00fat af veginum, beygi\u00f0 \u00fat af brautinni, komi\u00f0 Hinum heilaga \u00ed \u00cdsrael burt fr\u00e1 augliti voru.<a name=\"12\"><span class=\"versanumer\">12<\/span><\/a>Fyrir \u00fev\u00ed segir Hinn heilagi \u00ed \u00cdsrael svo: S\u00f6kum \u00feess a\u00f0 \u00fe\u00e9r hafni\u00f0 \u00feessu or\u00f0i, en rei\u00f0i\u00f0 y\u00f0ur \u00e1 ofr\u00edki og andh\u00e6lisskap og sty\u00f0jist vi\u00f0 \u00fea\u00f0,<a name=\"13\"><span class=\"versanumer\">13<\/span><\/a>fyrir \u00fev\u00ed skal \u00feessi misgj\u00f6r\u00f0 ver\u00f0a y\u00f0ur eins og veggjarkafli, sem bungar \u00fat \u00e1 h\u00e1um m\u00farvegg og kominn er a\u00f0 hruni. Skyndilega og a\u00f0 \u00f3v\u00f6rum hrynur hann.<a name=\"14\"><span class=\"versanumer\">14<\/span><\/a>Og hann brotnar sundur, eins og \u00feegar leirker er broti\u00f0, v\u00e6g\u00f0arlaust m\u00f6lva\u00f0, svo a\u00f0 af molunum f\u00e6st eigi svo miki\u00f0 sem leirbrot til a\u00f0 taka me\u00f0 eld af arni e\u00f0a til a\u00f0 ausa me\u00f0 vatni \u00far \u00fer\u00f3.<a name=\"15\"><span class=\"versanumer\">15<\/span><\/a>Svo hefir hinn alvaldi Drottinn, Hinn heilagi \u00ed \u00cdsrael, sagt: Fyrir afturhvarf og r\u00f3semi skulu\u00f0 \u00fe\u00e9r frelsa\u00f0ir ver\u00f0a, \u00ed \u00feolinm\u00e6\u00f0i og trausti skal styrkur y\u00f0ar vera. En \u00fe\u00e9r vildu\u00f0 \u00fea\u00f0 ekki<a name=\"16\"><span class=\"versanumer\">16<\/span><\/a>og s\u00f6g\u00f0u\u00f0: Nei, \u00e1 hestum skulum v\u00e9r \u00fej\u00f3ta fyrir \u00fev\u00ed skulu\u00f0 \u00fe\u00e9r fl\u00fdja! og \u00e1 l\u00e9ttum rei\u00f0skj\u00f3tum skulum v\u00e9r r\u00ed\u00f0a fyrir \u00fev\u00ed skulu \u00feeir vera l\u00e9ttir \u00e1 s\u00e9r, sem elta y\u00f0ur!<a name=\"17\"><span class=\"versanumer\">17<\/span><\/a>Eitt \u00fe\u00fasund skal fl\u00fdja fyrir \u00f3gnunum eins manns, fyrir \u00f3gnunum fimm manna skulu\u00f0 \u00fe\u00e9r fl\u00fdja, uns eftirleifar y\u00f0ar ver\u00f0a sem vitast\u00f6ng \u00e1 fjallstindi og sem hermerki \u00e1 h\u00f3l.<a name=\"18\"><span class=\"versanumer\">18<\/span><\/a>En Drottinn b\u00ed\u00f0ur \u00feess a\u00f0 geta miskunna\u00f0 y\u00f0ur og heldur kyrru fyrir, uns hann getur l\u00edkna\u00f0 y\u00f0ur. \u00dev\u00ed a\u00f0 Drottinn er Gu\u00f0 r\u00e9ttl\u00e6tis. S\u00e6lir eru allir \u00feeir, sem \u00e1 hann vona.<a name=\"19\"><span class=\"versanumer\">19<\/span><\/a>J\u00e1, \u00fe\u00fa l\u00fd\u00f0ur \u00ed S\u00edon, \u00fe\u00fa sem b\u00fdr \u00ed Jer\u00fasalem, gr\u00e1t \u00fe\u00fa eigi \u00e1n afl\u00e1ts. Hann mun vissulega miskunna \u00fe\u00e9r, \u00feegar \u00fe\u00fa kallar \u00ed ney\u00f0inni, hann mun b\u00e6nheyra \u00feig, \u00feegar hann heyrir til \u00fe\u00edn.<a name=\"20\"><span class=\"versanumer\">20<\/span><\/a>Drottinn mun gefa y\u00f0ur ney\u00f0arbrau\u00f0 og \u00ferengingarvatn. En hann, sem kennir \u00fe\u00e9r, mun \u00fe\u00e1 eigi framar fela sig, heldur munu augu \u00fe\u00edn l\u00edta hann,<a name=\"21\"><span class=\"versanumer\">21<\/span><\/a>og eyru \u00fe\u00edn munu heyra \u00feessi or\u00f0 k\u00f6llu\u00f0 \u00e1 eftir \u00fe\u00e9r, \u00fe\u00e1 er \u00fe\u00e9r v\u00edki\u00f0 til h\u00e6gri handar e\u00f0a vinstri: H\u00e9r er vegurinn! Fari\u00f0 hann!<a name=\"22\"><span class=\"versanumer\">22<\/span><\/a>\u00de\u00e1 munu\u00f0 \u00fe\u00e9r \u00f3hrein telja hin silfurl\u00f6g\u00f0u skur\u00f0go\u00f0 y\u00f0ar og hin gullb\u00fanu l\u00edkneski y\u00f0ar. \u00de\u00fa munt burt snara \u00feeim eins og einhverri vi\u00f0urstygg\u00f0, \u00fe\u00fa munt segja vi\u00f0 \u00feau: Burt h\u00e9\u00f0an.<a name=\"23\"><span class=\"versanumer\">23<\/span><\/a>&#8222;\u00de\u00e1 mun hann regn gefa s\u00e6\u00f0i \u00fev\u00ed, er \u00fe\u00fa s\u00e1ir \u00ed akurland \u00feitt, og brau\u00f0 af gr\u00f3\u00f0ri akurlandsins; kjarngott og kostmiki\u00f0 mun \u00fea\u00f0 vera; f\u00e9na\u00f0ur \u00feinn mun \u00e1 \u00feeim degi ganga \u00ed v\u00ed\u00f0lendum grashaga.&#8220;<a name=\"24\"><span class=\"versanumer\">24<\/span><\/a>Uxarnir og asnarnir, sem akurinn erja, skulu eta saltan f\u00f3\u00f0urblending, sem hreinsa\u00f0ur hefir veri\u00f0 me\u00f0 varpsk\u00f3flu og varpkv\u00edsl.<a name=\"25\"><span class=\"versanumer\">25<\/span><\/a>\u00c1 hverju h\u00e1u fjalli og \u00e1 hverri gn\u00e6fandi h\u00e6\u00f0 munu vatnsl\u00e6kir fram flj\u00f3ta \u00e1 hinum mikla mannfallsdegi, \u00feegar turnarnir hrynja.<a name=\"26\"><span class=\"versanumer\">26<\/span><\/a>\u00de\u00e1 mun tunglslj\u00f3si\u00f0 ver\u00f0a sem s\u00f3larlj\u00f3s, og s\u00f3larlj\u00f3si\u00f0 sj\u00f6faldast, eins og sj\u00f6 daga lj\u00f3s, \u00feann dag er Drottinn bindur um s\u00e1r \u00fej\u00f3\u00f0ar sinnar og gr\u00e6\u00f0ir hennar kr\u00f6mdu undir.<a name=\"27\"><span class=\"versanumer\">27<\/span><\/a>Sj\u00e1, nafn Drottins kemur \u00far fjarl\u00e6g\u00f0. Rei\u00f0i hans b\u00e1lar og \u00feykkan reykjarm\u00f6kk leggur upp af. Heiftin frey\u00f0ir um varir hans og tunga hans er sem ey\u00f0andi eldur.<a name=\"28\"><span class=\"versanumer\">28<\/span><\/a>Andgustur hans er sem \u00f3lgandi vatnsfall, \u00fea\u00f0 er tekur manni \u00ed h\u00e1ls. Hann mun drifta \u00fej\u00f3\u00f0irnar \u00ed s\u00e1ldi ey\u00f0ingarinnar og leggja \u00fej\u00f3\u00f0unum \u00ed munn bitil \u00feann, er lei\u00f0ir \u00fe\u00e6r afvega.<a name=\"29\"><span class=\"versanumer\">29<\/span><\/a>\u00de\u00e1 munu\u00f0 \u00fe\u00e9r syngja lj\u00f3\u00f0, eins og a\u00f0faran\u00f3tt h\u00e1t\u00ed\u00f0ar, og hjartans gle\u00f0i \u00e1 y\u00f0ur vera, eins og \u00feegar gengi\u00f0 er me\u00f0 hlj\u00f3\u00f0p\u00edpum upp \u00e1 fjall Drottins til hellubjargs \u00cdsraels.<a name=\"30\"><span class=\"versanumer\">30<\/span><\/a>\u00de\u00e1 mun Drottinn heyra l\u00e1ta hina h\u00e1tignarlegu raust s\u00edna og l\u00e1ta sj\u00e1 til s\u00edn, \u00feegar hann rei\u00f0ir ofan armlegg sinn \u00ed brennandi rei\u00f0i, me\u00f0 ey\u00f0andi eldslogum, me\u00f0 hellisk\u00farum, steypihr\u00ed\u00f0um og hagl\u00e9ljum.<a name=\"31\"><span class=\"versanumer\">31<\/span><\/a>J\u00e1, fyrir raustu Drottins mun Ass\u00fdr\u00eda skelfast, er hann l\u00fdstur hana me\u00f0 sprota s\u00ednum.<a name=\"32\"><span class=\"versanumer\">32<\/span><\/a>Og \u00ed hvert sinn sem refsiv\u00f6lur s\u00e1, er Drottinn rei\u00f0ir \u00e1 lofti uppi yfir henni, kemur ni\u00f0ur, mun heyrast bumbuhlj\u00f3\u00f0 og g\u00edgjusl\u00e1ttur, og me\u00f0 \u00fev\u00ed a\u00f0 sveifla hendinni mun hann berjast gegn \u00feeim.<a name=\"33\"><span class=\"versanumer\">33<\/span><\/a>Brennslugr\u00f3f er \u00feegar fyrir l\u00f6ngu undirb\u00fain, h\u00fan er og gj\u00f6r\u00f0 handa konunginum. Hann hefir gj\u00f6rt eldst\u00e6\u00f0i\u00f0 \u00ed henni dj\u00fapt og v\u00edtt, hann ber a\u00f0 mikinn eld og vi\u00f0. Andgustur Drottins kveikir \u00ed \u00fev\u00ed, eins og brennisteinsfl\u00f3\u00f0.<\/p>\n<div class=\"footnote1981\"><b>30.1<\/b> \u00dever\u00fa\u00f0ugu b\u00f6rnum Jes 30.9; Jes 1.2 \u2013 r\u00e1\u00f0, ekki fr\u00e1 Gu\u00f0i Jes 5.21; 29.15 \u2013 synd \u00e1 synd ofan Jes 1.4<br \/>\n<b>30.2<\/b> Gegn samningum vi\u00f0 Egyptaland Jes 18.2+ ; sbr Jes 28.15<br \/>\n<b>30.3<\/b> Y\u00f0ur til skammar Jes 20.5<br \/>\n<b>30.6<\/b> Land ney\u00f0ar og \u00ferengingar Jes 8.22<br \/>\n<b>30.7<\/b> Egyptaland er vindurinn Jes 36.6 \u2013 Rahab Slm 87.4; sbr Slm 89.11<br \/>\n<b>30.8<\/b> \u00cd tveim eint\u00f6kum Jes 29.11+ &#8211; vitnisbur\u00f0ur Jes 8.1-2; Jer 36.2; Hab 2.2-3<br \/>\n<b>30.9<\/b> \u00dever\u00fa\u00f0ug \u00fej\u00f3\u00f0 Jes 1.2,4 \u2013 lei\u00f0s\u00f6gn Drottins Jes 8.16,20; 28.12<br \/>\n<b>30.10<\/b> Sj\u00e1endur Jes 29.10 \u2013 sj\u00e1i\u00f0 ekki Jes 6.9 \u2013 sp\u00e1i\u00f0 ekki Jer 11.21; Am 2.12 \u2013 segja eitthva\u00f0 ge\u00f0fellt 2T\u00edm 4.3<br \/>\n<b>30.11<\/b> H\u00e6tta a\u00f0 setja Drottin fyrir sj\u00f3nir Jes 1.4; Job 21.14 \u2013 Hinn heilagi \u00ed \u00cdsrael Jes 1.4+<br \/>\n<b>30.12<\/b> Ofbeldi Slm 62.11 \u2013 treysta \u00e1 kl\u00e6ki Jes 28.15<br \/>\n<b>30.13<\/b> Sprunginn veggur hrynur Esk 13.14<br \/>\n<b>30.14<\/b> Leirker broti\u00f0 Jer 19.11<br \/>\n<b>30.15<\/b> Hinn heilagi Jes 1.4+ &#8211; r\u00f3semi Jes 28.12 \u2013 \u00feolinm\u00e6\u00f0i Jes 7.4; 8.6 \u2013 vildu\u00f0 \u00feetta ekki Matt 23.37<br \/>\n<b>30.16<\/b> Fl\u00fdja Jes 22.3<br \/>\n<b>30.17<\/b> Vegna h\u00f3tunar eins 5M\u00f3s 32.30 \u2013 merkisst\u00f6ng Jes 1.8 \u2013 hermerki Jes 5.26+<br \/>\n<b>30.18<\/b> Gu\u00f0 r\u00e9ttl\u00e6tis Jes 5.16; H\u00f3s 2.21; Slm 36.6-7; 48.10-12; 88.12-13 \u2013 s\u00e6lir Slm 1.1+ &#8211; sem \u00e1 hann vona Jes 8.17; 25.9; 26.8; 33.2; 49.23; 51.5; Slm 25.3+ ; 31.25+ ; Okv 16.20<br \/>\n<b>30.19<\/b> Jer\u00fasalem huggu\u00f0 Jes 12.1; 25.8 \u2013 b\u00e6nheyra Jes 65.24<br \/>\n<b>30.22<\/b> Skur\u00f0go\u00f0um fleygt \u00ed burtu Jes 2.20; 27.9<br \/>\n<b>30.25<\/b> Turnarnir hrynja Jes 2.12-15; 26.5<br \/>\n<b>30.26<\/b> Lj\u00f3s Jes 9.1 \u2013 s\u00e1r og benjar Jes 1.6 \u2013 gr\u00e6\u00f0ir H\u00f3s 6.1<br \/>\n<b>30.27<\/b> Nafn Drottins 5M\u00f3s 12.5; 1Kon 8.29<br \/>\n<b>30.28-29<\/b> Sem \u00f3lgandi vatnsfall Jes 28.2+<br \/>\n<b>30.28<\/b> Afvega sbr Jes 29.7; 2Kon 6.18-20<br \/>\n<b>30.29<\/b> H\u00e1t\u00ed\u00f0ar 1Kon 8.2-65; Esk 45.25; sbr Slm 81; 84; 122 \u2013 bjarg Slm 28.1+<br \/>\n<b>30.30<\/b> H\u00e1tignarraust Slm 29.4<br \/>\n<b>30.31<\/b> Gegn Ass\u00far Jes 10.5-19 \u2013 kylfa Jes 10.24-26; Jes 14.26-27<br \/>\n<b>30.32<\/b> Bumbusl\u00e1ttur 2M\u00f3s 15.20; D\u00f3m 11.34 \u2013 rei\u00f0a til  h\u00f6ggs Jes 11.15; 19.16<br \/>\n<b>30.33<\/b> Brennisteinsfl\u00f3\u00f0 1M\u00f3s 19.24; Esk 38.22<\/div>\n","protected":false},"excerpt":{"rendered":"<p>1Vei hinum \u00fever\u00fa\u00f0ugu b\u00f6rnum segir Drottinn. \u00deau taka saman r\u00e1\u00f0, er eigi koma fr\u00e1 m\u00e9r, og gj\u00f6ra bandalag, \u00e1n \u00feess a\u00f0 minn andi s\u00e9 me\u00f0 \u00ed verki, til a\u00f0 hla\u00f0a synd \u00e1 synd ofan.2\u00deau gj\u00f6ra s\u00e9r fer\u00f0 su\u00f0ur til Egyptalands \u00e1n \u00feess a\u00f0 leita minna atkv\u00e6\u00f0a, til a\u00f0 leita s\u00e9r h\u00e6lis hj\u00e1 Fara\u00f3 og f\u00e1 s\u00e9r skj\u00f3l \u00ed skugga Egyptalands.3En h\u00e6li\u00f0 hj\u00e1 Fara\u00f3 skal ver\u00f0a y\u00f0ur til skammar og skj\u00f3li\u00f0 \u00ed skugga Egyptalands til sm\u00e1nar!4L\u00e1tum h\u00f6f\u00f0ingja l\u00fd\u00f0sins vera \u00ed S\u00f3an og sendimenn hans komast alla lei\u00f0 til Hanes!5\u00deeir munu allir skammast s\u00edn fyrir \u00fe\u00e1 \u00fej\u00f3\u00f0, sem eigi hj\u00e1lpar \u00feeim, er <a href=\"https:\/\/biblian.is\/1981\/jesaja-30-kafli\/\"> [&#8230;]<\/a><\/p>\n","protected":false},"author":1,"featured_media":0,"parent":0,"menu_order":0,"comment_status":"open","ping_status":"open","template":"bibliukaflar.php","meta":{"footnotes":""},"class_list":["post-2056","page","type-page","status-publish","hentry"],"_links":{"self":[{"href":"https:\/\/biblian.is\/1981\/wp-json\/wp\/v2\/pages\/2056","targetHints":{"allow":["GET"]}}],"collection":[{"href":"https:\/\/biblian.is\/1981\/wp-json\/wp\/v2\/pages"}],"about":[{"href":"https:\/\/biblian.is\/1981\/wp-json\/wp\/v2\/types\/page"}],"author":[{"embeddable":true,"href":"https:\/\/biblian.is\/1981\/wp-json\/wp\/v2\/users\/1"}],"replies":[{"embeddable":true,"href":"https:\/\/biblian.is\/1981\/wp-json\/wp\/v2\/comments?post=2056"}],"version-history":[{"count":0,"href":"https:\/\/biblian.is\/1981\/wp-json\/wp\/v2\/pages\/2056\/revisions"}],"wp:attachment":[{"href":"https:\/\/biblian.is\/1981\/wp-json\/wp\/v2\/media?parent=2056"}],"curies":[{"name":"wp","href":"https:\/\/api.w.org\/{rel}","templated":true}]}}