{"id":2054,"date":"2017-11-18T20:19:56","date_gmt":"2017-11-18T20:19:56","guid":{"rendered":"http:\/\/biblian.is\/1981\/jesaja-28-kafli\/"},"modified":"2017-11-18T20:19:56","modified_gmt":"2017-11-18T20:19:56","slug":"jesaja-28-kafli","status":"publish","type":"page","link":"https:\/\/biblian.is\/1981\/jesaja-28-kafli\/","title":{"rendered":"Jesaja 28. kafli"},"content":{"rendered":"<p><a name=\"1\"><span class=\"versanumer\">1<\/span><\/a>Vei hinum drembilega h\u00f6fu\u00f0sveig drykkjur\u00fatanna \u00ed Efra\u00edm, hinu bliknandi bl\u00f3mi, hinni d\u00fdrlegu pr\u00fd\u00f0i, sem stendur \u00e1 h\u00e6\u00f0inni \u00ed frj\u00f3sama dalnum hinna v\u00edndrukknu.<a name=\"2\"><span class=\"versanumer\">2<\/span><\/a>Sj\u00e1, sterk og voldug hetja kemur fr\u00e1 Drottni. Eins og haglsk\u00far, f\u00e1rvi\u00f0ri, eins og dynjandi, streymandi regn \u00ed hellisk\u00far varpar hann honum til jar\u00f0ar me\u00f0 hendi sinni.<a name=\"3\"><span class=\"versanumer\">3<\/span><\/a>F\u00f3tum tro\u00f0inn skal hann ver\u00f0a, hinn drembilegi h\u00f6fu\u00f0sveigur drykkjur\u00fatanna \u00ed Efra\u00edm.<a name=\"4\"><span class=\"versanumer\">4<\/span><\/a>Og fyrir hinu bliknandi bl\u00f3mi, hinni d\u00fdrlegu pr\u00fd\u00f0i, sem stendur \u00e1 h\u00e6\u00f0inni \u00ed frj\u00f3sama dalnum, skal fara eins og \u00e1rf\u00edkju, er \u00feroskast fyrir uppskeru: Einhver kemur auga \u00e1 hana og gleypir hana \u00f3\u00f0ara en hann hefir n\u00e1\u00f0 henni.<a name=\"5\"><span class=\"versanumer\">5<\/span><\/a>\u00c1 \u00feeim degi mun Drottinn allsherjar vera d\u00fdrlegur h\u00f6fu\u00f0sveigur og pr\u00fd\u00f0ilegt h\u00f6fu\u00f0dj\u00e1sn fyrir leifar \u00fej\u00f3\u00f0ar sinnar<a name=\"6\"><span class=\"versanumer\">6<\/span><\/a>og r\u00e9ttl\u00e6tisandi \u00feeim, er \u00ed d\u00f3mum sitja, og styrkleikur \u00feeim, er b\u00e6gja burt \u00f3fri\u00f0num a\u00f0 borghli\u00f0um \u00f3vinanna.<a name=\"7\"><span class=\"versanumer\">7<\/span><\/a>En einnig h\u00e9rna reika menn af v\u00edni og skj\u00f6gra af \u00e1fengum drykkjum. Prestar og sp\u00e1menn reika af \u00e1fengum drykkjum, eru rugla\u00f0ir af v\u00edni, skj\u00f6gra af \u00e1fengum drykkjum. \u00de\u00e1 svimar \u00ed vitrunum s\u00ednum og allt hringsn\u00fdst fyrir \u00feeim \u00ed \u00farskur\u00f0um \u00feeirra.<a name=\"8\"><span class=\"versanumer\">8<\/span><\/a>\u00dev\u00ed a\u00f0 \u00f6ll bor\u00f0 eru full af vi\u00f0bj\u00f3\u00f0slegri sp\u00fdju, enginn blettur hreinn eftir.<a name=\"9\"><span class=\"versanumer\">9<\/span><\/a>Hverjum \u00feykist sp\u00e1ma\u00f0urinn vera a\u00f0 kenna visku og hvern \u00e6tlar hann a\u00f0 fr\u00e6\u00f0a me\u00f0 bo\u00f0skap s\u00ednum? Erum v\u00e9r n\u00fdvandir af mj\u00f3lkinni og n\u00fdteknir af brj\u00f3stunum?<a name=\"10\"><span class=\"versanumer\">10<\/span><\/a>Alltaf a\u00f0 skipa og skipa, skipa og skipa skamma og skamma, skamma og skamma \u00fdmist \u00feetta, \u00fdmist hitt.<a name=\"11\"><span class=\"versanumer\">11<\/span><\/a>J\u00e1, me\u00f0 stamandi v\u00f6rum og annarlegri tungu mun hann l\u00e1ta tala til \u00feessarar \u00fej\u00f3\u00f0ar,<a name=\"12\"><span class=\"versanumer\">12<\/span><\/a>hann sem sag\u00f0i vi\u00f0 \u00fe\u00e1: \u00deetta er hv\u00edldin lj\u00e1i\u00f0 hinum \u00fereytta hv\u00edld! H\u00e9r er hv\u00edldarsta\u00f0ur. En \u00feeir vildu ekki heyra.<a name=\"13\"><span class=\"versanumer\">13<\/span><\/a>Fyrir \u00fev\u00ed mun or\u00f0 Drottins l\u00e1ta svo \u00ed eyrum \u00feeirra: Skipa og skipa, skipa og skipa skamma og skamma, skamma og skamma \u00fdmist \u00feetta, \u00fdmist hitt, a\u00f0 \u00feeir steypist aftur \u00e1 bak og beinbrotni, festist \u00ed sn\u00f6runni og ver\u00f0i teknir.<a name=\"14\"><span class=\"versanumer\">14<\/span><\/a>Heyri\u00f0 \u00fev\u00ed or\u00f0 Drottins, \u00fe\u00e9r spottsamir menn, \u00fe\u00e9r sem drottni\u00f0 yfir f\u00f3lki \u00fev\u00ed, sem b\u00fdr \u00ed Jer\u00fasalem.<a name=\"15\"><span class=\"versanumer\">15<\/span><\/a>\u00de\u00e9r segi\u00f0: V\u00e9r h\u00f6fum gj\u00f6rt s\u00e1ttm\u00e1la vi\u00f0 dau\u00f0ann og samning vi\u00f0 Hel. \u00de\u00f3 a\u00f0 hin dynjandi svipa r\u00ed\u00f0i yfir, \u00fe\u00e1 mun h\u00fan eigi til vor koma, \u00fev\u00ed a\u00f0 v\u00e9r h\u00f6fum gj\u00f6rt lygi a\u00f0 h\u00e6li voru og fali\u00f0 oss \u00ed skj\u00f3li svikanna.<a name=\"16\"><span class=\"versanumer\">16<\/span><\/a>Fyrir \u00fev\u00ed segir hinn alvaldi Drottinn svo: Sj\u00e1, \u00e9g legg undirst\u00f6\u00f0ustein \u00e1 S\u00edon, traustan stein, \u00f3bifanlegan, \u00e1g\u00e6tan hornstein. S\u00e1 sem tr\u00fair, er eigi \u00f3\u00f0l\u00e1tur.<a name=\"17\"><span class=\"versanumer\">17<\/span><\/a>\u00c9g gj\u00f6ri r\u00e9ttinn a\u00f0 m\u00e6liva\u00f0 og r\u00e9ttl\u00e6ti\u00f0 a\u00f0 m\u00e6lil\u00f3\u00f0i. Og haglhr\u00ed\u00f0 skal feykja burt h\u00e6li lyginnar og vatnsfl\u00f3\u00f0 skola burt skj\u00f3linu.<a name=\"18\"><span class=\"versanumer\">18<\/span><\/a>S\u00e1ttm\u00e1li y\u00f0ar vi\u00f0 dau\u00f0ann skal rofinn ver\u00f0a og samningur y\u00f0ar vi\u00f0 Hel eigi standa. \u00de\u00e1 er hin dynjandi svipa r\u00ed\u00f0ur yfir, skulu\u00f0 \u00fe\u00e9r sundurmar\u00f0ir ver\u00f0a af henni.<a name=\"19\"><span class=\"versanumer\">19<\/span><\/a>\u00cd hvert sinn, sem h\u00fan r\u00ed\u00f0ur yfir, skal h\u00fan hremma y\u00f0ur, \u00fev\u00ed a\u00f0 \u00e1 hverjum morgni r\u00ed\u00f0ur h\u00fan yfir, n\u00f3tt sem n\u00fdtan dag. Og \u00fea\u00f0 skal ver\u00f0a skelfingin ein a\u00f0 skilja bo\u00f0skapinn.<a name=\"20\"><span class=\"versanumer\">20<\/span><\/a>Hv\u00edlan mun ver\u00f0a of stutt til \u00feess a\u00f0 ma\u00f0ur f\u00e1i r\u00e9tt \u00far s\u00e9r, og \u00e1brei\u00f0an of mj\u00f3 til \u00feess a\u00f0 ma\u00f0ur f\u00e1i sk\u00fdlt s\u00e9r me\u00f0 henni.<a name=\"21\"><span class=\"versanumer\">21<\/span><\/a>Drottinn mun standa upp, eins og \u00e1 Peras\u00edmfjalli, hann mun rei\u00f0ast, eins og \u00ed dalnum hj\u00e1 G\u00edbeon. Hann mun vinna verk sitt, hi\u00f0 undarlega verk sitt, og framkv\u00e6ma starf sitt, hi\u00f0 \u00f3vanalega starf sitt.<a name=\"22\"><span class=\"versanumer\">22<\/span><\/a>L\u00e1ti\u00f0 n\u00fa af spottinu, svo a\u00f0 fj\u00f6trar y\u00f0ar ver\u00f0i ekki enn har\u00f0ari, \u00fev\u00ed a\u00f0 \u00e9g hefi heyrt af hinum alvalda, Drottni allsherjar, a\u00f0 fastr\u00e1\u00f0i\u00f0 s\u00e9, a\u00f0 ey\u00f0ing komi yfir land allt.<a name=\"23\"><span class=\"versanumer\">23<\/span><\/a>Hlusti\u00f0 \u00e1 og heyri\u00f0 m\u00e1l mitt! Hyggi\u00f0 a\u00f0 og heyri\u00f0 or\u00f0 m\u00edn!<a name=\"24\"><span class=\"versanumer\">24<\/span><\/a>Hvort pl\u00e6gir pl\u00f3gma\u00f0urinn \u00ed s\u00edfellu til s\u00e1ningar, ristir upp og herfar akurland sitt?<a name=\"25\"><span class=\"versanumer\">25<\/span><\/a>Hvort mun hann eigi, \u00feegar hann hefir jafna\u00f0 moldina a\u00f0 ofan, s\u00e6lda \u00fear kryddi og s\u00e1 k\u00fameni, setja hveiti ni\u00f0ur \u00ed ra\u00f0ir, bygg \u00e1 tilteknum sta\u00f0 og speldi \u00ed \u00fatja\u00f0arinn?<a name=\"26\"><span class=\"versanumer\">26<\/span><\/a>Gu\u00f0 hans kennir honum hina r\u00e9ttu a\u00f0fer\u00f0 og lei\u00f0beinir honum.<a name=\"27\"><span class=\"versanumer\">27<\/span><\/a>Eigi er krydd \u00fereskt me\u00f0 \u00fereskisle\u00f0a n\u00e9 vagnhj\u00f3li velt yfir k\u00famen, heldur er kryddbl\u00f3mi\u00f0 bari\u00f0 af me\u00f0 \u00fe\u00fast og k\u00famen me\u00f0 staf.<a name=\"28\"><span class=\"versanumer\">28<\/span><\/a>Mun neyslukorn muli\u00f0 sundur? Nei, menn halda ekki st\u00f6\u00f0ugt \u00e1fram a\u00f0 \u00fereskja \u00fea\u00f0 og keyra eigi vagnhj\u00f3l s\u00edn n\u00e9 hesta yfir \u00fea\u00f0, menn mylja \u00fea\u00f0 eigi sundur.<a name=\"29\"><span class=\"versanumer\">29<\/span><\/a>Einnig \u00feetta kemur fr\u00e1 Drottni allsherjar. Hann er undursamlegur \u00ed r\u00e1\u00f0um og mikill \u00ed v\u00edsd\u00f3mi.<\/p>\n<div class=\"footnote1981\"><b>28.1<\/b> Drykkjur\u00fatanna \u00ed Efra\u00edm H\u00f3s 7.5-7; Am 6.4-10; sbr Jes 5.22<br \/>\n<b>28.2<\/b> Sterk og voldug hetja Jes 5.26-29; 8.4,7-8 \u2013 sem haglsk\u00far &#8230; D\u00f3m 5.4-5; Hab 3.3-10; Slm 68.8-9<br \/>\n<b>28.6<\/b> R\u00e9ttl\u00e6tisandi Jes 11.2-5 \u2013 sem situr \u00ed d\u00f3maras\u00e6ti Jes 1.26; 32.1 \u2013 hetjum\u00f3\u00f0ur Jes 9.6; 11.2<br \/>\n<b>28.7<\/b> Rugla\u00f0ir af v\u00edni Jes 5.11-12,22-23; H\u00f3s 4.18; 7.5; M\u00edk 2.11<br \/>\n<b>28.9<\/b> Sp\u00e1manninum hafna\u00f0 Jer 6.10<br \/>\n<b>28.11<\/b> Annarlegri tungu Jes 33.19; 1Kor 14.21<br \/>\n<b>28.12<\/b> R\u00f3, hv\u00edldarsta\u00f0ur Jes 7.4; 8.6; 30.15; 32.17; J\u00f3s 1.15; 11.23; Jer 6.16; Slm 95.11; Heb 3.11 \u2013 vildu ekki hlusta Jes 30.9<br \/>\n<b>28.14<\/b> Drottna yfir Jer\u00fasalem Jes 3.1-4<br \/>\n<b>28.15<\/b> S\u00e1ttm\u00e1la vi\u00f0 dau\u00f0ann Jes 31.1 \u2013 fl\u00f3\u00f0bylgja Jes 8.7-8 \u2013 lygi a\u00f0 h\u00e6li Jes 30.10-12<br \/>\n<b>28.16<\/b> Hornstein Slm 118.22; Sak 4.7; Matt 21.42+ &#8211; undirst\u00f6\u00f0ustein, grundv\u00f6ll 1Kor 3.11 \u2013 fl\u00fdr ekki 1P\u00e9t 2.; R\u00f3m 9.33<br \/>\n<b>28.17<\/b> M\u00e6liva\u00f0ur, m\u00e6lil\u00f3\u00f0 Jes 34.11; 2Kon 21.13 \u2013 r\u00e9ttl\u00e6ti Jes 1.27<br \/>\n<b>28.21<\/b> G\u00edbeon J\u00f3s 10.10-14 \u2013 hi\u00f0 undarlega verk Drottins Jes 29.14<br \/>\n<b>28.22<\/b> Heyrt fr\u00e1 Drottni Jes 21.10 \u2013 ey\u00f0ing fastr\u00e1\u00f0in Jes 10.22-23<br \/>\n<b>28.26<\/b> Gu\u00f0 segir til Job 32.8; 35.11<br \/>\n<b>28.27<\/b> \u00dereskisle\u00f0a Jes 41.15; Am 1.3<br \/>\n<b>28.28<\/b> \u00c1n afl\u00e1ts Jes 9.1<br \/>\n<b>28.29<\/b> Kemur fr\u00e1 Drottni Jes 41.20; Slm 118.23 \u2013 undursamlegur \u00ed r\u00e1\u00f0um Jes 9.6 \u2013 visku Job 5.12; 12.16; sbr R\u00f3m 11.33<\/div>\n","protected":false},"excerpt":{"rendered":"<p>1Vei hinum drembilega h\u00f6fu\u00f0sveig drykkjur\u00fatanna \u00ed Efra\u00edm, hinu bliknandi bl\u00f3mi, hinni d\u00fdrlegu pr\u00fd\u00f0i, sem stendur \u00e1 h\u00e6\u00f0inni \u00ed frj\u00f3sama dalnum hinna v\u00edndrukknu.2Sj\u00e1, sterk og voldug hetja kemur fr\u00e1 Drottni. Eins og haglsk\u00far, f\u00e1rvi\u00f0ri, eins og dynjandi, streymandi regn \u00ed hellisk\u00far varpar hann honum til jar\u00f0ar me\u00f0 hendi sinni.3F\u00f3tum tro\u00f0inn skal hann ver\u00f0a, hinn drembilegi h\u00f6fu\u00f0sveigur drykkjur\u00fatanna \u00ed Efra\u00edm.4Og fyrir hinu bliknandi bl\u00f3mi, hinni d\u00fdrlegu pr\u00fd\u00f0i, sem stendur \u00e1 h\u00e6\u00f0inni \u00ed frj\u00f3sama dalnum, skal fara eins og \u00e1rf\u00edkju, er \u00feroskast fyrir uppskeru: Einhver kemur auga \u00e1 hana og gleypir hana \u00f3\u00f0ara en hann hefir n\u00e1\u00f0 henni.5\u00c1 \u00feeim degi mun Drottinn allsherjar <a href=\"https:\/\/biblian.is\/1981\/jesaja-28-kafli\/\"> [&#8230;]<\/a><\/p>\n","protected":false},"author":1,"featured_media":0,"parent":0,"menu_order":0,"comment_status":"open","ping_status":"open","template":"bibliukaflar.php","meta":{"footnotes":""},"class_list":["post-2054","page","type-page","status-publish","hentry"],"_links":{"self":[{"href":"https:\/\/biblian.is\/1981\/wp-json\/wp\/v2\/pages\/2054","targetHints":{"allow":["GET"]}}],"collection":[{"href":"https:\/\/biblian.is\/1981\/wp-json\/wp\/v2\/pages"}],"about":[{"href":"https:\/\/biblian.is\/1981\/wp-json\/wp\/v2\/types\/page"}],"author":[{"embeddable":true,"href":"https:\/\/biblian.is\/1981\/wp-json\/wp\/v2\/users\/1"}],"replies":[{"embeddable":true,"href":"https:\/\/biblian.is\/1981\/wp-json\/wp\/v2\/comments?post=2054"}],"version-history":[{"count":0,"href":"https:\/\/biblian.is\/1981\/wp-json\/wp\/v2\/pages\/2054\/revisions"}],"wp:attachment":[{"href":"https:\/\/biblian.is\/1981\/wp-json\/wp\/v2\/media?parent=2054"}],"curies":[{"name":"wp","href":"https:\/\/api.w.org\/{rel}","templated":true}]}}