{"id":2053,"date":"2017-11-18T20:19:56","date_gmt":"2017-11-18T20:19:56","guid":{"rendered":"http:\/\/biblian.is\/1981\/jesaja-27-kafli\/"},"modified":"2017-11-18T20:19:56","modified_gmt":"2017-11-18T20:19:56","slug":"jesaja-27-kafli","status":"publish","type":"page","link":"https:\/\/biblian.is\/1981\/jesaja-27-kafli\/","title":{"rendered":"Jesaja 27. kafli"},"content":{"rendered":"<p><a name=\"1\"><span class=\"versanumer\">1<\/span><\/a>\u00c1 \u00feeim degi mun Drottinn me\u00f0 hinu har\u00f0a, mikla og sterka sver\u00f0i s\u00ednu hegna Levjatan, hinum flughra\u00f0a dreka, Levjatan, hinum bug\u00f0\u00f3tta dreka, og bana sj\u00f3skr\u00edmslinu.<a name=\"2\"><span class=\"versanumer\">2<\/span><\/a>\u00c1 \u00feeim degi skulu\u00f0 \u00fe\u00e9r kve\u00f0a um hinn yndislega v\u00edngar\u00f0:<a name=\"3\"><span class=\"versanumer\">3<\/span><\/a>\u00c9g, Drottinn, er v\u00f6r\u00f0ur hans, \u00e9g v\u00f6kva hann \u00e1 hverri stundu. \u00c9g g\u00e6ti hans n\u00f3tt og dag, til \u00feess a\u00f0 enginn vinni \u00fear spell.<a name=\"4\"><span class=\"versanumer\">4<\/span><\/a>M\u00e9r er ekki rei\u00f0i \u00ed hug, en finni \u00e9g \u00feyrna og \u00feistla r\u00e6\u00f0st \u00e9g \u00e1 \u00fe\u00e1 og brenni \u00fe\u00e1 til \u00f6sku<a name=\"5\"><span class=\"versanumer\">5<\/span><\/a>nema menn leiti h\u00e6lis hj\u00e1 m\u00e9r og gj\u00f6ri fri\u00f0 vi\u00f0 mig, gj\u00f6ri fri\u00f0 vi\u00f0 mig.<a name=\"6\"><span class=\"versanumer\">6<\/span><\/a>\u00c1 komandi t\u00edmum mun Jakob festa r\u00e6tur, \u00cdsrael bl\u00f3mgast og frj\u00f3vgast, og \u00feeir munu fylla jar\u00f0arkringluna me\u00f0 \u00e1v\u00f6xtum.<a name=\"7\"><span class=\"versanumer\">7<\/span><\/a>Hefir Drottinn losti\u00f0 l\u00fd\u00f0inn anna\u00f0 eins h\u00f6gg og \u00fea\u00f0, er hann l\u00fdstur \u00fe\u00e1, sem lustu hann? E\u00f0a hefir \u00cdsrael myrtur veri\u00f0, eins og banamenn hans eru myrtir?<a name=\"8\"><span class=\"versanumer\">8<\/span><\/a>Me\u00f0 \u00fev\u00ed a\u00f0 reka l\u00fd\u00f0inn fr\u00e1 \u00fe\u00e9r, me\u00f0 \u00fev\u00ed a\u00f0 l\u00e1ta hann fr\u00e1 \u00fe\u00e9r, hegnir \u00fe\u00fa honum. Hann hreif hann burt me\u00f0 hinum hvassa vindi s\u00ednum, \u00feegar austanstormurinn geisa\u00f0i.<a name=\"9\"><span class=\"versanumer\">9<\/span><\/a>\u00deess vegna ver\u00f0ur misgj\u00f6r\u00f0 Jakobs me\u00f0 \u00fev\u00ed afpl\u00e1nu\u00f0 og me\u00f0 \u00fev\u00ed er synd hans algj\u00f6rlega burt numin, a\u00f0 hann l\u00e6tur alla altarissteinana ver\u00f0a sem brotna kalksteina, svo a\u00f0 as\u00e9rurnar og s\u00f3ls\u00falurnar r\u00edsa ekki upp framar.<a name=\"10\"><span class=\"versanumer\">10<\/span><\/a>Hin v\u00edggirta borg er komin \u00ed ey\u00f0i, eins og mannau\u00f0ur og yfirgefinn \u00e1fangasta\u00f0ur \u00ed ey\u00f0im\u00f6rkinni. K\u00e1lfar ganga \u00fear \u00e1 beit og liggja \u00fear og b\u00edta \u00fear kvisti.<a name=\"11\"><span class=\"versanumer\">11<\/span><\/a>\u00deegar greinarnar \u00feorna, eru \u00fe\u00e6r brotnar, konur koma og kveikja eld vi\u00f0 \u00fe\u00e6r. \u00dev\u00ed a\u00f0 h\u00fan var \u00f3vitur \u00fej\u00f3\u00f0, fyrir \u00fev\u00ed getur hann, sem sk\u00f3p hana, ekki veri\u00f0 henni miskunnsamur, og hann, sem mynda\u00f0i hana, ekki veri\u00f0 henni l\u00edknsamur.<a name=\"12\"><span class=\"versanumer\">12<\/span><\/a>\u00c1 \u00feeim degi mun Drottinn sl\u00e1 korni\u00f0 \u00far axinu, allt \u00ed fr\u00e1 straumi Efrats til Egyptalands\u00e1r, og \u00fe\u00e9r munu\u00f0 saman t\u00edndir ver\u00f0a einn og einn, \u00cdsraelsmenn!<a name=\"13\"><span class=\"versanumer\">13<\/span><\/a>\u00c1 \u00feeim degi mun bl\u00e1si\u00f0 ver\u00f0a \u00ed mikinn l\u00fa\u00f0ur, og \u00fe\u00e1 munu \u00feeir koma, hinir t\u00f6pu\u00f0u \u00ed Ass\u00fdr\u00edu og hinir burtreknu \u00ed Egyptalandi, og \u00feeir munu tilbi\u00f0ja Drottin \u00e1 fjallinu helga \u00ed Jer\u00fasalem.<\/p>\n<div class=\"footnote1981\"><b>27.1<\/b> Sver\u00f0 Drottins Jes 34.5+ &#8211; Levjatan Slm 74.14+ &#8211; drekinn og hafi\u00f0 Jes 51.9-10; Slm 74.13; Job 7.12<br \/>\n<b>27.2<\/b> V\u00edngar\u00f0 Jes 5.1-7<br \/>\n<b>27.4<\/b> \u00deyrna og \u00feistla Jes 5.6+<br \/>\n<b>27.5<\/b> H\u00e6lis Jes 26.1; Slm 46.2 \u2013 fri\u00f0 Jes 9.6-7; 26.3,12<br \/>\n<b>27.7<\/b> \u00de\u00e1, sem lustu hann Jes 10.24-26<br \/>\n<b>27.8<\/b> Ve\u00f0urofsi Jes 40.6-8 \u2013 austanstormurinn Esk 17.10<br \/>\n<b>27.9<\/b> \u00d6lturu brotin 5M\u00f3s 7.5; 2Kon 23.4,15 \u2013 as\u00e9rust\u00f3lpar og reykelis\u00f6lturu Jes 17.8<br \/>\n<b>27.10<\/b> Borgir tra\u00f0ka\u00f0ar Jes 7.25+ &#8211; gefnar villid\u00fdrum Jes 13.21+<br \/>\n<b>27.11<\/b> Skilningslaus \u00fej\u00f3\u00f0 5M\u00f3s 32.6; H\u00f3s 4.6; S\u00edr 50.26 \u2013 engin miskunn H\u00f3s 1.6 \u2013 s\u00e1 sem m\u00f3ta\u00f0i hana Jes 43.1,7<br \/>\n<b>27.12<\/b> Fr\u00e1 Efrat til N\u00edlar 1M\u00f3s 15.18; 2Kon 24.7; sbr 4M\u00f3s 34.5<br \/>\n<b>27.13<\/b> Hafurshorn \u00feeytt 1) til orrustu Jes 18.3+ ; 2) l\u00fd\u00f0urinn kalla\u00f0ur saman 2M\u00f3s 19.16,19; 20.18; 3M\u00f3s 25.9; 4M\u00f3s 10.2,10; 2Sam 6.15; 1Kon 1.34-41; Jl 2.15; Slm 47.6; 98.6; 150.3; 3) merki d\u00f3ms Jl 2.1; Sef 1.16; Matt 24.31+ ; Opb 11.15 \u2013 heimakoma fr\u00e1 Ass\u00fdr\u00edu og Egyptalandi H\u00f3s 11.11<\/div>\n","protected":false},"excerpt":{"rendered":"<p>1\u00c1 \u00feeim degi mun Drottinn me\u00f0 hinu har\u00f0a, mikla og sterka sver\u00f0i s\u00ednu hegna Levjatan, hinum flughra\u00f0a dreka, Levjatan, hinum bug\u00f0\u00f3tta dreka, og bana sj\u00f3skr\u00edmslinu.2\u00c1 \u00feeim degi skulu\u00f0 \u00fe\u00e9r kve\u00f0a um hinn yndislega v\u00edngar\u00f0:3\u00c9g, Drottinn, er v\u00f6r\u00f0ur hans, \u00e9g v\u00f6kva hann \u00e1 hverri stundu. \u00c9g g\u00e6ti hans n\u00f3tt og dag, til \u00feess a\u00f0 enginn vinni \u00fear spell.4M\u00e9r er ekki rei\u00f0i \u00ed hug, en finni \u00e9g \u00feyrna og \u00feistla r\u00e6\u00f0st \u00e9g \u00e1 \u00fe\u00e1 og brenni \u00fe\u00e1 til \u00f6sku5nema menn leiti h\u00e6lis hj\u00e1 m\u00e9r og gj\u00f6ri fri\u00f0 vi\u00f0 mig, gj\u00f6ri fri\u00f0 vi\u00f0 mig.6\u00c1 komandi t\u00edmum mun Jakob festa r\u00e6tur, \u00cdsrael bl\u00f3mgast og <a href=\"https:\/\/biblian.is\/1981\/jesaja-27-kafli\/\"> [&#8230;]<\/a><\/p>\n","protected":false},"author":1,"featured_media":0,"parent":0,"menu_order":0,"comment_status":"open","ping_status":"open","template":"bibliukaflar.php","meta":{"footnotes":""},"class_list":["post-2053","page","type-page","status-publish","hentry"],"_links":{"self":[{"href":"https:\/\/biblian.is\/1981\/wp-json\/wp\/v2\/pages\/2053","targetHints":{"allow":["GET"]}}],"collection":[{"href":"https:\/\/biblian.is\/1981\/wp-json\/wp\/v2\/pages"}],"about":[{"href":"https:\/\/biblian.is\/1981\/wp-json\/wp\/v2\/types\/page"}],"author":[{"embeddable":true,"href":"https:\/\/biblian.is\/1981\/wp-json\/wp\/v2\/users\/1"}],"replies":[{"embeddable":true,"href":"https:\/\/biblian.is\/1981\/wp-json\/wp\/v2\/comments?post=2053"}],"version-history":[{"count":0,"href":"https:\/\/biblian.is\/1981\/wp-json\/wp\/v2\/pages\/2053\/revisions"}],"wp:attachment":[{"href":"https:\/\/biblian.is\/1981\/wp-json\/wp\/v2\/media?parent=2053"}],"curies":[{"name":"wp","href":"https:\/\/api.w.org\/{rel}","templated":true}]}}